{"id":1882,"date":"2023-09-18T18:56:21","date_gmt":"2023-09-18T18:56:21","guid":{"rendered":"https:\/\/abaa.mx\/tienda\/?post_type=product&#038;p=1882"},"modified":"2023-09-18T18:56:22","modified_gmt":"2023-09-18T18:56:22","slug":"testo-416-anemometro-de-molinete-digital-de-16-mm-con-conexion-a-la-app","status":"publish","type":"product","link":"https:\/\/abaa.mx\/tienda\/testo-416-anemometro-de-molinete-digital-de-16-mm-con-conexion-a-la-app\/","title":{"rendered":"testo 416 &#8211; anem\u00f3metro de molinete digital de 16 mm con conexi\u00f3n a la app"},"content":{"rendered":"<article class=\"child-1 paragraph\">Con el compacto anem\u00f3metro de molinete de 16\u00a0mm testo\u00a0416 con sonda telesc\u00f3pica y conexi\u00f3n a la App podr\u00e1 ejecutar la medici\u00f3n de velocidad en el conducto de ventilaci\u00f3n de sistemas de ventilaci\u00f3n y de climatizaci\u00f3n de forma sencilla, r\u00e1pida y precisa. El telescopio integrado puede extenderse hasta 850 mm y de este modo le facilita el trabajo por encima de la cabeza o en conductos de gran di\u00e1metro. El testo 416 determina autom\u00e1ticamente los valores medios temporales y puntuales, as\u00ed como el caudal con el fin de suministrar inmediatamente la informaci\u00f3n relevante. Y, gracias a su dise\u00f1o compacto y la carcasa robusta, tambi\u00e9n es posible el uso del anem\u00f3metro de molinete, si el entorno es un poco m\u00e1s hostil. Con la App testo Smart podr\u00e1 ejecutar f\u00e1cilmente la configuraci\u00f3n del analizador, la visualizaci\u00f3n y el almacenamiento de los valores medidos, as\u00ed como la documentaci\u00f3n.<\/article>\n<article>\n<div class=\"m-list\">\n<ul class=\"list-elements\">\n<li>Medici\u00f3n de velocidad y medici\u00f3n de caudal sencillas, r\u00e1pidas y precisas en el conducto de ventilaci\u00f3n<\/li>\n<li>M\u00e1s flexibilidad en las mediciones de canal con la sonda telesc\u00f3pica con cable (tama\u00f1o m\u00e1ximo de 850 mm)<\/li>\n<li>Configuraci\u00f3n (de canal) r\u00e1pida en la App, historial gr\u00e1fico, segunda pantalla y memoria de los datos de medici\u00f3n en la App testo Smart<\/li>\n<li>C\u00e1lculo del valor medio temporal y puntual<\/li>\n<\/ul>\n<\/div>\n<p class=\"text\">El compacto anem\u00f3metro de molinete de 16\u00a0mm testo\u00a0416 con sonda telesc\u00f3pica y conexi\u00f3n a la App es ideal para un c\u00e1lculo sencillo, r\u00e1pido y preciso de la velocidad de flujo y el caudal en conductos de ventilaci\u00f3n de sistemas de ventilaci\u00f3n y de climatizaci\u00f3n. La conexi\u00f3n a la App testo Smart permite la configuraci\u00f3n, la visualizaci\u00f3n (incluso como segunda pantalla) y el almacenamiento, as\u00ed como la documentaci\u00f3n de los valores medidos directamente en la App.<\/p>\n<div class=\"c2a-tabSection m-tabs\">\n<div id=\"tab-details\" class=\"large-12 column m-tab-pdp\">\n<div class=\"medium-8\">\n<h3>Volumen de suministro<\/h3>\n<article class=\"child-2 paragraph\">\n<ul>\n<li>testo\u00a0416 \u2013 Anem\u00f3metro de molinete de 16\u00a0mm con conexi\u00f3n a la App, telescopio conectado fijamente (m\u00e1x. 850 mm)<\/li>\n<li>Bolsa de transporte<\/li>\n<li>Protocolo de calibraci\u00f3n<\/li>\n<li>3 pilas AA<\/li>\n<\/ul>\n<\/article>\n<\/div>\n<div class=\"medium-4\">\n<div class=\"m-cert large-12 column\"><\/div>\n<\/div>\n<\/div>\n<\/div>\n<div class=\"c2a-tabSection m-tabs\">\n<div id=\"tab-technicalData\" class=\"large-12 column m-data-tab\">\n<h2>Datos t\u00e9cnicos<\/h2>\n<table>\n<colgroup>\n<col class=\"colWidth25\" \/>\n<col \/><\/colgroup>\n<thead>\n<tr>\n<th colspan=\"2\">Datos t\u00e9cnicos generales<\/th>\n<\/tr>\n<\/thead>\n<tbody>\n<tr>\n<td class=\"table-bold\">Peso<\/td>\n<td>323 g<\/td>\n<\/tr>\n<tr>\n<td class=\"table-bold\">Medidas<\/td>\n<td>135 X 60 X 28 mm<\/td>\n<\/tr>\n<tr>\n<td class=\"table-bold\">Temperatura de funcionamiento<\/td>\n<td>-10 hasta +50 \u00baC<\/p>\n<p>Sonda: -10 hasta +70 \u00baC<\/td>\n<\/tr>\n<tr>\n<td class=\"table-bold\">Material de la carcasa \/ del producto<\/td>\n<td>ABS + PC \/ TPE<\/td>\n<\/tr>\n<tr>\n<td class=\"table-bold\">Longitud del cable<\/td>\n<td>1,5 m<\/td>\n<\/tr>\n<tr>\n<td class=\"table-bold\">Di\u00e1metro tubo de la sonda<\/td>\n<td>16 mm<\/td>\n<\/tr>\n<tr>\n<td class=\"table-bold\">Clase de protecci\u00f3n<\/td>\n<td>IP40<\/p>\n<p>IP20<\/td>\n<\/tr>\n<tr>\n<td class=\"table-bold\">Longitud de la sonda<\/td>\n<td>329 mm<\/td>\n<\/tr>\n<tr>\n<td class=\"table-bold\">Autonom\u00eda<\/td>\n<td>60 h<\/td>\n<\/tr>\n<tr>\n<td class=\"table-bold\">Tipo de bater\u00eda<\/td>\n<td>3x AA<\/td>\n<\/tr>\n<tr>\n<td class=\"table-bold\">Temperatura de almacenamiento<\/td>\n<td>-10 hasta +50 \u00baC<\/td>\n<\/tr>\n<\/tbody>\n<\/table>\n<table>\n<colgroup>\n<col class=\"colWidth25\" \/>\n<col \/><\/colgroup>\n<thead>\n<tr>\n<th colspan=\"2\">Anem\u00f3metro de molinete<\/th>\n<\/tr>\n<\/thead>\n<tbody>\n<tr>\n<td class=\"table-bold\">Rango<\/td>\n<td>0,6 hasta 40 m\/s<\/td>\n<\/tr>\n<tr>\n<td class=\"table-bold\">Exactitud<\/td>\n<td>\u00b1(0,2 m\/s + 1,0 % del v.m.)<\/td>\n<\/tr>\n<tr>\n<td class=\"table-bold\">Resoluci\u00f3n<\/td>\n<td>0,1 m\/s<\/td>\n<\/tr>\n<\/tbody>\n<\/table>\n<\/div>\n<\/div>\n<\/article>\n","protected":false},"excerpt":{"rendered":"<p>Con el compacto anem\u00f3metro de molinete de 16\u00a0mm testo\u00a0416 con sonda telesc\u00f3pica y conexi\u00f3n a la App podr\u00e1 ejecutar la medici\u00f3n de velocidad en el conducto de ventilaci\u00f3n de sistemas de ventilaci\u00f3n y de climatizaci\u00f3n de forma sencilla, r\u00e1pida y precisa. El telescopio integrado puede extenderse hasta 850 mm y de este modo le facilita el trabajo por encima de la cabeza o en conductos de gran di\u00e1metro. El testo 416 determina autom\u00e1ticamente los valores medios temporales y puntuales, as\u00ed como el caudal con el fin de suministrar inmediatamente la informaci\u00f3n relevante. Y, gracias a su dise\u00f1o compacto y la carcasa robusta, tambi\u00e9n es posible el uso del anem\u00f3metro de molinete, si el entorno es un poco m\u00e1s hostil. Con la App testo Smart podr\u00e1 ejecutar f\u00e1cilmente la configuraci\u00f3n del analizador, la visualizaci\u00f3n y el almacenamiento de los valores medidos, as\u00ed como la documentaci\u00f3n.<\/p>\n","protected":false},"featured_media":1888,"comment_status":"open","ping_status":"closed","template":"","meta":{"_joinchat":[]},"product_brand":[],"product_cat":[15],"product_tag":[],"class_list":{"0":"post-1882","1":"product","2":"type-product","3":"status-publish","4":"has-post-thumbnail","6":"product_cat-sin-categorizar","8":"first","9":"instock","10":"shipping-taxable","11":"product-type-simple"},"yoast_head":"<!-- This site is optimized with the Yoast SEO plugin v26.4 - https:\/\/yoast.com\/wordpress\/plugins\/seo\/ -->\n<title>testo 416 - anem\u00f3metro de molinete digital de 16 mm con conexi\u00f3n a la app - Abaa tienda online<\/title>\n<meta name=\"robots\" content=\"index, follow, max-snippet:-1, max-image-preview:large, max-video-preview:-1\" \/>\n<link rel=\"canonical\" href=\"https:\/\/abaa.mx\/tienda\/testo-416-anemometro-de-molinete-digital-de-16-mm-con-conexion-a-la-app\/\" \/>\n<meta property=\"og:locale\" content=\"es_MX\" \/>\n<meta property=\"og:type\" content=\"article\" \/>\n<meta property=\"og:title\" content=\"testo 416 - anem\u00f3metro de molinete digital de 16 mm con conexi\u00f3n a la app - Abaa tienda online\" \/>\n<meta property=\"og:description\" content=\"Con el compacto anem\u00f3metro de molinete de 16\u00a0mm testo\u00a0416 con sonda telesc\u00f3pica y conexi\u00f3n a la App podr\u00e1 ejecutar la medici\u00f3n de velocidad en el conducto de ventilaci\u00f3n de sistemas de ventilaci\u00f3n y de climatizaci\u00f3n de forma sencilla, r\u00e1pida y precisa. El telescopio integrado puede extenderse hasta 850 mm y de este modo le facilita el trabajo por encima de la cabeza o en conductos de gran di\u00e1metro. El testo 416 determina autom\u00e1ticamente los valores medios temporales y puntuales, as\u00ed como el caudal con el fin de suministrar inmediatamente la informaci\u00f3n relevante. Y, gracias a su dise\u00f1o compacto y la carcasa robusta, tambi\u00e9n es posible el uso del anem\u00f3metro de molinete, si el entorno es un poco m\u00e1s hostil. Con la App testo Smart podr\u00e1 ejecutar f\u00e1cilmente la configuraci\u00f3n del analizador, la visualizaci\u00f3n y el almacenamiento de los valores medidos, as\u00ed como la documentaci\u00f3n.\" \/>\n<meta property=\"og:url\" content=\"https:\/\/abaa.mx\/tienda\/testo-416-anemometro-de-molinete-digital-de-16-mm-con-conexion-a-la-app\/\" \/>\n<meta property=\"og:site_name\" content=\"Abaa tienda online\" \/>\n<meta property=\"article:modified_time\" content=\"2023-09-18T18:56:22+00:00\" \/>\n<meta property=\"og:image\" content=\"https:\/\/abaa.mx\/tienda\/wp-content\/uploads\/2023\/09\/12.jpg\" \/>\n\t<meta property=\"og:image:width\" content=\"660\" \/>\n\t<meta property=\"og:image:height\" content=\"495\" \/>\n\t<meta property=\"og:image:type\" content=\"image\/jpeg\" \/>\n<meta name=\"twitter:card\" content=\"summary_large_image\" \/>\n<meta name=\"twitter:label1\" content=\"Tiempo de lectura\" \/>\n\t<meta name=\"twitter:data1\" content=\"2 minutos\" \/>\n<script type=\"application\/ld+json\" class=\"yoast-schema-graph\">{\"@context\":\"https:\/\/schema.org\",\"@graph\":[{\"@type\":\"WebPage\",\"@id\":\"https:\/\/abaa.mx\/tienda\/testo-416-anemometro-de-molinete-digital-de-16-mm-con-conexion-a-la-app\/\",\"url\":\"https:\/\/abaa.mx\/tienda\/testo-416-anemometro-de-molinete-digital-de-16-mm-con-conexion-a-la-app\/\",\"name\":\"testo 416 - anem\u00f3metro de molinete digital de 16 mm con conexi\u00f3n a la app - Abaa tienda online\",\"isPartOf\":{\"@id\":\"https:\/\/abaa.mx\/tienda\/#website\"},\"primaryImageOfPage\":{\"@id\":\"https:\/\/abaa.mx\/tienda\/testo-416-anemometro-de-molinete-digital-de-16-mm-con-conexion-a-la-app\/#primaryimage\"},\"image\":{\"@id\":\"https:\/\/abaa.mx\/tienda\/testo-416-anemometro-de-molinete-digital-de-16-mm-con-conexion-a-la-app\/#primaryimage\"},\"thumbnailUrl\":\"https:\/\/abaa.mx\/tienda\/wp-content\/uploads\/2023\/09\/12.jpg\",\"datePublished\":\"2023-09-18T18:56:21+00:00\",\"dateModified\":\"2023-09-18T18:56:22+00:00\",\"breadcrumb\":{\"@id\":\"https:\/\/abaa.mx\/tienda\/testo-416-anemometro-de-molinete-digital-de-16-mm-con-conexion-a-la-app\/#breadcrumb\"},\"inLanguage\":\"es\",\"potentialAction\":[{\"@type\":\"ReadAction\",\"target\":[\"https:\/\/abaa.mx\/tienda\/testo-416-anemometro-de-molinete-digital-de-16-mm-con-conexion-a-la-app\/\"]}]},{\"@type\":\"ImageObject\",\"inLanguage\":\"es\",\"@id\":\"https:\/\/abaa.mx\/tienda\/testo-416-anemometro-de-molinete-digital-de-16-mm-con-conexion-a-la-app\/#primaryimage\",\"url\":\"https:\/\/abaa.mx\/tienda\/wp-content\/uploads\/2023\/09\/12.jpg\",\"contentUrl\":\"https:\/\/abaa.mx\/tienda\/wp-content\/uploads\/2023\/09\/12.jpg\",\"width\":660,\"height\":495,\"caption\":\"12\"},{\"@type\":\"BreadcrumbList\",\"@id\":\"https:\/\/abaa.mx\/tienda\/testo-416-anemometro-de-molinete-digital-de-16-mm-con-conexion-a-la-app\/#breadcrumb\",\"itemListElement\":[{\"@type\":\"ListItem\",\"position\":1,\"name\":\"Inicio\",\"item\":\"https:\/\/abaa.mx\/tienda\/\"},{\"@type\":\"ListItem\",\"position\":2,\"name\":\"Tienda\",\"item\":\"https:\/\/abaa.mx\/tienda\/\"},{\"@type\":\"ListItem\",\"position\":3,\"name\":\"testo 416 &#8211; anem\u00f3metro de molinete digital de 16 mm con conexi\u00f3n a la app\"}]},{\"@type\":\"WebSite\",\"@id\":\"https:\/\/abaa.mx\/tienda\/#website\",\"url\":\"https:\/\/abaa.mx\/tienda\/\",\"name\":\"Abaa tienda online\",\"description\":\"Instrumentos de medici\u00f3n\",\"publisher\":{\"@id\":\"https:\/\/abaa.mx\/tienda\/#organization\"},\"potentialAction\":[{\"@type\":\"SearchAction\",\"target\":{\"@type\":\"EntryPoint\",\"urlTemplate\":\"https:\/\/abaa.mx\/tienda\/?s={search_term_string}\"},\"query-input\":{\"@type\":\"PropertyValueSpecification\",\"valueRequired\":true,\"valueName\":\"search_term_string\"}}],\"inLanguage\":\"es\"},{\"@type\":\"Organization\",\"@id\":\"https:\/\/abaa.mx\/tienda\/#organization\",\"name\":\"Abaa tienda online\",\"url\":\"https:\/\/abaa.mx\/tienda\/\",\"logo\":{\"@type\":\"ImageObject\",\"inLanguage\":\"es\",\"@id\":\"https:\/\/abaa.mx\/tienda\/#\/schema\/logo\/image\/\",\"url\":\"https:\/\/abaa.mx\/tienda\/wp-content\/uploads\/2024\/01\/abaa-metrologia-tienda.png\",\"contentUrl\":\"https:\/\/abaa.mx\/tienda\/wp-content\/uploads\/2024\/01\/abaa-metrologia-tienda.png\",\"width\":300,\"height\":141,\"caption\":\"Abaa tienda online\"},\"image\":{\"@id\":\"https:\/\/abaa.mx\/tienda\/#\/schema\/logo\/image\/\"}}]}<\/script>\n<!-- \/ Yoast SEO plugin. -->","yoast_head_json":{"title":"testo 416 - anem\u00f3metro de molinete digital de 16 mm con conexi\u00f3n a la app - Abaa tienda online","robots":{"index":"index","follow":"follow","max-snippet":"max-snippet:-1","max-image-preview":"max-image-preview:large","max-video-preview":"max-video-preview:-1"},"canonical":"https:\/\/abaa.mx\/tienda\/testo-416-anemometro-de-molinete-digital-de-16-mm-con-conexion-a-la-app\/","og_locale":"es_MX","og_type":"article","og_title":"testo 416 - anem\u00f3metro de molinete digital de 16 mm con conexi\u00f3n a la app - Abaa tienda online","og_description":"Con el compacto anem\u00f3metro de molinete de 16\u00a0mm testo\u00a0416 con sonda telesc\u00f3pica y conexi\u00f3n a la App podr\u00e1 ejecutar la medici\u00f3n de velocidad en el conducto de ventilaci\u00f3n de sistemas de ventilaci\u00f3n y de climatizaci\u00f3n de forma sencilla, r\u00e1pida y precisa. El telescopio integrado puede extenderse hasta 850 mm y de este modo le facilita el trabajo por encima de la cabeza o en conductos de gran di\u00e1metro. El testo 416 determina autom\u00e1ticamente los valores medios temporales y puntuales, as\u00ed como el caudal con el fin de suministrar inmediatamente la informaci\u00f3n relevante. Y, gracias a su dise\u00f1o compacto y la carcasa robusta, tambi\u00e9n es posible el uso del anem\u00f3metro de molinete, si el entorno es un poco m\u00e1s hostil. Con la App testo Smart podr\u00e1 ejecutar f\u00e1cilmente la configuraci\u00f3n del analizador, la visualizaci\u00f3n y el almacenamiento de los valores medidos, as\u00ed como la documentaci\u00f3n.","og_url":"https:\/\/abaa.mx\/tienda\/testo-416-anemometro-de-molinete-digital-de-16-mm-con-conexion-a-la-app\/","og_site_name":"Abaa tienda online","article_modified_time":"2023-09-18T18:56:22+00:00","og_image":[{"width":660,"height":495,"url":"https:\/\/abaa.mx\/tienda\/wp-content\/uploads\/2023\/09\/12.jpg","type":"image\/jpeg"}],"twitter_card":"summary_large_image","twitter_misc":{"Tiempo de lectura":"2 minutos"},"schema":{"@context":"https:\/\/schema.org","@graph":[{"@type":"WebPage","@id":"https:\/\/abaa.mx\/tienda\/testo-416-anemometro-de-molinete-digital-de-16-mm-con-conexion-a-la-app\/","url":"https:\/\/abaa.mx\/tienda\/testo-416-anemometro-de-molinete-digital-de-16-mm-con-conexion-a-la-app\/","name":"testo 416 - anem\u00f3metro de molinete digital de 16 mm con conexi\u00f3n a la app - Abaa tienda online","isPartOf":{"@id":"https:\/\/abaa.mx\/tienda\/#website"},"primaryImageOfPage":{"@id":"https:\/\/abaa.mx\/tienda\/testo-416-anemometro-de-molinete-digital-de-16-mm-con-conexion-a-la-app\/#primaryimage"},"image":{"@id":"https:\/\/abaa.mx\/tienda\/testo-416-anemometro-de-molinete-digital-de-16-mm-con-conexion-a-la-app\/#primaryimage"},"thumbnailUrl":"https:\/\/abaa.mx\/tienda\/wp-content\/uploads\/2023\/09\/12.jpg","datePublished":"2023-09-18T18:56:21+00:00","dateModified":"2023-09-18T18:56:22+00:00","breadcrumb":{"@id":"https:\/\/abaa.mx\/tienda\/testo-416-anemometro-de-molinete-digital-de-16-mm-con-conexion-a-la-app\/#breadcrumb"},"inLanguage":"es","potentialAction":[{"@type":"ReadAction","target":["https:\/\/abaa.mx\/tienda\/testo-416-anemometro-de-molinete-digital-de-16-mm-con-conexion-a-la-app\/"]}]},{"@type":"ImageObject","inLanguage":"es","@id":"https:\/\/abaa.mx\/tienda\/testo-416-anemometro-de-molinete-digital-de-16-mm-con-conexion-a-la-app\/#primaryimage","url":"https:\/\/abaa.mx\/tienda\/wp-content\/uploads\/2023\/09\/12.jpg","contentUrl":"https:\/\/abaa.mx\/tienda\/wp-content\/uploads\/2023\/09\/12.jpg","width":660,"height":495,"caption":"12"},{"@type":"BreadcrumbList","@id":"https:\/\/abaa.mx\/tienda\/testo-416-anemometro-de-molinete-digital-de-16-mm-con-conexion-a-la-app\/#breadcrumb","itemListElement":[{"@type":"ListItem","position":1,"name":"Inicio","item":"https:\/\/abaa.mx\/tienda\/"},{"@type":"ListItem","position":2,"name":"Tienda","item":"https:\/\/abaa.mx\/tienda\/"},{"@type":"ListItem","position":3,"name":"testo 416 &#8211; anem\u00f3metro de molinete digital de 16 mm con conexi\u00f3n a la app"}]},{"@type":"WebSite","@id":"https:\/\/abaa.mx\/tienda\/#website","url":"https:\/\/abaa.mx\/tienda\/","name":"Abaa tienda online","description":"Instrumentos de medici\u00f3n","publisher":{"@id":"https:\/\/abaa.mx\/tienda\/#organization"},"potentialAction":[{"@type":"SearchAction","target":{"@type":"EntryPoint","urlTemplate":"https:\/\/abaa.mx\/tienda\/?s={search_term_string}"},"query-input":{"@type":"PropertyValueSpecification","valueRequired":true,"valueName":"search_term_string"}}],"inLanguage":"es"},{"@type":"Organization","@id":"https:\/\/abaa.mx\/tienda\/#organization","name":"Abaa tienda online","url":"https:\/\/abaa.mx\/tienda\/","logo":{"@type":"ImageObject","inLanguage":"es","@id":"https:\/\/abaa.mx\/tienda\/#\/schema\/logo\/image\/","url":"https:\/\/abaa.mx\/tienda\/wp-content\/uploads\/2024\/01\/abaa-metrologia-tienda.png","contentUrl":"https:\/\/abaa.mx\/tienda\/wp-content\/uploads\/2024\/01\/abaa-metrologia-tienda.png","width":300,"height":141,"caption":"Abaa tienda online"},"image":{"@id":"https:\/\/abaa.mx\/tienda\/#\/schema\/logo\/image\/"}}]}},"_links":{"self":[{"href":"https:\/\/abaa.mx\/tienda\/wp-json\/wp\/v2\/product\/1882","targetHints":{"allow":["GET"]}}],"collection":[{"href":"https:\/\/abaa.mx\/tienda\/wp-json\/wp\/v2\/product"}],"about":[{"href":"https:\/\/abaa.mx\/tienda\/wp-json\/wp\/v2\/types\/product"}],"replies":[{"embeddable":true,"href":"https:\/\/abaa.mx\/tienda\/wp-json\/wp\/v2\/comments?post=1882"}],"wp:featuredmedia":[{"embeddable":true,"href":"https:\/\/abaa.mx\/tienda\/wp-json\/wp\/v2\/media\/1888"}],"wp:attachment":[{"href":"https:\/\/abaa.mx\/tienda\/wp-json\/wp\/v2\/media?parent=1882"}],"wp:term":[{"taxonomy":"product_brand","embeddable":true,"href":"https:\/\/abaa.mx\/tienda\/wp-json\/wp\/v2\/product_brand?post=1882"},{"taxonomy":"product_cat","embeddable":true,"href":"https:\/\/abaa.mx\/tienda\/wp-json\/wp\/v2\/product_cat?post=1882"},{"taxonomy":"product_tag","embeddable":true,"href":"https:\/\/abaa.mx\/tienda\/wp-json\/wp\/v2\/product_tag?post=1882"}],"curies":[{"name":"wp","href":"https:\/\/api.w.org\/{rel}","templated":true}]}}