{"id":1880,"date":"2023-09-18T18:52:18","date_gmt":"2023-09-18T18:52:18","guid":{"rendered":"https:\/\/abaa.mx\/tienda\/?post_type=product&#038;p=1880"},"modified":"2023-09-18T18:52:19","modified_gmt":"2023-09-18T18:52:19","slug":"termohigrometro-imedk-p23","status":"publish","type":"product","link":"https:\/\/abaa.mx\/tienda\/termohigrometro-imedk-p23\/","title":{"rendered":"Termohigr\u00f3metro imedk p23"},"content":{"rendered":"<h1><strong>Termohigr\u00f3metro imedk p23<\/strong><\/h1>\n<section>\n<section data-testid=\"product-description\">\n<section class=\"expand-collapse-section\" aria-describedby=\"delivery-instructions\">\n<div class=\"expand-collapse-header flex justify-between items-center w-100\">\n<h3 class=\"w-100 ma0 pa3 f5 lh-copy normal\">Detalles del art\u00edculo<\/h3>\n<div class=\"pr3\"><\/div>\n<\/div>\n<div class=\"w_zz0G expand-collapse-content\">\n<div class=\"ph3 pb4 pt1\">\n<div class=\"nb3\" data-testid=\"product-description-content\">\n<div class=\"mb3\">\n<div class=\"dangerous-html mb3\">\n<ul>\n<li>\u3010Amplia aplicaci\u00f3n\u3011 Adecuado para interior y exterior, para dormitorio, habitaci\u00f3n de beb\u00e9, oficina, invernadero, bodega, almac\u00e9n, etc. Dise\u00f1o totalmente inal\u00e1mbrico, de mesa y de pared.<\/li>\n<li>\u30103 sensores remotos\u3011 Sensor remoto para uso en interiores y exteriores, no resistente al agua, distancia efectiva de 98 pies \/ 30 m, medici\u00f3n de largo alcance. Una unidad principal puede emparejar hasta 3 sensores remotos exteriores.<\/li>\n<li>\u3010Pantalla de datos m\u00faltiples\u3011 Muestra la hora, el calendario, la semana, la humedad interior y exterior, la temperatura, la tendencia de temperatura y humedad, el nivel de comodidad y registra la temperatura \/ humedad m\u00e1xima y m\u00ednima.<\/li>\n<li>\u3010Funci\u00f3n de calibraci\u00f3n\u3011 Cuenta con la funci\u00f3n de calibraci\u00f3n de temperatura y humedad para tener en cuenta cualquier desviaci\u00f3n que pueda estar presente en el sistema.<\/li>\n<li>\u3010Luz de fondo y funci\u00f3n de alarma\u3011 Luz de fondo apagada, luz de fondo encendida (blanco), alarma de l\u00edmite superior (luz de fondo naranja), alarma de l\u00edmite inferior (luz de fondo roja). Pantalla clara en la oscuridad, aproximadamente 8 segundos de apagado autom\u00e1tico para ahorrar energ\u00eda.<\/li>\n<li>\u301012H \/ 24H y \u2103 \/ \u2109 Conmutable\u3011 Formato de hora de 12 o 24 horas conmutable. Cambie la pantalla de temperatura a \u2103 o \u2109.<\/li>\n<li>\u3010Verificar \/ Borrar registros\u3011 Puede verificar la temperatura \/ humedad m\u00e1xima o m\u00ednima en el pasado. Y puede ver o borrar registros.<\/li>\n<li>\u3010Funciona con pilas\u3011 Necesita un cable USB o 3 pilas AAA para alimentar la unidad principal y 2 pilas AAA para alimentar el sensor. (Bater\u00edas no incluidas).<\/li>\n<\/ul>\n<p>Nota: El sensor remoto no es resistente al agua, prot\u00e9jalo de la lluvia, nieve, etc.<\/p>\n<h3>Especificaciones<\/h3>\n<ul>\n<li>Color: blanco \/ negro (opcional)<\/li>\n<li>Material: Pl\u00e1stico<\/li>\n<li>Aplicaci\u00f3n: para uso en interiores y exteriores<\/li>\n<li>Rango de temperatura interior: 0 ~ 50 \u2103 (32 ~ 122 \u2109)<\/li>\n<li>Rango de temperatura exterior: -50 ~ 70 \u2103 (-58 ~ 158 \u2109)<\/li>\n<li>Rango de humedad: 20% -99% RH<\/li>\n<li>Unidad de visualizaci\u00f3n de temperatura: \u2103 \/ \u2109 seleccionable<\/li>\n<li>Resoluci\u00f3n de temperatura: 0,1 \u2103 \/ 0,1 \u2109<\/li>\n<li>Resoluci\u00f3n de humedad: 1%<\/li>\n<li>Nivel de comodidad: seco (RH \uff1c 50%), c\u00f3modo (15,6-26,7 \u2103, RH 50% -70%), h\u00famedo (RH \uff1e 70%)<\/li>\n<li>Visualizaci\u00f3n de la semana: 8 idiomas (ingl\u00e9s, ruso, dan\u00e9s, espa\u00f1ol, holand\u00e9s, franc\u00e9s, italiano, alem\u00e1n)<\/li>\n<li>Luz de fondo: aproximadamente 8 segundos de apagado autom\u00e1tico (modo de ahorro de energ\u00eda)<\/li>\n<li>Alcance inal\u00e1mbrico: aproximadamente 100 m \/ 328 pies (distancia abierta), 30 m \/ 98 pies (distancia efectiva)<\/li>\n<li>Fuente de alimentaci\u00f3n: Unidad principal: Cable USB DC 5V (incluido) o 3 pilas AAA (no incluidas); Sensor: 2 pilas AAA (no incluidas)<\/li>\n<li>Tama\u00f1o del termohigr\u00f3metro: 12,5 * 12,5 * 2 cm \/ 4,9 * 4,9 * 0.8in<\/li>\n<li>Tama\u00f1o del sensor: 10,5 * 3,5 * 3,7 cm \/ 4,1 * 1,4 * 1,5 pulgadas<\/li>\n<li>Tama\u00f1o del paquete: 18 * 18 * 7 cm \/ 7.1 * 7.1 * 2.8in<\/li>\n<li>Peso del paquete: 380g \/ 13,4 oz<\/li>\n<\/ul>\n<h3><strong>Listas de paquetes\u00a0<\/strong><\/h3>\n<ul>\n<li>1 * termohigr\u00f3metro<\/li>\n<li>3 * Sensor remoto con base<\/li>\n<li>1 * cable USB<\/li>\n<li>1 * Manual de usuario (ingl\u00e9s, alem\u00e1n)<\/li>\n<\/ul>\n<\/div>\n<\/div>\n<\/div>\n<\/div>\n<\/div>\n<\/section>\n<\/section>\n<\/section>\n<hr class=\"w_qUHG\" aria-hidden=\"true\" \/>\n<section class=\"expand-collapse-section nl3 nr3 ph3\" aria-describedby=\"delivery-instructions\">\n<hr class=\"w_qUHG\" aria-hidden=\"true\" \/>\n<div class=\"expand-collapse-header flex justify-between items-center w-100\">\n<h2 class=\"w-100 ma0 pa3 f5 lh-copy normal undefined\">Especificaciones<\/h2>\n<div class=\"pr3\"><\/div>\n<\/div>\n<div class=\"w_zz0G expand-collapse-content\">\n<div class=\"ph3 pb4 pt1\">\n<div class=\"nt1\">\n<div class=\"pb2\">\n<h3 class=\"flex items-center mv0 lh-copy f5 pb1 dark-gray\">Largo del Producto Armado<\/h3>\n<div class=\"mv0 lh-copy f6 mid-gray\">18 cm<\/div>\n<\/div>\n<div class=\"pb2\">\n<h3 class=\"flex items-center mv0 lh-copy f5 pb1 dark-gray\">Altura del Producto Armado<\/h3>\n<div class=\"mv0 lh-copy f6 mid-gray\">7 cm<\/div>\n<\/div>\n<div class=\"pb2\">\n<h3 class=\"flex items-center mv0 lh-copy f5 pb1 dark-gray\">Color<\/h3>\n<div class=\"mv0 lh-copy f6 mid-gray\">Negro<\/div>\n<\/div>\n<div class=\"pb2\">\n<h3 class=\"flex items-center mv0 lh-copy f5 pb1 dark-gray\">Pa\u00eds de Origen<\/h3>\n<div class=\"mv0 lh-copy f6 mid-gray\">China<\/div>\n<\/div>\n<div class=\"pb2\">\n<h3 class=\"flex items-center mv0 lh-copy f5 pb1 dark-gray\">Contenido del empaque<\/h3>\n<div class=\"mv0 lh-copy f6 mid-gray\">1 * termohigr\u00f3metro 3 * Sensor remoto con base 1 * cable USB 1 * Manual de usuario (ingl\u00e9s, alem\u00e1n)<\/div>\n<\/div>\n<div class=\"pb2\">\n<h3 class=\"flex items-center mv0 lh-copy f5 pb1 dark-gray\">Ancho del Producto Armado<\/h3>\n<div class=\"mv0 lh-copy f6 mid-gray\">18 cm<\/div>\n<\/div>\n<div class=\"\">\n<h3 class=\"flex items-center mv0 lh-copy f5 pb1 dark-gray\">Peso del Producto Armado<\/h3>\n<div class=\"mv0 lh-copy f6 mid-gray\">0.37 kg<\/div>\n<\/div>\n<\/div>\n<\/div>\n<\/div>\n<\/section>\n","protected":false},"excerpt":{"rendered":"<h3><strong>Caracter\u00edsticas\u00a0<\/strong><\/h3>\n<ul>\n<li>\u3010Amplia aplicaci\u00f3n\u3011 Adecuado para interior y exterior, para dormitorio, habitaci\u00f3n de beb\u00e9, oficina, invernadero, bodega, almac\u00e9n, etc. Dise\u00f1o totalmente inal\u00e1mbrico, de mesa y de pared.<\/li>\n<li>\u30103 sensores remotos\u3011 Sensor remoto para uso en interiores y exteriores, no resistente al agua, distancia efectiva de 98 pies \/ 30 m, medici\u00f3n de largo alcance. Una unidad principal puede emparejar hasta 3 sensores remotos exteriores.<\/li>\n<li>\u3010Pantalla de datos m\u00faltiples\u3011 Muestra la hora, el calendario, la semana, la humedad interior y exterior, la temperatura, la tendencia de temperatura y humedad, el nivel de comodidad y registra la temperatura \/ humedad m\u00e1xima y m\u00ednima.<\/li>\n<li>\u3010Funci\u00f3n de calibraci\u00f3n\u3011 Cuenta con la funci\u00f3n de calibraci\u00f3n de temperatura y humedad para tener en cuenta cualquier desviaci\u00f3n que pueda estar presente en el sistema.<\/li>\n<li>\u3010Luz de fondo y funci\u00f3n de alarma\u3011 Luz de fondo apagada, luz de fondo encendida (blanco), alarma de l\u00edmite superior (luz de fondo naranja), alarma de l\u00edmite inferior (luz de fondo roja). Pantalla clara en la oscuridad, aproximadamente 8 segundos de apagado autom\u00e1tico para ahorrar energ\u00eda.<\/li>\n<li>\u301012H \/ 24H y \u2103 \/ \u2109 Conmutable\u3011 Formato de hora de 12 o 24 horas conmutable. Cambie la pantalla de temperatura a \u2103 o \u2109.<\/li>\n<li>\u3010Verificar \/ Borrar registros\u3011 Puede verificar la temperatura \/ humedad m\u00e1xima o m\u00ednima en el pasado. Y puede ver o borrar registros.<\/li>\n<li>\u3010Funciona con pilas\u3011 Necesita un cable USB o 3 pilas AAA para alimentar la unidad principal y 2 pilas AAA para alimentar el sensor. (Bater\u00edas no incluidas)<\/li>\n<\/ul>\n","protected":false},"featured_media":1887,"comment_status":"open","ping_status":"closed","template":"","meta":{"_joinchat":[]},"product_brand":[],"product_cat":[15],"product_tag":[],"class_list":{"0":"post-1880","1":"product","2":"type-product","3":"status-publish","4":"has-post-thumbnail","6":"product_cat-sin-categorizar","8":"first","9":"instock","10":"shipping-taxable","11":"product-type-simple"},"yoast_head":"<!-- This site is optimized with the Yoast SEO plugin v26.4 - https:\/\/yoast.com\/wordpress\/plugins\/seo\/ -->\n<title>Termohigr\u00f3metro imedk p23 - Abaa tienda online<\/title>\n<meta name=\"robots\" content=\"index, follow, max-snippet:-1, max-image-preview:large, max-video-preview:-1\" \/>\n<link rel=\"canonical\" href=\"https:\/\/abaa.mx\/tienda\/termohigrometro-imedk-p23\/\" \/>\n<meta property=\"og:locale\" content=\"es_MX\" \/>\n<meta property=\"og:type\" content=\"article\" \/>\n<meta property=\"og:title\" content=\"Termohigr\u00f3metro imedk p23 - Abaa tienda online\" \/>\n<meta property=\"og:description\" content=\"Caracter\u00edsticas\u00a0   \u3010Amplia aplicaci\u00f3n\u3011 Adecuado para interior y exterior, para dormitorio, habitaci\u00f3n de beb\u00e9, oficina, invernadero, bodega, almac\u00e9n, etc. Dise\u00f1o totalmente inal\u00e1mbrico, de mesa y de pared.  \u30103 sensores remotos\u3011 Sensor remoto para uso en interiores y exteriores, no resistente al agua, distancia efectiva de 98 pies \/ 30 m, medici\u00f3n de largo alcance. Una unidad principal puede emparejar hasta 3 sensores remotos exteriores.  \u3010Pantalla de datos m\u00faltiples\u3011 Muestra la hora, el calendario, la semana, la humedad interior y exterior, la temperatura, la tendencia de temperatura y humedad, el nivel de comodidad y registra la temperatura \/ humedad m\u00e1xima y m\u00ednima.  \u3010Funci\u00f3n de calibraci\u00f3n\u3011 Cuenta con la funci\u00f3n de calibraci\u00f3n de temperatura y humedad para tener en cuenta cualquier desviaci\u00f3n que pueda estar presente en el sistema.  \u3010Luz de fondo y funci\u00f3n de alarma\u3011 Luz de fondo apagada, luz de fondo encendida (blanco), alarma de l\u00edmite superior (luz de fondo naranja), alarma de l\u00edmite inferior (luz de fondo roja). Pantalla clara en la oscuridad, aproximadamente 8 segundos de apagado autom\u00e1tico para ahorrar energ\u00eda.  \u301012H \/ 24H y \u2103 \/ \u2109 Conmutable\u3011 Formato de hora de 12 o 24 horas conmutable. Cambie la pantalla de temperatura a \u2103 o \u2109.  \u3010Verificar \/ Borrar registros\u3011 Puede verificar la temperatura \/ humedad m\u00e1xima o m\u00ednima en el pasado. Y puede ver o borrar registros.  \u3010Funciona con pilas\u3011 Necesita un cable USB o 3 pilas AAA para alimentar la unidad principal y 2 pilas AAA para alimentar el sensor. (Bater\u00edas no incluidas)\" \/>\n<meta property=\"og:url\" content=\"https:\/\/abaa.mx\/tienda\/termohigrometro-imedk-p23\/\" \/>\n<meta property=\"og:site_name\" content=\"Abaa tienda online\" \/>\n<meta property=\"article:modified_time\" content=\"2023-09-18T18:52:19+00:00\" \/>\n<meta property=\"og:image\" content=\"https:\/\/abaa.mx\/tienda\/wp-content\/uploads\/2023\/09\/p23.jpg\" \/>\n\t<meta property=\"og:image:width\" content=\"200\" \/>\n\t<meta property=\"og:image:height\" content=\"220\" \/>\n\t<meta property=\"og:image:type\" content=\"image\/jpeg\" \/>\n<meta name=\"twitter:card\" content=\"summary_large_image\" \/>\n<meta name=\"twitter:label1\" content=\"Tiempo de lectura\" \/>\n\t<meta name=\"twitter:data1\" content=\"3 minutos\" \/>\n<script type=\"application\/ld+json\" class=\"yoast-schema-graph\">{\"@context\":\"https:\/\/schema.org\",\"@graph\":[{\"@type\":\"WebPage\",\"@id\":\"https:\/\/abaa.mx\/tienda\/termohigrometro-imedk-p23\/\",\"url\":\"https:\/\/abaa.mx\/tienda\/termohigrometro-imedk-p23\/\",\"name\":\"Termohigr\u00f3metro imedk p23 - Abaa tienda online\",\"isPartOf\":{\"@id\":\"https:\/\/abaa.mx\/tienda\/#website\"},\"primaryImageOfPage\":{\"@id\":\"https:\/\/abaa.mx\/tienda\/termohigrometro-imedk-p23\/#primaryimage\"},\"image\":{\"@id\":\"https:\/\/abaa.mx\/tienda\/termohigrometro-imedk-p23\/#primaryimage\"},\"thumbnailUrl\":\"https:\/\/abaa.mx\/tienda\/wp-content\/uploads\/2023\/09\/p23.jpg\",\"datePublished\":\"2023-09-18T18:52:18+00:00\",\"dateModified\":\"2023-09-18T18:52:19+00:00\",\"breadcrumb\":{\"@id\":\"https:\/\/abaa.mx\/tienda\/termohigrometro-imedk-p23\/#breadcrumb\"},\"inLanguage\":\"es\",\"potentialAction\":[{\"@type\":\"ReadAction\",\"target\":[\"https:\/\/abaa.mx\/tienda\/termohigrometro-imedk-p23\/\"]}]},{\"@type\":\"ImageObject\",\"inLanguage\":\"es\",\"@id\":\"https:\/\/abaa.mx\/tienda\/termohigrometro-imedk-p23\/#primaryimage\",\"url\":\"https:\/\/abaa.mx\/tienda\/wp-content\/uploads\/2023\/09\/p23.jpg\",\"contentUrl\":\"https:\/\/abaa.mx\/tienda\/wp-content\/uploads\/2023\/09\/p23.jpg\",\"width\":200,\"height\":220,\"caption\":\"termohigrometro-imedk-p23\"},{\"@type\":\"BreadcrumbList\",\"@id\":\"https:\/\/abaa.mx\/tienda\/termohigrometro-imedk-p23\/#breadcrumb\",\"itemListElement\":[{\"@type\":\"ListItem\",\"position\":1,\"name\":\"Inicio\",\"item\":\"https:\/\/abaa.mx\/tienda\/\"},{\"@type\":\"ListItem\",\"position\":2,\"name\":\"Tienda\",\"item\":\"https:\/\/abaa.mx\/tienda\/\"},{\"@type\":\"ListItem\",\"position\":3,\"name\":\"Termohigr\u00f3metro imedk p23\"}]},{\"@type\":\"WebSite\",\"@id\":\"https:\/\/abaa.mx\/tienda\/#website\",\"url\":\"https:\/\/abaa.mx\/tienda\/\",\"name\":\"Abaa tienda online\",\"description\":\"Instrumentos de medici\u00f3n\",\"publisher\":{\"@id\":\"https:\/\/abaa.mx\/tienda\/#organization\"},\"potentialAction\":[{\"@type\":\"SearchAction\",\"target\":{\"@type\":\"EntryPoint\",\"urlTemplate\":\"https:\/\/abaa.mx\/tienda\/?s={search_term_string}\"},\"query-input\":{\"@type\":\"PropertyValueSpecification\",\"valueRequired\":true,\"valueName\":\"search_term_string\"}}],\"inLanguage\":\"es\"},{\"@type\":\"Organization\",\"@id\":\"https:\/\/abaa.mx\/tienda\/#organization\",\"name\":\"Abaa tienda online\",\"url\":\"https:\/\/abaa.mx\/tienda\/\",\"logo\":{\"@type\":\"ImageObject\",\"inLanguage\":\"es\",\"@id\":\"https:\/\/abaa.mx\/tienda\/#\/schema\/logo\/image\/\",\"url\":\"https:\/\/abaa.mx\/tienda\/wp-content\/uploads\/2024\/01\/abaa-metrologia-tienda.png\",\"contentUrl\":\"https:\/\/abaa.mx\/tienda\/wp-content\/uploads\/2024\/01\/abaa-metrologia-tienda.png\",\"width\":300,\"height\":141,\"caption\":\"Abaa tienda online\"},\"image\":{\"@id\":\"https:\/\/abaa.mx\/tienda\/#\/schema\/logo\/image\/\"}}]}<\/script>\n<!-- \/ Yoast SEO plugin. -->","yoast_head_json":{"title":"Termohigr\u00f3metro imedk p23 - Abaa tienda online","robots":{"index":"index","follow":"follow","max-snippet":"max-snippet:-1","max-image-preview":"max-image-preview:large","max-video-preview":"max-video-preview:-1"},"canonical":"https:\/\/abaa.mx\/tienda\/termohigrometro-imedk-p23\/","og_locale":"es_MX","og_type":"article","og_title":"Termohigr\u00f3metro imedk p23 - Abaa tienda online","og_description":"Caracter\u00edsticas\u00a0   \u3010Amplia aplicaci\u00f3n\u3011 Adecuado para interior y exterior, para dormitorio, habitaci\u00f3n de beb\u00e9, oficina, invernadero, bodega, almac\u00e9n, etc. Dise\u00f1o totalmente inal\u00e1mbrico, de mesa y de pared.  \u30103 sensores remotos\u3011 Sensor remoto para uso en interiores y exteriores, no resistente al agua, distancia efectiva de 98 pies \/ 30 m, medici\u00f3n de largo alcance. Una unidad principal puede emparejar hasta 3 sensores remotos exteriores.  \u3010Pantalla de datos m\u00faltiples\u3011 Muestra la hora, el calendario, la semana, la humedad interior y exterior, la temperatura, la tendencia de temperatura y humedad, el nivel de comodidad y registra la temperatura \/ humedad m\u00e1xima y m\u00ednima.  \u3010Funci\u00f3n de calibraci\u00f3n\u3011 Cuenta con la funci\u00f3n de calibraci\u00f3n de temperatura y humedad para tener en cuenta cualquier desviaci\u00f3n que pueda estar presente en el sistema.  \u3010Luz de fondo y funci\u00f3n de alarma\u3011 Luz de fondo apagada, luz de fondo encendida (blanco), alarma de l\u00edmite superior (luz de fondo naranja), alarma de l\u00edmite inferior (luz de fondo roja). Pantalla clara en la oscuridad, aproximadamente 8 segundos de apagado autom\u00e1tico para ahorrar energ\u00eda.  \u301012H \/ 24H y \u2103 \/ \u2109 Conmutable\u3011 Formato de hora de 12 o 24 horas conmutable. Cambie la pantalla de temperatura a \u2103 o \u2109.  \u3010Verificar \/ Borrar registros\u3011 Puede verificar la temperatura \/ humedad m\u00e1xima o m\u00ednima en el pasado. Y puede ver o borrar registros.  \u3010Funciona con pilas\u3011 Necesita un cable USB o 3 pilas AAA para alimentar la unidad principal y 2 pilas AAA para alimentar el sensor. (Bater\u00edas no incluidas)","og_url":"https:\/\/abaa.mx\/tienda\/termohigrometro-imedk-p23\/","og_site_name":"Abaa tienda online","article_modified_time":"2023-09-18T18:52:19+00:00","og_image":[{"width":200,"height":220,"url":"https:\/\/abaa.mx\/tienda\/wp-content\/uploads\/2023\/09\/p23.jpg","type":"image\/jpeg"}],"twitter_card":"summary_large_image","twitter_misc":{"Tiempo de lectura":"3 minutos"},"schema":{"@context":"https:\/\/schema.org","@graph":[{"@type":"WebPage","@id":"https:\/\/abaa.mx\/tienda\/termohigrometro-imedk-p23\/","url":"https:\/\/abaa.mx\/tienda\/termohigrometro-imedk-p23\/","name":"Termohigr\u00f3metro imedk p23 - Abaa tienda online","isPartOf":{"@id":"https:\/\/abaa.mx\/tienda\/#website"},"primaryImageOfPage":{"@id":"https:\/\/abaa.mx\/tienda\/termohigrometro-imedk-p23\/#primaryimage"},"image":{"@id":"https:\/\/abaa.mx\/tienda\/termohigrometro-imedk-p23\/#primaryimage"},"thumbnailUrl":"https:\/\/abaa.mx\/tienda\/wp-content\/uploads\/2023\/09\/p23.jpg","datePublished":"2023-09-18T18:52:18+00:00","dateModified":"2023-09-18T18:52:19+00:00","breadcrumb":{"@id":"https:\/\/abaa.mx\/tienda\/termohigrometro-imedk-p23\/#breadcrumb"},"inLanguage":"es","potentialAction":[{"@type":"ReadAction","target":["https:\/\/abaa.mx\/tienda\/termohigrometro-imedk-p23\/"]}]},{"@type":"ImageObject","inLanguage":"es","@id":"https:\/\/abaa.mx\/tienda\/termohigrometro-imedk-p23\/#primaryimage","url":"https:\/\/abaa.mx\/tienda\/wp-content\/uploads\/2023\/09\/p23.jpg","contentUrl":"https:\/\/abaa.mx\/tienda\/wp-content\/uploads\/2023\/09\/p23.jpg","width":200,"height":220,"caption":"termohigrometro-imedk-p23"},{"@type":"BreadcrumbList","@id":"https:\/\/abaa.mx\/tienda\/termohigrometro-imedk-p23\/#breadcrumb","itemListElement":[{"@type":"ListItem","position":1,"name":"Inicio","item":"https:\/\/abaa.mx\/tienda\/"},{"@type":"ListItem","position":2,"name":"Tienda","item":"https:\/\/abaa.mx\/tienda\/"},{"@type":"ListItem","position":3,"name":"Termohigr\u00f3metro imedk p23"}]},{"@type":"WebSite","@id":"https:\/\/abaa.mx\/tienda\/#website","url":"https:\/\/abaa.mx\/tienda\/","name":"Abaa tienda online","description":"Instrumentos de medici\u00f3n","publisher":{"@id":"https:\/\/abaa.mx\/tienda\/#organization"},"potentialAction":[{"@type":"SearchAction","target":{"@type":"EntryPoint","urlTemplate":"https:\/\/abaa.mx\/tienda\/?s={search_term_string}"},"query-input":{"@type":"PropertyValueSpecification","valueRequired":true,"valueName":"search_term_string"}}],"inLanguage":"es"},{"@type":"Organization","@id":"https:\/\/abaa.mx\/tienda\/#organization","name":"Abaa tienda online","url":"https:\/\/abaa.mx\/tienda\/","logo":{"@type":"ImageObject","inLanguage":"es","@id":"https:\/\/abaa.mx\/tienda\/#\/schema\/logo\/image\/","url":"https:\/\/abaa.mx\/tienda\/wp-content\/uploads\/2024\/01\/abaa-metrologia-tienda.png","contentUrl":"https:\/\/abaa.mx\/tienda\/wp-content\/uploads\/2024\/01\/abaa-metrologia-tienda.png","width":300,"height":141,"caption":"Abaa tienda online"},"image":{"@id":"https:\/\/abaa.mx\/tienda\/#\/schema\/logo\/image\/"}}]}},"_links":{"self":[{"href":"https:\/\/abaa.mx\/tienda\/wp-json\/wp\/v2\/product\/1880","targetHints":{"allow":["GET"]}}],"collection":[{"href":"https:\/\/abaa.mx\/tienda\/wp-json\/wp\/v2\/product"}],"about":[{"href":"https:\/\/abaa.mx\/tienda\/wp-json\/wp\/v2\/types\/product"}],"replies":[{"embeddable":true,"href":"https:\/\/abaa.mx\/tienda\/wp-json\/wp\/v2\/comments?post=1880"}],"wp:featuredmedia":[{"embeddable":true,"href":"https:\/\/abaa.mx\/tienda\/wp-json\/wp\/v2\/media\/1887"}],"wp:attachment":[{"href":"https:\/\/abaa.mx\/tienda\/wp-json\/wp\/v2\/media?parent=1880"}],"wp:term":[{"taxonomy":"product_brand","embeddable":true,"href":"https:\/\/abaa.mx\/tienda\/wp-json\/wp\/v2\/product_brand?post=1880"},{"taxonomy":"product_cat","embeddable":true,"href":"https:\/\/abaa.mx\/tienda\/wp-json\/wp\/v2\/product_cat?post=1880"},{"taxonomy":"product_tag","embeddable":true,"href":"https:\/\/abaa.mx\/tienda\/wp-json\/wp\/v2\/product_tag?post=1880"}],"curies":[{"name":"wp","href":"https:\/\/api.w.org\/{rel}","templated":true}]}}