{"id":1842,"date":"2023-09-18T16:39:56","date_gmt":"2023-09-18T16:39:56","guid":{"rendered":"https:\/\/abaa.mx\/tienda\/?post_type=product&#038;p=1842"},"modified":"2024-01-29T16:16:08","modified_gmt":"2024-01-29T16:16:08","slug":"registrador-de-datos-pdf-de-vacunas-certificado-por-flashlink-con-sensor-de-glicol-modelo-40527","status":"publish","type":"product","link":"https:\/\/abaa.mx\/tienda\/registrador-de-datos-pdf-de-vacunas-certificado-por-flashlink-con-sensor-de-glicol-modelo-40527\/","title":{"rendered":"Registrador de datos pdf de vacunas certificado por flashlink con sensor de glicol Modelo 40527"},"content":{"rendered":"<h1>Registrador de datos pdf de vacunas certificado por flashlink\u00a0con sensor de glicol<\/h1>\n<h3><strong>Modelo\u00a040527<\/strong><\/h3>\n<ul>\n<li>Compatible con las normas de los Centros para el Control y Prevenci\u00f3n de Enfermedades (CDC).<\/li>\n<li>Ideal para el monitoreo de vacunas y medicamentos l\u00edquidos durante el almacenamiento.<\/li>\n<li>Software en cumplimiento con la Norma CFR 21 Parte 11.<\/li>\n<li>Sensor externo de un solo canal en botella de glicol.<\/li>\n<li>El sensor con tamp\u00f3n de glicol emula a los productos y evita falsas alarmas.<\/li>\n<li>Genera autom\u00e1ticamente archivos PDF, CSV e Informes de reportes diarios.<\/li>\n<li>Alarmas sonoras y\/o visuales.<\/li>\n<li>Indicador de bater\u00eda baja en la pantalla LCD.<\/li>\n<li>Cable de desconexi\u00f3n r\u00e1pida para descargar la informaci\u00f3n del registrador.<\/li>\n<li>Restablecimiento sencillo para iniciar un nuevo per\u00edodo de registro sin utilizar el software FlashLink .<\/li>\n<\/ul>\n<h2 class=\"rl_tabs-title nn_tabs-title\"><span>Modelos<\/span><\/h2>\n<table>\n<thead>\n<tr>\n<th scope=\"col\">Modelo<\/th>\n<th scope=\"col\"><\/th>\n<\/tr>\n<\/thead>\n<tbody>\n<tr>\n<td>40527<\/td>\n<td>Incluye Certificado de Cumplimiento del Fabricante<\/td>\n<\/tr>\n<tr>\n<td>40527-01<\/td>\n<td>Incluye Certificado de Calibraci\u00f3n ISO 17025 de 2 a\u00f1os<\/td>\n<\/tr>\n<\/tbody>\n<\/table>\n<h2 class=\"rl_tabs-title nn_tabs-title\"><span>Especificaciones<\/span><\/h2>\n<table>\n<caption><span>Registrador de datos USB PDF de vacunas certificado por FlashLink<\/span><\/caption>\n<thead>\n<tr>\n<th scope=\"col\">Caracter\u00edstica<\/th>\n<th scope=\"col\">Especificaci\u00f3n<\/th>\n<\/tr>\n<\/thead>\n<tfoot>\n<tr>\n<td colspan=\"2\"><\/td>\n<\/tr>\n<tr>\n<td colspan=\"2\"><\/td>\n<\/tr>\n<\/tfoot>\n<tbody>\n<tr>\n<td>Rango de medici\u00f3n del sensor<\/td>\n<td>-58\u00b0F a\u00a0104\u00b0F (-50\u00b0C a 40\u00b0C)<\/td>\n<\/tr>\n<tr>\n<td>Rango de operaci\u00f3n<\/td>\n<td>-58\u00b0F a 77\u00b0F (-50\u00b0C a 25\u00b0C)<\/td>\n<\/tr>\n<tr>\n<td>Resoluci\u00f3n de la temperatura<\/td>\n<td>0.1\u00b0F\/\u00b0C<\/td>\n<\/tr>\n<tr>\n<td>Precisi\u00f3n dentro del rango de funcionamiento normal<\/td>\n<td>\u00b11.0\u00b0F desde -58\u00b0F a 77\u00b0F<br \/>\n(\u00b10.5\u00b0C desde -50\u00b0C a 25\u00b0C)<\/td>\n<\/tr>\n<tr>\n<td>Capacidad de datos<\/td>\n<td>32,496 puntos de datos<\/td>\n<\/tr>\n<tr>\n<td>Tiempo de descarga de datos<\/td>\n<td>5 segundos t\u00edpicos para 3823 puntos<\/td>\n<\/tr>\n<tr>\n<td>M\u00faltiples niveles de alarma<\/td>\n<td>Niveles altos y bajos y niveles extremadamente altos y bajos mostrados en la pantalla LCD, con zumbador audible<\/td>\n<\/tr>\n<tr>\n<td>Bater\u00eda<\/td>\n<td>Dos bater\u00edas de litio AAA, LCD% indicador de energ\u00eda restante<\/td>\n<\/tr>\n<tr>\n<td>Dimensiones\/Cuerpo<\/td>\n<td>1.575 pulgadas x 3.66 pulgadas x 0.94 pulgadas (40 mm x 93 mm x 24 mm)<\/td>\n<\/tr>\n<tr>\n<td>Caja<\/td>\n<td>Pl\u00e1stico ABS<\/td>\n<\/tr>\n<tr>\n<td>Sensor externo<\/td>\n<td>Termistor en botella est\u00e9ril PETG * de 5 ml &#8211; cable de 3 metros con desconexi\u00f3n r\u00e1pida<\/td>\n<\/tr>\n<tr>\n<td>Tamp\u00f3n de glicol<\/td>\n<td>Propilenglicol (clasificado GRAS **)<\/td>\n<\/tr>\n<tr>\n<td>Peso<\/td>\n<td>3.2 oz. (90,7 gramos)<\/td>\n<\/tr>\n<tr>\n<td>Calibraci\u00f3n<\/td>\n<td>Certificado de Calibraci\u00f3n ISO 17025 de 2 a\u00f1os (A2LA), Certificado de Calibraci\u00f3n NIST de 1 a\u00f1o y Certificado de Cumplimiento del Fabricante disponible<\/td>\n<\/tr>\n<tr>\n<td>Certificaci\u00f3n<\/td>\n<td>Marcado CE, trazable NIST, RoHS, RAEE<\/td>\n<\/tr>\n<tr>\n<td>Monitor<\/td>\n<td>LCD, alarma LED roja<\/td>\n<\/tr>\n<tr>\n<td>Calificaci\u00f3n de Impermeabilidad<\/td>\n<td>IP64 (con tapa de silicona)<\/td>\n<\/tr>\n<tr>\n<td>Condiciones de almacenaje<\/td>\n<td>-4 \u00b0 F a 122 \u00b0 F (-20 \u00b0 C a 50 \u00b0 C) 0% a 95% HR sin condensaci\u00f3n<\/td>\n<\/tr>\n<tr>\n<td>Duraci\u00f3n<\/td>\n<td>2 a\u00f1os (duraci\u00f3n de la bater\u00eda)<\/td>\n<\/tr>\n<tr>\n<td>Requisitos del sistema<\/td>\n<td>PC con Windows con sistema operativo actual, Adobe Reader<\/td>\n<\/tr>\n<tr>\n<td>Programaci\u00f3n<\/td>\n<td>Software FlashLink Program Manager, compatible con 21 CFR Parte 11<\/td>\n<\/tr>\n<tr>\n<td>Descargar Requisitos<\/td>\n<td>Conexi\u00f3n USB directa a la PC (No se requiere software especial para descargar el registrador)<\/td>\n<\/tr>\n<\/tbody>\n<\/table>\n","protected":false},"excerpt":{"rendered":"<h3><strong>Caracter\u00edsticas\u00a0<\/strong><\/h3>\n<ul>\n<li>Compatible con las normas de los Centros para el Control y Prevenci\u00f3n de Enfermedades (CDC).<\/li>\n<li>Ideal para el monitoreo de vacunas y medicamentos l\u00edquidos durante el almacenamiento.<\/li>\n<li>Software en cumplimiento con la Norma CFR 21 Parte 11.<\/li>\n<li>Sensor externo de un solo canal en botella de glicol.<\/li>\n<li>El sensor con tamp\u00f3n de glicol emula a los productos y evita falsas alarmas.<\/li>\n<li>Genera autom\u00e1ticamente archivos PDF, CSV e Informes de reportes diarios.<\/li>\n<li>Alarmas sonoras y\/o visuales.<\/li>\n<li>Indicador de bater\u00eda baja en la pantalla LCD.<\/li>\n<li>Cable de desconexi\u00f3n r\u00e1pida para descargar la informaci\u00f3n del registrador.<\/li>\n<li>Restablecimiento sencillo para iniciar un nuevo per\u00edodo de registro sin utilizar el software FlashLink.<\/li>\n<\/ul>\n","protected":false},"featured_media":1844,"comment_status":"open","ping_status":"closed","template":"","meta":{"_joinchat":[]},"product_brand":[],"product_cat":[15],"product_tag":[],"class_list":{"0":"post-1842","1":"product","2":"type-product","3":"status-publish","4":"has-post-thumbnail","6":"product_cat-sin-categorizar","8":"first","9":"instock","10":"shipping-taxable","11":"product-type-simple"},"yoast_head":"<!-- This site is optimized with the Yoast SEO plugin v26.4 - https:\/\/yoast.com\/wordpress\/plugins\/seo\/ -->\n<title>Registrador de datos pdf de vacunas certificado por flashlink con sensor de glicol Modelo 40527 - Abaa tienda online<\/title>\n<meta name=\"robots\" content=\"index, follow, max-snippet:-1, max-image-preview:large, max-video-preview:-1\" \/>\n<link rel=\"canonical\" href=\"https:\/\/abaa.mx\/tienda\/registrador-de-datos-pdf-de-vacunas-certificado-por-flashlink-con-sensor-de-glicol-modelo-40527\/\" \/>\n<meta property=\"og:locale\" content=\"es_MX\" \/>\n<meta property=\"og:type\" content=\"article\" \/>\n<meta property=\"og:title\" content=\"Registrador de datos pdf de vacunas certificado por flashlink con sensor de glicol Modelo 40527 - Abaa tienda online\" \/>\n<meta property=\"og:description\" content=\"Caracter\u00edsticas\u00a0   Compatible con las normas de los Centros para el Control y Prevenci\u00f3n de Enfermedades (CDC).  Ideal para el monitoreo de vacunas y medicamentos l\u00edquidos durante el almacenamiento.  Software en cumplimiento con la Norma CFR 21 Parte 11.  Sensor externo de un solo canal en botella de glicol.  El sensor con tamp\u00f3n de glicol emula a los productos y evita falsas alarmas.  Genera autom\u00e1ticamente archivos PDF, CSV e Informes de reportes diarios.  Alarmas sonoras y\/o visuales.  Indicador de bater\u00eda baja en la pantalla LCD.  Cable de desconexi\u00f3n r\u00e1pida para descargar la informaci\u00f3n del registrador.  Restablecimiento sencillo para iniciar un nuevo per\u00edodo de registro sin utilizar el software FlashLink.\" \/>\n<meta property=\"og:url\" content=\"https:\/\/abaa.mx\/tienda\/registrador-de-datos-pdf-de-vacunas-certificado-por-flashlink-con-sensor-de-glicol-modelo-40527\/\" \/>\n<meta property=\"og:site_name\" content=\"Abaa tienda online\" \/>\n<meta property=\"article:modified_time\" content=\"2024-01-29T16:16:08+00:00\" \/>\n<meta property=\"og:image\" content=\"https:\/\/abaa.mx\/tienda\/wp-content\/uploads\/2023\/09\/40527.jpg\" \/>\n\t<meta property=\"og:image:width\" content=\"1000\" \/>\n\t<meta property=\"og:image:height\" content=\"612\" \/>\n\t<meta property=\"og:image:type\" content=\"image\/jpeg\" \/>\n<meta name=\"twitter:card\" content=\"summary_large_image\" \/>\n<meta name=\"twitter:label1\" content=\"Tiempo de lectura\" \/>\n\t<meta name=\"twitter:data1\" content=\"2 minutos\" \/>\n<script type=\"application\/ld+json\" class=\"yoast-schema-graph\">{\"@context\":\"https:\/\/schema.org\",\"@graph\":[{\"@type\":\"WebPage\",\"@id\":\"https:\/\/abaa.mx\/tienda\/registrador-de-datos-pdf-de-vacunas-certificado-por-flashlink-con-sensor-de-glicol-modelo-40527\/\",\"url\":\"https:\/\/abaa.mx\/tienda\/registrador-de-datos-pdf-de-vacunas-certificado-por-flashlink-con-sensor-de-glicol-modelo-40527\/\",\"name\":\"Registrador de datos pdf de vacunas certificado por flashlink con sensor de glicol Modelo 40527 - Abaa tienda online\",\"isPartOf\":{\"@id\":\"https:\/\/abaa.mx\/tienda\/#website\"},\"primaryImageOfPage\":{\"@id\":\"https:\/\/abaa.mx\/tienda\/registrador-de-datos-pdf-de-vacunas-certificado-por-flashlink-con-sensor-de-glicol-modelo-40527\/#primaryimage\"},\"image\":{\"@id\":\"https:\/\/abaa.mx\/tienda\/registrador-de-datos-pdf-de-vacunas-certificado-por-flashlink-con-sensor-de-glicol-modelo-40527\/#primaryimage\"},\"thumbnailUrl\":\"https:\/\/abaa.mx\/tienda\/wp-content\/uploads\/2023\/09\/40527.jpg\",\"datePublished\":\"2023-09-18T16:39:56+00:00\",\"dateModified\":\"2024-01-29T16:16:08+00:00\",\"breadcrumb\":{\"@id\":\"https:\/\/abaa.mx\/tienda\/registrador-de-datos-pdf-de-vacunas-certificado-por-flashlink-con-sensor-de-glicol-modelo-40527\/#breadcrumb\"},\"inLanguage\":\"es\",\"potentialAction\":[{\"@type\":\"ReadAction\",\"target\":[\"https:\/\/abaa.mx\/tienda\/registrador-de-datos-pdf-de-vacunas-certificado-por-flashlink-con-sensor-de-glicol-modelo-40527\/\"]}]},{\"@type\":\"ImageObject\",\"inLanguage\":\"es\",\"@id\":\"https:\/\/abaa.mx\/tienda\/registrador-de-datos-pdf-de-vacunas-certificado-por-flashlink-con-sensor-de-glicol-modelo-40527\/#primaryimage\",\"url\":\"https:\/\/abaa.mx\/tienda\/wp-content\/uploads\/2023\/09\/40527.jpg\",\"contentUrl\":\"https:\/\/abaa.mx\/tienda\/wp-content\/uploads\/2023\/09\/40527.jpg\",\"width\":1000,\"height\":612,\"caption\":\"registrador-de-datos-pdf-de-vacunas-certificado-por-flashlink-con-sensor-de-glicol-modelo-40527\"},{\"@type\":\"BreadcrumbList\",\"@id\":\"https:\/\/abaa.mx\/tienda\/registrador-de-datos-pdf-de-vacunas-certificado-por-flashlink-con-sensor-de-glicol-modelo-40527\/#breadcrumb\",\"itemListElement\":[{\"@type\":\"ListItem\",\"position\":1,\"name\":\"Inicio\",\"item\":\"https:\/\/abaa.mx\/tienda\/\"},{\"@type\":\"ListItem\",\"position\":2,\"name\":\"Tienda\",\"item\":\"https:\/\/abaa.mx\/tienda\/\"},{\"@type\":\"ListItem\",\"position\":3,\"name\":\"Registrador de datos pdf de vacunas certificado por flashlink con sensor de glicol Modelo 40527\"}]},{\"@type\":\"WebSite\",\"@id\":\"https:\/\/abaa.mx\/tienda\/#website\",\"url\":\"https:\/\/abaa.mx\/tienda\/\",\"name\":\"Abaa tienda online\",\"description\":\"Instrumentos de medici\u00f3n\",\"publisher\":{\"@id\":\"https:\/\/abaa.mx\/tienda\/#organization\"},\"potentialAction\":[{\"@type\":\"SearchAction\",\"target\":{\"@type\":\"EntryPoint\",\"urlTemplate\":\"https:\/\/abaa.mx\/tienda\/?s={search_term_string}\"},\"query-input\":{\"@type\":\"PropertyValueSpecification\",\"valueRequired\":true,\"valueName\":\"search_term_string\"}}],\"inLanguage\":\"es\"},{\"@type\":\"Organization\",\"@id\":\"https:\/\/abaa.mx\/tienda\/#organization\",\"name\":\"Abaa tienda online\",\"url\":\"https:\/\/abaa.mx\/tienda\/\",\"logo\":{\"@type\":\"ImageObject\",\"inLanguage\":\"es\",\"@id\":\"https:\/\/abaa.mx\/tienda\/#\/schema\/logo\/image\/\",\"url\":\"https:\/\/abaa.mx\/tienda\/wp-content\/uploads\/2024\/01\/abaa-metrologia-tienda.png\",\"contentUrl\":\"https:\/\/abaa.mx\/tienda\/wp-content\/uploads\/2024\/01\/abaa-metrologia-tienda.png\",\"width\":300,\"height\":141,\"caption\":\"Abaa tienda online\"},\"image\":{\"@id\":\"https:\/\/abaa.mx\/tienda\/#\/schema\/logo\/image\/\"}}]}<\/script>\n<!-- \/ Yoast SEO plugin. -->","yoast_head_json":{"title":"Registrador de datos pdf de vacunas certificado por flashlink con sensor de glicol Modelo 40527 - Abaa tienda online","robots":{"index":"index","follow":"follow","max-snippet":"max-snippet:-1","max-image-preview":"max-image-preview:large","max-video-preview":"max-video-preview:-1"},"canonical":"https:\/\/abaa.mx\/tienda\/registrador-de-datos-pdf-de-vacunas-certificado-por-flashlink-con-sensor-de-glicol-modelo-40527\/","og_locale":"es_MX","og_type":"article","og_title":"Registrador de datos pdf de vacunas certificado por flashlink con sensor de glicol Modelo 40527 - Abaa tienda online","og_description":"Caracter\u00edsticas\u00a0   Compatible con las normas de los Centros para el Control y Prevenci\u00f3n de Enfermedades (CDC).  Ideal para el monitoreo de vacunas y medicamentos l\u00edquidos durante el almacenamiento.  Software en cumplimiento con la Norma CFR 21 Parte 11.  Sensor externo de un solo canal en botella de glicol.  El sensor con tamp\u00f3n de glicol emula a los productos y evita falsas alarmas.  Genera autom\u00e1ticamente archivos PDF, CSV e Informes de reportes diarios.  Alarmas sonoras y\/o visuales.  Indicador de bater\u00eda baja en la pantalla LCD.  Cable de desconexi\u00f3n r\u00e1pida para descargar la informaci\u00f3n del registrador.  Restablecimiento sencillo para iniciar un nuevo per\u00edodo de registro sin utilizar el software FlashLink.","og_url":"https:\/\/abaa.mx\/tienda\/registrador-de-datos-pdf-de-vacunas-certificado-por-flashlink-con-sensor-de-glicol-modelo-40527\/","og_site_name":"Abaa tienda online","article_modified_time":"2024-01-29T16:16:08+00:00","og_image":[{"width":1000,"height":612,"url":"https:\/\/abaa.mx\/tienda\/wp-content\/uploads\/2023\/09\/40527.jpg","type":"image\/jpeg"}],"twitter_card":"summary_large_image","twitter_misc":{"Tiempo de lectura":"2 minutos"},"schema":{"@context":"https:\/\/schema.org","@graph":[{"@type":"WebPage","@id":"https:\/\/abaa.mx\/tienda\/registrador-de-datos-pdf-de-vacunas-certificado-por-flashlink-con-sensor-de-glicol-modelo-40527\/","url":"https:\/\/abaa.mx\/tienda\/registrador-de-datos-pdf-de-vacunas-certificado-por-flashlink-con-sensor-de-glicol-modelo-40527\/","name":"Registrador de datos pdf de vacunas certificado por flashlink con sensor de glicol Modelo 40527 - Abaa tienda online","isPartOf":{"@id":"https:\/\/abaa.mx\/tienda\/#website"},"primaryImageOfPage":{"@id":"https:\/\/abaa.mx\/tienda\/registrador-de-datos-pdf-de-vacunas-certificado-por-flashlink-con-sensor-de-glicol-modelo-40527\/#primaryimage"},"image":{"@id":"https:\/\/abaa.mx\/tienda\/registrador-de-datos-pdf-de-vacunas-certificado-por-flashlink-con-sensor-de-glicol-modelo-40527\/#primaryimage"},"thumbnailUrl":"https:\/\/abaa.mx\/tienda\/wp-content\/uploads\/2023\/09\/40527.jpg","datePublished":"2023-09-18T16:39:56+00:00","dateModified":"2024-01-29T16:16:08+00:00","breadcrumb":{"@id":"https:\/\/abaa.mx\/tienda\/registrador-de-datos-pdf-de-vacunas-certificado-por-flashlink-con-sensor-de-glicol-modelo-40527\/#breadcrumb"},"inLanguage":"es","potentialAction":[{"@type":"ReadAction","target":["https:\/\/abaa.mx\/tienda\/registrador-de-datos-pdf-de-vacunas-certificado-por-flashlink-con-sensor-de-glicol-modelo-40527\/"]}]},{"@type":"ImageObject","inLanguage":"es","@id":"https:\/\/abaa.mx\/tienda\/registrador-de-datos-pdf-de-vacunas-certificado-por-flashlink-con-sensor-de-glicol-modelo-40527\/#primaryimage","url":"https:\/\/abaa.mx\/tienda\/wp-content\/uploads\/2023\/09\/40527.jpg","contentUrl":"https:\/\/abaa.mx\/tienda\/wp-content\/uploads\/2023\/09\/40527.jpg","width":1000,"height":612,"caption":"registrador-de-datos-pdf-de-vacunas-certificado-por-flashlink-con-sensor-de-glicol-modelo-40527"},{"@type":"BreadcrumbList","@id":"https:\/\/abaa.mx\/tienda\/registrador-de-datos-pdf-de-vacunas-certificado-por-flashlink-con-sensor-de-glicol-modelo-40527\/#breadcrumb","itemListElement":[{"@type":"ListItem","position":1,"name":"Inicio","item":"https:\/\/abaa.mx\/tienda\/"},{"@type":"ListItem","position":2,"name":"Tienda","item":"https:\/\/abaa.mx\/tienda\/"},{"@type":"ListItem","position":3,"name":"Registrador de datos pdf de vacunas certificado por flashlink con sensor de glicol Modelo 40527"}]},{"@type":"WebSite","@id":"https:\/\/abaa.mx\/tienda\/#website","url":"https:\/\/abaa.mx\/tienda\/","name":"Abaa tienda online","description":"Instrumentos de medici\u00f3n","publisher":{"@id":"https:\/\/abaa.mx\/tienda\/#organization"},"potentialAction":[{"@type":"SearchAction","target":{"@type":"EntryPoint","urlTemplate":"https:\/\/abaa.mx\/tienda\/?s={search_term_string}"},"query-input":{"@type":"PropertyValueSpecification","valueRequired":true,"valueName":"search_term_string"}}],"inLanguage":"es"},{"@type":"Organization","@id":"https:\/\/abaa.mx\/tienda\/#organization","name":"Abaa tienda online","url":"https:\/\/abaa.mx\/tienda\/","logo":{"@type":"ImageObject","inLanguage":"es","@id":"https:\/\/abaa.mx\/tienda\/#\/schema\/logo\/image\/","url":"https:\/\/abaa.mx\/tienda\/wp-content\/uploads\/2024\/01\/abaa-metrologia-tienda.png","contentUrl":"https:\/\/abaa.mx\/tienda\/wp-content\/uploads\/2024\/01\/abaa-metrologia-tienda.png","width":300,"height":141,"caption":"Abaa tienda online"},"image":{"@id":"https:\/\/abaa.mx\/tienda\/#\/schema\/logo\/image\/"}}]}},"_links":{"self":[{"href":"https:\/\/abaa.mx\/tienda\/wp-json\/wp\/v2\/product\/1842","targetHints":{"allow":["GET"]}}],"collection":[{"href":"https:\/\/abaa.mx\/tienda\/wp-json\/wp\/v2\/product"}],"about":[{"href":"https:\/\/abaa.mx\/tienda\/wp-json\/wp\/v2\/types\/product"}],"replies":[{"embeddable":true,"href":"https:\/\/abaa.mx\/tienda\/wp-json\/wp\/v2\/comments?post=1842"}],"wp:featuredmedia":[{"embeddable":true,"href":"https:\/\/abaa.mx\/tienda\/wp-json\/wp\/v2\/media\/1844"}],"wp:attachment":[{"href":"https:\/\/abaa.mx\/tienda\/wp-json\/wp\/v2\/media?parent=1842"}],"wp:term":[{"taxonomy":"product_brand","embeddable":true,"href":"https:\/\/abaa.mx\/tienda\/wp-json\/wp\/v2\/product_brand?post=1842"},{"taxonomy":"product_cat","embeddable":true,"href":"https:\/\/abaa.mx\/tienda\/wp-json\/wp\/v2\/product_cat?post=1842"},{"taxonomy":"product_tag","embeddable":true,"href":"https:\/\/abaa.mx\/tienda\/wp-json\/wp\/v2\/product_tag?post=1842"}],"curies":[{"name":"wp","href":"https:\/\/api.w.org\/{rel}","templated":true}]}}