{"id":1835,"date":"2023-09-18T16:22:26","date_gmt":"2023-09-18T16:22:26","guid":{"rendered":"https:\/\/abaa.mx\/tienda\/?post_type=product&#038;p=1835"},"modified":"2023-09-18T16:22:27","modified_gmt":"2023-09-18T16:22:27","slug":"termometro-de-alarma-min-max-certificado-por-flashcheck-modelo-12238","status":"publish","type":"product","link":"https:\/\/abaa.mx\/tienda\/termometro-de-alarma-min-max-certificado-por-flashcheck-modelo-12238\/","title":{"rendered":"Term\u00f3metro de alarma min-max certificado por flashcheck Modelo 12238"},"content":{"rendered":"<p>&nbsp;<\/p>\n<h1>Term\u00f3metro de alarma min-max certificado por flashcheck<\/h1>\n<h3><strong>Modelo\u00a012238<\/strong><\/h3>\n<div class=\"prod-intro\">\n<ul>\n<li>Ajuste de la alarma alta\/baja.<\/li>\n<li>La sonda con tamp\u00f3n de glicol simula los productos y evita las falsas alarmas durante el uso normal.<\/li>\n<li>El conector jack est\u00e9reo chapado en oro reduce las lecturas err\u00f3neas.<\/li>\n<li>La memoria m\u00ednima\/m\u00e1xima almacena las lecturas m\u00e1s bajas\/m\u00e1s altas.<\/li>\n<li>Pantalla LCD Jumbo.<\/li>\n<li>Escala intercambiable de \u00b0F\/\u00b0C.<\/li>\n<li>Fuerte fijaci\u00f3n magn\u00e9tica y soporte plegable.<\/li>\n<li>Mantiene la configuraci\u00f3n durante el cambio de la pila.<\/li>\n<li>Alarmas de retardo configurables con sonido de timbre.<\/li>\n<li>M\u00e1s de 1 a\u00f1o de vigilancia continua.<\/li>\n<li><span>Ideal para controlar las vacunas y los fluidos comunes almacenados en los refrigeradores, congeladores y vitrinas de conservaci\u00f3n en fr\u00edo.<\/span><\/li>\n<\/ul>\n<\/div>\n<div class=\"prod-app\"><b>Aplicaciones:<\/b>\u00a0Hospitales, laboratorios, farmacias, supermercados, productos l\u00e1cteos, vitrinas frigor\u00edficas, frigor\u00edficos y congeladores.<\/div>\n<div>\n<p>El modelo 12238 tiene un sensor de temperatura amortiguado encerrado en una botella de soluci\u00f3n de propilenglicol, que asegura mediciones precisas que no se ven afectadas por las r\u00e1pidas fluctuaciones de temperatura causadas por las frecuentes aperturas de las puertas de los refrigeradores o congeladores. La soluci\u00f3n de propilenglicol es GRAS\u00a0(Generally Recognized As Safe \/ generalmente reconocida como segura) e imita las lecturas de temperatura en un medio similar a los fluidos comunes almacenados en los refrigeradores, congeladores y vitrinas fr\u00edas de alimentos y laboratorios.<\/p>\n<p>El term\u00f3metro de alarma certificado 12238 viene con una memoria Min\/Max, una pantalla LCD grande y f\u00e1cil de leer, y ajustes de alarma altos\/bajos. El term\u00f3metro monitorea la temperatura dentro de los congeladores, refrigeradores o vitrinas de almacenamiento en fr\u00edo. El sensor tiene un cable de 3 metros y una sonda roma de acero inoxidable encerrada en una botella pl\u00e1stica sellada de propilenglicol. Este recinto evita las falsas alarmas porque las mediciones de la sonda no se ven afectadas por las r\u00e1pidas fluctuaciones de temperatura causadas por las frecuentes aperturas de puertas que se producen durante el uso normal.<\/p>\n<p>Este term\u00f3metro digital imita las lecturas de temperatura en un medio similar a los fluidos comunes almacenados en los refrigeradores y congeladores de las farmacias y laboratorios.<\/p>\n<h2 class=\"rl_tabs-title nn_tabs-title\">Modelos<\/h2>\n<table>\n<thead>\n<tr>\n<th scope=\"col\">Modelo<\/th>\n<th scope=\"col\"><\/th>\n<\/tr>\n<\/thead>\n<tbody>\n<tr>\n<td>12238<\/td>\n<td>Incluye el certificado de cumplimiento del fabricante<\/td>\n<\/tr>\n<tr>\n<td>12238-02<\/td>\n<td>Incluye certificado de calibraci\u00f3n ISO 2 de 17025 a\u00f1os<\/td>\n<\/tr>\n<\/tbody>\n<\/table>\n<h2 class=\"rl_tabs-title nn_tabs-title\"><span>Especificaciones<\/span><\/h2>\n<table>\n<caption>Modelo 12238 FlashCheck\u00a0Term\u00f3metro Certificado de alarma Min-Max<\/caption>\n<thead>\n<tr>\n<th scope=\"col\">Caracter\u00edsticas<\/th>\n<th scope=\"col\">Especificaci\u00f3n<\/th>\n<\/tr>\n<\/thead>\n<tfoot>\n<tr>\n<td colspan=\"2\"><\/td>\n<\/tr>\n<\/tfoot>\n<tbody>\n<tr>\n<td>Rango de medici\u00f3n del sensor externo<\/td>\n<td>-58\u00b0F a 158\u00b0F (-50\u00b0C a 70\u00b0C)<\/td>\n<\/tr>\n<tr>\n<td>Sensor de temperatura interna y rango de operaci\u00f3n<\/td>\n<td>14\u00b0F a122\u00b0F (-10\u00b0C a 50\u00b0C)<\/td>\n<\/tr>\n<tr>\n<td>Precisi\u00f3n<\/td>\n<td>\u00b11.0\u00b0F (-22\u00b0F a 131\u00b0F) \u00b10.5\u00b0C (-30\u00b0C a 55\u00b0C);\u00a0de lo contrario \u00b11.8\u00b0F (\u00b11.0\u00b0C)<\/td>\n<\/tr>\n<tr>\n<td>Resoluci\u00f3n de la pantalla<\/td>\n<td>0.1\u00b0F\/\u00b0C<\/td>\n<\/tr>\n<tr>\n<td>Actualizaci\u00f3n de la lectura de la pantalla<\/td>\n<td>17 segundos<\/td>\n<\/tr>\n<tr>\n<td>Tama\u00f1o de la pantalla<\/td>\n<td>1.92 pulgadas de ancho x 2.08 pulgadas de largo (49 mm de ancho x 53 mm de largo)<\/td>\n<\/tr>\n<tr>\n<td>Tama\u00f1o del dispositivo<\/td>\n<td>2.99 pulgadas de ancho x 3.74 pulgadas de largo x 0.74 pulgadas de profundidad (76 mm de ancho x 95 mm de largo x 19 mm de profundidad)<\/td>\n<\/tr>\n<tr>\n<td>Material de carcasa del dispositivo<\/td>\n<td>El pol\u00edmero ABS, resistente a los qu\u00edmicos y de alto impacto<\/td>\n<\/tr>\n<tr>\n<td>Sensor<\/td>\n<td>Termostato<\/td>\n<\/tr>\n<tr>\n<td>Tipo y tama\u00f1o de la sonda externa<\/td>\n<td>Acero inoxidable, 0.7 pulgadas de largo x 0.2 pulgadas de di\u00e1metro (17.8 mm de largo x 5 mm de di\u00e1metro)<\/td>\n<\/tr>\n<tr>\n<td>Botella con sensor externo<\/td>\n<td>Botella est\u00e9ril PETEG de 5 ml -21 CFR compatible; Poliestireno con tapa de PE, 1.6 pulgadas de largo x 0.79 pulgadas de di\u00e1metro (41 mm de largo x 20 mm de di\u00e1metro)<\/td>\n<\/tr>\n<tr>\n<td>Tamp\u00f3n de sensor externo<\/td>\n<td>Propilenglicol (clasificado GRAS &#8211; Generally Recognized As Safe)<\/td>\n<\/tr>\n<tr>\n<td>Cable del sensor<\/td>\n<td>9.84 pies x 0.08 pulgadas de di\u00e1metro (3 metros x 2 mm de di\u00e1metro)<\/td>\n<\/tr>\n<tr>\n<td>Bater\u00eda<\/td>\n<td>Bater\u00eda AA, reemplazable por el usuario<\/td>\n<\/tr>\n<tr>\n<td>Certificaci\u00f3n\/Calibraci\u00f3n<\/td>\n<td>Certificado de calibraci\u00f3n ISO 2 de 17025 a\u00f1os (A2LA), Certificado de calibraci\u00f3n NIST de 1 a\u00f1o y Certificado de cumplimiento del fabricante disponibles; Marcado CE, trazable NIST, RoHS, RAEE<\/td>\n<\/tr>\n<tr>\n<td><span>Peso<\/span><\/td>\n<td>5.4oz (unidad, botella de glicol y sensor)<\/td>\n<\/tr>\n<\/tbody>\n<\/table>\n<\/div>\n","protected":false},"excerpt":{"rendered":"<div class=\"prod-intro\">\n<h3><strong>Caracter\u00edsticas\u00a0<\/strong><\/h3>\n<ul>\n<li>Ajuste de la alarma alta\/baja<\/li>\n<li>La sonda con tamp\u00f3n de glicol simula los productos y evita las falsas alarmas durante el uso normal<\/li>\n<li>El conector jack est\u00e9reo chapado en oro reduce las lecturas err\u00f3neas<\/li>\n<li>La memoria m\u00ednima\/m\u00e1xima almacena las lecturas m\u00e1s bajas\/m\u00e1s altas<\/li>\n<li>Pantalla LCD Jumbo<\/li>\n<li>Escala intercambiable de \u00b0F\/\u00b0C<\/li>\n<li>Fuerte fijaci\u00f3n magn\u00e9tica y soporte plegable<\/li>\n<li>Mantiene la configuraci\u00f3n durante el cambio de la pila<\/li>\n<li>Alarmas de retardo configurables con sonido de timbre<\/li>\n<li>M\u00e1s de 1 a\u00f1o de vigilancia continua<\/li>\n<li><span>Ideal para controlar las vacunas y los fluidos comunes almacenados en los refrigeradores, congeladores y vitrinas de conservaci\u00f3n en fr\u00edo<\/span><\/li>\n<\/ul>\n<\/div>\n","protected":false},"featured_media":1836,"comment_status":"open","ping_status":"closed","template":"","meta":{"_joinchat":[]},"product_brand":[],"product_cat":[15],"product_tag":[],"class_list":{"0":"post-1835","1":"product","2":"type-product","3":"status-publish","4":"has-post-thumbnail","6":"product_cat-sin-categorizar","8":"first","9":"instock","10":"shipping-taxable","11":"product-type-simple"},"yoast_head":"<!-- This site is optimized with the Yoast SEO plugin v26.4 - https:\/\/yoast.com\/wordpress\/plugins\/seo\/ -->\n<title>Term\u00f3metro de alarma min-max certificado por flashcheck Modelo 12238 - Abaa tienda online<\/title>\n<meta name=\"robots\" content=\"index, follow, max-snippet:-1, max-image-preview:large, max-video-preview:-1\" \/>\n<link rel=\"canonical\" href=\"https:\/\/abaa.mx\/tienda\/termometro-de-alarma-min-max-certificado-por-flashcheck-modelo-12238\/\" \/>\n<meta property=\"og:locale\" content=\"es_MX\" \/>\n<meta property=\"og:type\" content=\"article\" \/>\n<meta property=\"og:title\" content=\"Term\u00f3metro de alarma min-max certificado por flashcheck Modelo 12238 - Abaa tienda online\" \/>\n<meta property=\"og:description\" content=\"Caracter\u00edsticas\u00a0   Ajuste de la alarma alta\/baja  La sonda con tamp\u00f3n de glicol simula los productos y evita las falsas alarmas durante el uso normal  El conector jack est\u00e9reo chapado en oro reduce las lecturas err\u00f3neas  La memoria m\u00ednima\/m\u00e1xima almacena las lecturas m\u00e1s bajas\/m\u00e1s altas  Pantalla LCD Jumbo  Escala intercambiable de \u00b0F\/\u00b0C  Fuerte fijaci\u00f3n magn\u00e9tica y soporte plegable  Mantiene la configuraci\u00f3n durante el cambio de la pila  Alarmas de retardo configurables con sonido de timbre  M\u00e1s de 1 a\u00f1o de vigilancia continua  Ideal para controlar las vacunas y los fluidos comunes almacenados en los refrigeradores, congeladores y vitrinas de conservaci\u00f3n en fr\u00edo\" \/>\n<meta property=\"og:url\" content=\"https:\/\/abaa.mx\/tienda\/termometro-de-alarma-min-max-certificado-por-flashcheck-modelo-12238\/\" \/>\n<meta property=\"og:site_name\" content=\"Abaa tienda online\" \/>\n<meta property=\"article:modified_time\" content=\"2023-09-18T16:22:27+00:00\" \/>\n<meta property=\"og:image\" content=\"https:\/\/abaa.mx\/tienda\/wp-content\/uploads\/2023\/09\/12239-1.jpg\" \/>\n\t<meta property=\"og:image:width\" content=\"1000\" \/>\n\t<meta property=\"og:image:height\" content=\"708\" \/>\n\t<meta property=\"og:image:type\" content=\"image\/jpeg\" \/>\n<meta name=\"twitter:card\" content=\"summary_large_image\" \/>\n<meta name=\"twitter:label1\" content=\"Tiempo de lectura\" \/>\n\t<meta name=\"twitter:data1\" content=\"3 minutos\" \/>\n<script type=\"application\/ld+json\" class=\"yoast-schema-graph\">{\"@context\":\"https:\/\/schema.org\",\"@graph\":[{\"@type\":\"WebPage\",\"@id\":\"https:\/\/abaa.mx\/tienda\/termometro-de-alarma-min-max-certificado-por-flashcheck-modelo-12238\/\",\"url\":\"https:\/\/abaa.mx\/tienda\/termometro-de-alarma-min-max-certificado-por-flashcheck-modelo-12238\/\",\"name\":\"Term\u00f3metro de alarma min-max certificado por flashcheck Modelo 12238 - Abaa tienda online\",\"isPartOf\":{\"@id\":\"https:\/\/abaa.mx\/tienda\/#website\"},\"primaryImageOfPage\":{\"@id\":\"https:\/\/abaa.mx\/tienda\/termometro-de-alarma-min-max-certificado-por-flashcheck-modelo-12238\/#primaryimage\"},\"image\":{\"@id\":\"https:\/\/abaa.mx\/tienda\/termometro-de-alarma-min-max-certificado-por-flashcheck-modelo-12238\/#primaryimage\"},\"thumbnailUrl\":\"https:\/\/abaa.mx\/tienda\/wp-content\/uploads\/2023\/09\/12239-1.jpg\",\"datePublished\":\"2023-09-18T16:22:26+00:00\",\"dateModified\":\"2023-09-18T16:22:27+00:00\",\"breadcrumb\":{\"@id\":\"https:\/\/abaa.mx\/tienda\/termometro-de-alarma-min-max-certificado-por-flashcheck-modelo-12238\/#breadcrumb\"},\"inLanguage\":\"es\",\"potentialAction\":[{\"@type\":\"ReadAction\",\"target\":[\"https:\/\/abaa.mx\/tienda\/termometro-de-alarma-min-max-certificado-por-flashcheck-modelo-12238\/\"]}]},{\"@type\":\"ImageObject\",\"inLanguage\":\"es\",\"@id\":\"https:\/\/abaa.mx\/tienda\/termometro-de-alarma-min-max-certificado-por-flashcheck-modelo-12238\/#primaryimage\",\"url\":\"https:\/\/abaa.mx\/tienda\/wp-content\/uploads\/2023\/09\/12239-1.jpg\",\"contentUrl\":\"https:\/\/abaa.mx\/tienda\/wp-content\/uploads\/2023\/09\/12239-1.jpg\",\"width\":1000,\"height\":708,\"caption\":\"termometro-de-alarma-min-max-certificado-por-flashcheck-modelo-12238\"},{\"@type\":\"BreadcrumbList\",\"@id\":\"https:\/\/abaa.mx\/tienda\/termometro-de-alarma-min-max-certificado-por-flashcheck-modelo-12238\/#breadcrumb\",\"itemListElement\":[{\"@type\":\"ListItem\",\"position\":1,\"name\":\"Inicio\",\"item\":\"https:\/\/abaa.mx\/tienda\/\"},{\"@type\":\"ListItem\",\"position\":2,\"name\":\"Tienda\",\"item\":\"https:\/\/abaa.mx\/tienda\/\"},{\"@type\":\"ListItem\",\"position\":3,\"name\":\"Term\u00f3metro de alarma min-max certificado por flashcheck Modelo 12238\"}]},{\"@type\":\"WebSite\",\"@id\":\"https:\/\/abaa.mx\/tienda\/#website\",\"url\":\"https:\/\/abaa.mx\/tienda\/\",\"name\":\"Abaa tienda online\",\"description\":\"Instrumentos de medici\u00f3n\",\"publisher\":{\"@id\":\"https:\/\/abaa.mx\/tienda\/#organization\"},\"potentialAction\":[{\"@type\":\"SearchAction\",\"target\":{\"@type\":\"EntryPoint\",\"urlTemplate\":\"https:\/\/abaa.mx\/tienda\/?s={search_term_string}\"},\"query-input\":{\"@type\":\"PropertyValueSpecification\",\"valueRequired\":true,\"valueName\":\"search_term_string\"}}],\"inLanguage\":\"es\"},{\"@type\":\"Organization\",\"@id\":\"https:\/\/abaa.mx\/tienda\/#organization\",\"name\":\"Abaa tienda online\",\"url\":\"https:\/\/abaa.mx\/tienda\/\",\"logo\":{\"@type\":\"ImageObject\",\"inLanguage\":\"es\",\"@id\":\"https:\/\/abaa.mx\/tienda\/#\/schema\/logo\/image\/\",\"url\":\"https:\/\/abaa.mx\/tienda\/wp-content\/uploads\/2024\/01\/abaa-metrologia-tienda.png\",\"contentUrl\":\"https:\/\/abaa.mx\/tienda\/wp-content\/uploads\/2024\/01\/abaa-metrologia-tienda.png\",\"width\":300,\"height\":141,\"caption\":\"Abaa tienda online\"},\"image\":{\"@id\":\"https:\/\/abaa.mx\/tienda\/#\/schema\/logo\/image\/\"}}]}<\/script>\n<!-- \/ Yoast SEO plugin. -->","yoast_head_json":{"title":"Term\u00f3metro de alarma min-max certificado por flashcheck Modelo 12238 - Abaa tienda online","robots":{"index":"index","follow":"follow","max-snippet":"max-snippet:-1","max-image-preview":"max-image-preview:large","max-video-preview":"max-video-preview:-1"},"canonical":"https:\/\/abaa.mx\/tienda\/termometro-de-alarma-min-max-certificado-por-flashcheck-modelo-12238\/","og_locale":"es_MX","og_type":"article","og_title":"Term\u00f3metro de alarma min-max certificado por flashcheck Modelo 12238 - Abaa tienda online","og_description":"Caracter\u00edsticas\u00a0   Ajuste de la alarma alta\/baja  La sonda con tamp\u00f3n de glicol simula los productos y evita las falsas alarmas durante el uso normal  El conector jack est\u00e9reo chapado en oro reduce las lecturas err\u00f3neas  La memoria m\u00ednima\/m\u00e1xima almacena las lecturas m\u00e1s bajas\/m\u00e1s altas  Pantalla LCD Jumbo  Escala intercambiable de \u00b0F\/\u00b0C  Fuerte fijaci\u00f3n magn\u00e9tica y soporte plegable  Mantiene la configuraci\u00f3n durante el cambio de la pila  Alarmas de retardo configurables con sonido de timbre  M\u00e1s de 1 a\u00f1o de vigilancia continua  Ideal para controlar las vacunas y los fluidos comunes almacenados en los refrigeradores, congeladores y vitrinas de conservaci\u00f3n en fr\u00edo","og_url":"https:\/\/abaa.mx\/tienda\/termometro-de-alarma-min-max-certificado-por-flashcheck-modelo-12238\/","og_site_name":"Abaa tienda online","article_modified_time":"2023-09-18T16:22:27+00:00","og_image":[{"width":1000,"height":708,"url":"https:\/\/abaa.mx\/tienda\/wp-content\/uploads\/2023\/09\/12239-1.jpg","type":"image\/jpeg"}],"twitter_card":"summary_large_image","twitter_misc":{"Tiempo de lectura":"3 minutos"},"schema":{"@context":"https:\/\/schema.org","@graph":[{"@type":"WebPage","@id":"https:\/\/abaa.mx\/tienda\/termometro-de-alarma-min-max-certificado-por-flashcheck-modelo-12238\/","url":"https:\/\/abaa.mx\/tienda\/termometro-de-alarma-min-max-certificado-por-flashcheck-modelo-12238\/","name":"Term\u00f3metro de alarma min-max certificado por flashcheck Modelo 12238 - Abaa tienda online","isPartOf":{"@id":"https:\/\/abaa.mx\/tienda\/#website"},"primaryImageOfPage":{"@id":"https:\/\/abaa.mx\/tienda\/termometro-de-alarma-min-max-certificado-por-flashcheck-modelo-12238\/#primaryimage"},"image":{"@id":"https:\/\/abaa.mx\/tienda\/termometro-de-alarma-min-max-certificado-por-flashcheck-modelo-12238\/#primaryimage"},"thumbnailUrl":"https:\/\/abaa.mx\/tienda\/wp-content\/uploads\/2023\/09\/12239-1.jpg","datePublished":"2023-09-18T16:22:26+00:00","dateModified":"2023-09-18T16:22:27+00:00","breadcrumb":{"@id":"https:\/\/abaa.mx\/tienda\/termometro-de-alarma-min-max-certificado-por-flashcheck-modelo-12238\/#breadcrumb"},"inLanguage":"es","potentialAction":[{"@type":"ReadAction","target":["https:\/\/abaa.mx\/tienda\/termometro-de-alarma-min-max-certificado-por-flashcheck-modelo-12238\/"]}]},{"@type":"ImageObject","inLanguage":"es","@id":"https:\/\/abaa.mx\/tienda\/termometro-de-alarma-min-max-certificado-por-flashcheck-modelo-12238\/#primaryimage","url":"https:\/\/abaa.mx\/tienda\/wp-content\/uploads\/2023\/09\/12239-1.jpg","contentUrl":"https:\/\/abaa.mx\/tienda\/wp-content\/uploads\/2023\/09\/12239-1.jpg","width":1000,"height":708,"caption":"termometro-de-alarma-min-max-certificado-por-flashcheck-modelo-12238"},{"@type":"BreadcrumbList","@id":"https:\/\/abaa.mx\/tienda\/termometro-de-alarma-min-max-certificado-por-flashcheck-modelo-12238\/#breadcrumb","itemListElement":[{"@type":"ListItem","position":1,"name":"Inicio","item":"https:\/\/abaa.mx\/tienda\/"},{"@type":"ListItem","position":2,"name":"Tienda","item":"https:\/\/abaa.mx\/tienda\/"},{"@type":"ListItem","position":3,"name":"Term\u00f3metro de alarma min-max certificado por flashcheck Modelo 12238"}]},{"@type":"WebSite","@id":"https:\/\/abaa.mx\/tienda\/#website","url":"https:\/\/abaa.mx\/tienda\/","name":"Abaa tienda online","description":"Instrumentos de medici\u00f3n","publisher":{"@id":"https:\/\/abaa.mx\/tienda\/#organization"},"potentialAction":[{"@type":"SearchAction","target":{"@type":"EntryPoint","urlTemplate":"https:\/\/abaa.mx\/tienda\/?s={search_term_string}"},"query-input":{"@type":"PropertyValueSpecification","valueRequired":true,"valueName":"search_term_string"}}],"inLanguage":"es"},{"@type":"Organization","@id":"https:\/\/abaa.mx\/tienda\/#organization","name":"Abaa tienda online","url":"https:\/\/abaa.mx\/tienda\/","logo":{"@type":"ImageObject","inLanguage":"es","@id":"https:\/\/abaa.mx\/tienda\/#\/schema\/logo\/image\/","url":"https:\/\/abaa.mx\/tienda\/wp-content\/uploads\/2024\/01\/abaa-metrologia-tienda.png","contentUrl":"https:\/\/abaa.mx\/tienda\/wp-content\/uploads\/2024\/01\/abaa-metrologia-tienda.png","width":300,"height":141,"caption":"Abaa tienda online"},"image":{"@id":"https:\/\/abaa.mx\/tienda\/#\/schema\/logo\/image\/"}}]}},"_links":{"self":[{"href":"https:\/\/abaa.mx\/tienda\/wp-json\/wp\/v2\/product\/1835","targetHints":{"allow":["GET"]}}],"collection":[{"href":"https:\/\/abaa.mx\/tienda\/wp-json\/wp\/v2\/product"}],"about":[{"href":"https:\/\/abaa.mx\/tienda\/wp-json\/wp\/v2\/types\/product"}],"replies":[{"embeddable":true,"href":"https:\/\/abaa.mx\/tienda\/wp-json\/wp\/v2\/comments?post=1835"}],"wp:featuredmedia":[{"embeddable":true,"href":"https:\/\/abaa.mx\/tienda\/wp-json\/wp\/v2\/media\/1836"}],"wp:attachment":[{"href":"https:\/\/abaa.mx\/tienda\/wp-json\/wp\/v2\/media?parent=1835"}],"wp:term":[{"taxonomy":"product_brand","embeddable":true,"href":"https:\/\/abaa.mx\/tienda\/wp-json\/wp\/v2\/product_brand?post=1835"},{"taxonomy":"product_cat","embeddable":true,"href":"https:\/\/abaa.mx\/tienda\/wp-json\/wp\/v2\/product_cat?post=1835"},{"taxonomy":"product_tag","embeddable":true,"href":"https:\/\/abaa.mx\/tienda\/wp-json\/wp\/v2\/product_tag?post=1835"}],"curies":[{"name":"wp","href":"https:\/\/api.w.org\/{rel}","templated":true}]}}