{"id":1831,"date":"2023-09-18T16:12:22","date_gmt":"2023-09-18T16:12:22","guid":{"rendered":"https:\/\/abaa.mx\/tienda\/?post_type=product&#038;p=1831"},"modified":"2024-01-04T16:03:02","modified_gmt":"2024-01-04T16:03:02","slug":"termometro-flashcheck-certified-min-max-ult-modelo-12239","status":"publish","type":"product","link":"https:\/\/abaa.mx\/tienda\/termometro-flashcheck-certified-min-max-ult-modelo-12239\/","title":{"rendered":"Term\u00f3metro flashcheck certified min-max ult Modelo 12239"},"content":{"rendered":"<h3><strong>Modelo\u00a012239<\/strong><\/h3>\n<div class=\"prod-intro\">\n<ul>\n<li>Monitorea las vacunas a temperaturas ultrabajas.<\/li>\n<li>Ideal para almacenamiento y transporte con hielo seco.<\/li>\n<li>Memoria m\u00ednima\/m\u00e1xima para lecturas m\u00e1s bajas y m\u00e1s altas.<\/li>\n<li>Alarmas altas y bajas con zumbido audible y luz roja intermitente.<\/li>\n<li>Sensor externo desmontable con conector Jack est\u00e9reo chapado en oro.<\/li>\n<li>Pantalla LCD Jumbo.<\/li>\n<li>Escalas de temperatura seleccionables en \u00baC \/ \u00baF.<\/li>\n<li>La memoria no vol\u00e1til conserva la configuraci\u00f3n durante el reemplazo de la bater\u00eda.<\/li>\n<li>Indicador de bater\u00eda restante.<\/li>\n<li>Se monta en superficies verticales con potentes imanes integrados.<\/li>\n<li>Soporte plegable para colocarse en superficies planas.<\/li>\n<\/ul>\n<\/div>\n<div class=\"prod-app\">\n<p><b>Aplicaciones:<\/b>Hospitales, Laboratorios, Farmacias, Refrigeradores y Congeladores de Almacenamiento.<\/p>\n<h2 class=\"rl_tabs-title nn_tabs-title\">Modelos<\/h2>\n<table>\n<thead>\n<tr>\n<th scope=\"col\">Modelo<\/th>\n<th scope=\"col\"><\/th>\n<\/tr>\n<\/thead>\n<tbody>\n<tr>\n<td>12239<\/td>\n<td>Incluye Certificado de Cumplimiento del Fabricante<\/td>\n<\/tr>\n<tr>\n<td>12239-02<\/td>\n<td>Incluye Certificado de Calibraci\u00f3n ISO 17025 de 2 a\u00f1os<\/td>\n<\/tr>\n<\/tbody>\n<\/table>\n<h2 class=\"rl_tabs-title nn_tabs-title\">Especificaciones<\/h2>\n<table>\n<caption>Term\u00f3metro ULT certificado m\u00ednimo\/m\u00e1ximo FlashCheck<\/caption>\n<thead>\n<tr>\n<th scope=\"col\">Caracter\u00edsticas<\/th>\n<th scope=\"col\">Especificaci\u00f3n<\/th>\n<\/tr>\n<\/thead>\n<tfoot>\n<tr>\n<td colspan=\"2\"><\/td>\n<\/tr>\n<\/tfoot>\n<tbody>\n<tr>\n<td>Rango de Medici\u00f3n del Sensor Externo<\/td>\n<td>-115.6\u00b0F a 113\u00b0F (-82\u00b0C a 45\u00b0C)<\/td>\n<\/tr>\n<tr>\n<td>Rango de Operaci\u00f3n<\/td>\n<td>De 14\u00b0F a 122\u00b0F (-10\u00b0C a 50\u00b0C)<\/td>\n<\/tr>\n<tr>\n<td>Precisi\u00f3n<\/td>\n<td>\u00b11.0\u00b0F de -76\u00b0F a 113\u00b0F (\u00b10.5\u00b0C de -60\u00b0C a 45\u00b0C) \u00b12.7\u00b0F de -115.6\u00b0F a -77.8\u00b0F (\u00b11.5\u00b0C de -82\u00b0C a -61\u00b0C)<\/td>\n<\/tr>\n<tr>\n<td>Resoluci\u00f3n de la Pantalla<\/td>\n<td>0.1\u00b0F\/\u00b0C<\/td>\n<\/tr>\n<tr>\n<td>Actualizaci\u00f3n de Lectura de Pantalla<\/td>\n<td>17 segundos<\/td>\n<\/tr>\n<tr>\n<td>Tama\u00f1o de la Pantalla<\/td>\n<td>1,92 pulg\u00a0ancho x 2,08 pulg largo\u00a0(49 mm de ancho x 53 mm de largo)<\/td>\n<\/tr>\n<tr>\n<td>Tama\u00f1o del Instrumento<\/td>\n<td>2.99 pulg ancho x 3.74 pulg largo x 0.74 pulg profundidad (76 mm ancho x 95 mm\u00a0largo x 19 mm profundidad)<\/td>\n<\/tr>\n<tr>\n<td>Cubierta<\/td>\n<td>Pol\u00edmero ABS, resistente a productos qu\u00edmicos y de alto impacto<\/td>\n<\/tr>\n<tr>\n<td>Sensor<\/td>\n<td>Termistor<\/td>\n<\/tr>\n<tr>\n<td>Sensor externo<\/td>\n<td>0.15 pulg di\u00e1metro x 0.98 pulg (3.8 mm de di\u00e1metro x 25 mm) Cable de tefl\u00f3n de 3.28 pies (1 m) con conector Jack est\u00e9reo<\/td>\n<\/tr>\n<tr>\n<td>Bater\u00eda<\/td>\n<td>Bater\u00eda AA, reemplazable por el usuario<\/td>\n<\/tr>\n<tr>\n<td>Calibraci\u00f3n<\/td>\n<td>Certificado de Calibraci\u00f3n ISO 17025 de 2 a\u00f1os (A2LA), Certificado de Calibraci\u00f3n NIST de 1 a\u00f1o y Certificado de Cumplimiento del Fabricante<\/td>\n<\/tr>\n<tr>\n<td>Certificaci\u00f3n<\/td>\n<td>Marca CE, Trazable a NIST, RoHS, WEEE<\/td>\n<\/tr>\n<\/tbody>\n<\/table>\n<\/div>\n","protected":false},"excerpt":{"rendered":"<div class=\"prod-intro\">\n<h3><strong>Caracter\u00edsticas<\/strong><\/h3>\n<ul>\n<li>Monitorea las vacunas a temperaturas ultrajabas.<\/li>\n<li>Ideal para almacenamiento y transporte con hielo seco.<\/li>\n<li>Memoria m\u00ednima\/m\u00e1xima para lecturas m\u00e1s bajas y m\u00e1s altas.<\/li>\n<li>Alarmas altas y bajas con zumbido audible y luz roja intermitente.<\/li>\n<li>Sensor externo desmontable con conector Jack est\u00e9reo chapado en oro.<\/li>\n<li>Pantalla LCD Jumbo.<\/li>\n<li>Escalas de temperatura seleccionables en \u00baC \/ \u00baF.<\/li>\n<li>La memoria no vol\u00e1til conserva la configuraci\u00f3n durante el reemplazo de la bater\u00eda.<\/li>\n<li>Indicador de bater\u00eda restante.<\/li>\n<li>Se monta en superficies verticales con potentes imanes integrados.<\/li>\n<li>Soporte plegable para colocarse en superficies planas.<\/li>\n<\/ul>\n<\/div>\n","protected":false},"featured_media":1834,"comment_status":"open","ping_status":"closed","template":"","meta":{"_joinchat":[]},"product_brand":[],"product_cat":[15],"product_tag":[],"class_list":{"0":"post-1831","1":"product","2":"type-product","3":"status-publish","4":"has-post-thumbnail","6":"product_cat-sin-categorizar","8":"first","9":"instock","10":"shipping-taxable","11":"product-type-simple"},"yoast_head":"<!-- This site is optimized with the Yoast SEO plugin v26.4 - https:\/\/yoast.com\/wordpress\/plugins\/seo\/ -->\n<title>Term\u00f3metro flashcheck certified min-max ult Modelo 12239 - Abaa tienda online<\/title>\n<meta name=\"robots\" content=\"index, follow, max-snippet:-1, max-image-preview:large, max-video-preview:-1\" \/>\n<link rel=\"canonical\" href=\"https:\/\/abaa.mx\/tienda\/termometro-flashcheck-certified-min-max-ult-modelo-12239\/\" \/>\n<meta property=\"og:locale\" content=\"es_MX\" \/>\n<meta property=\"og:type\" content=\"article\" \/>\n<meta property=\"og:title\" content=\"Term\u00f3metro flashcheck certified min-max ult Modelo 12239 - Abaa tienda online\" \/>\n<meta property=\"og:description\" content=\"Caracter\u00edsticas   Monitorea las vacunas a temperaturas ultrajabas.  Ideal para almacenamiento y transporte con hielo seco.  Memoria m\u00ednima\/m\u00e1xima para lecturas m\u00e1s bajas y m\u00e1s altas.  Alarmas altas y bajas con zumbido audible y luz roja intermitente.  Sensor externo desmontable con conector Jack est\u00e9reo chapado en oro.  Pantalla LCD Jumbo.  Escalas de temperatura seleccionables en \u00baC \/ \u00baF.  La memoria no vol\u00e1til conserva la configuraci\u00f3n durante el reemplazo de la bater\u00eda.  Indicador de bater\u00eda restante.  Se monta en superficies verticales con potentes imanes integrados.  Soporte plegable para colocarse en superficies planas.\" \/>\n<meta property=\"og:url\" content=\"https:\/\/abaa.mx\/tienda\/termometro-flashcheck-certified-min-max-ult-modelo-12239\/\" \/>\n<meta property=\"og:site_name\" content=\"Abaa tienda online\" \/>\n<meta property=\"article:modified_time\" content=\"2024-01-04T16:03:02+00:00\" \/>\n<meta property=\"og:image\" content=\"https:\/\/abaa.mx\/tienda\/wp-content\/uploads\/2023\/09\/12239.jpg\" \/>\n\t<meta property=\"og:image:width\" content=\"1000\" \/>\n\t<meta property=\"og:image:height\" content=\"708\" \/>\n\t<meta property=\"og:image:type\" content=\"image\/jpeg\" \/>\n<meta name=\"twitter:card\" content=\"summary_large_image\" \/>\n<meta name=\"twitter:label1\" content=\"Tiempo de lectura\" \/>\n\t<meta name=\"twitter:data1\" content=\"2 minutos\" \/>\n<script type=\"application\/ld+json\" class=\"yoast-schema-graph\">{\"@context\":\"https:\/\/schema.org\",\"@graph\":[{\"@type\":\"WebPage\",\"@id\":\"https:\/\/abaa.mx\/tienda\/termometro-flashcheck-certified-min-max-ult-modelo-12239\/\",\"url\":\"https:\/\/abaa.mx\/tienda\/termometro-flashcheck-certified-min-max-ult-modelo-12239\/\",\"name\":\"Term\u00f3metro flashcheck certified min-max ult Modelo 12239 - Abaa tienda online\",\"isPartOf\":{\"@id\":\"https:\/\/abaa.mx\/tienda\/#website\"},\"primaryImageOfPage\":{\"@id\":\"https:\/\/abaa.mx\/tienda\/termometro-flashcheck-certified-min-max-ult-modelo-12239\/#primaryimage\"},\"image\":{\"@id\":\"https:\/\/abaa.mx\/tienda\/termometro-flashcheck-certified-min-max-ult-modelo-12239\/#primaryimage\"},\"thumbnailUrl\":\"https:\/\/abaa.mx\/tienda\/wp-content\/uploads\/2023\/09\/12239.jpg\",\"datePublished\":\"2023-09-18T16:12:22+00:00\",\"dateModified\":\"2024-01-04T16:03:02+00:00\",\"breadcrumb\":{\"@id\":\"https:\/\/abaa.mx\/tienda\/termometro-flashcheck-certified-min-max-ult-modelo-12239\/#breadcrumb\"},\"inLanguage\":\"es\",\"potentialAction\":[{\"@type\":\"ReadAction\",\"target\":[\"https:\/\/abaa.mx\/tienda\/termometro-flashcheck-certified-min-max-ult-modelo-12239\/\"]}]},{\"@type\":\"ImageObject\",\"inLanguage\":\"es\",\"@id\":\"https:\/\/abaa.mx\/tienda\/termometro-flashcheck-certified-min-max-ult-modelo-12239\/#primaryimage\",\"url\":\"https:\/\/abaa.mx\/tienda\/wp-content\/uploads\/2023\/09\/12239.jpg\",\"contentUrl\":\"https:\/\/abaa.mx\/tienda\/wp-content\/uploads\/2023\/09\/12239.jpg\",\"width\":1000,\"height\":708,\"caption\":\"termometro-flashcheck-certified-min-max-ult-modelo-12239\"},{\"@type\":\"BreadcrumbList\",\"@id\":\"https:\/\/abaa.mx\/tienda\/termometro-flashcheck-certified-min-max-ult-modelo-12239\/#breadcrumb\",\"itemListElement\":[{\"@type\":\"ListItem\",\"position\":1,\"name\":\"Inicio\",\"item\":\"https:\/\/abaa.mx\/tienda\/\"},{\"@type\":\"ListItem\",\"position\":2,\"name\":\"Tienda\",\"item\":\"https:\/\/abaa.mx\/tienda\/\"},{\"@type\":\"ListItem\",\"position\":3,\"name\":\"Term\u00f3metro flashcheck certified min-max ult Modelo 12239\"}]},{\"@type\":\"WebSite\",\"@id\":\"https:\/\/abaa.mx\/tienda\/#website\",\"url\":\"https:\/\/abaa.mx\/tienda\/\",\"name\":\"Abaa tienda online\",\"description\":\"Instrumentos de medici\u00f3n\",\"publisher\":{\"@id\":\"https:\/\/abaa.mx\/tienda\/#organization\"},\"potentialAction\":[{\"@type\":\"SearchAction\",\"target\":{\"@type\":\"EntryPoint\",\"urlTemplate\":\"https:\/\/abaa.mx\/tienda\/?s={search_term_string}\"},\"query-input\":{\"@type\":\"PropertyValueSpecification\",\"valueRequired\":true,\"valueName\":\"search_term_string\"}}],\"inLanguage\":\"es\"},{\"@type\":\"Organization\",\"@id\":\"https:\/\/abaa.mx\/tienda\/#organization\",\"name\":\"Abaa tienda online\",\"url\":\"https:\/\/abaa.mx\/tienda\/\",\"logo\":{\"@type\":\"ImageObject\",\"inLanguage\":\"es\",\"@id\":\"https:\/\/abaa.mx\/tienda\/#\/schema\/logo\/image\/\",\"url\":\"https:\/\/abaa.mx\/tienda\/wp-content\/uploads\/2024\/01\/abaa-metrologia-tienda.png\",\"contentUrl\":\"https:\/\/abaa.mx\/tienda\/wp-content\/uploads\/2024\/01\/abaa-metrologia-tienda.png\",\"width\":300,\"height\":141,\"caption\":\"Abaa tienda online\"},\"image\":{\"@id\":\"https:\/\/abaa.mx\/tienda\/#\/schema\/logo\/image\/\"}}]}<\/script>\n<!-- \/ Yoast SEO plugin. -->","yoast_head_json":{"title":"Term\u00f3metro flashcheck certified min-max ult Modelo 12239 - Abaa tienda online","robots":{"index":"index","follow":"follow","max-snippet":"max-snippet:-1","max-image-preview":"max-image-preview:large","max-video-preview":"max-video-preview:-1"},"canonical":"https:\/\/abaa.mx\/tienda\/termometro-flashcheck-certified-min-max-ult-modelo-12239\/","og_locale":"es_MX","og_type":"article","og_title":"Term\u00f3metro flashcheck certified min-max ult Modelo 12239 - Abaa tienda online","og_description":"Caracter\u00edsticas   Monitorea las vacunas a temperaturas ultrajabas.  Ideal para almacenamiento y transporte con hielo seco.  Memoria m\u00ednima\/m\u00e1xima para lecturas m\u00e1s bajas y m\u00e1s altas.  Alarmas altas y bajas con zumbido audible y luz roja intermitente.  Sensor externo desmontable con conector Jack est\u00e9reo chapado en oro.  Pantalla LCD Jumbo.  Escalas de temperatura seleccionables en \u00baC \/ \u00baF.  La memoria no vol\u00e1til conserva la configuraci\u00f3n durante el reemplazo de la bater\u00eda.  Indicador de bater\u00eda restante.  Se monta en superficies verticales con potentes imanes integrados.  Soporte plegable para colocarse en superficies planas.","og_url":"https:\/\/abaa.mx\/tienda\/termometro-flashcheck-certified-min-max-ult-modelo-12239\/","og_site_name":"Abaa tienda online","article_modified_time":"2024-01-04T16:03:02+00:00","og_image":[{"width":1000,"height":708,"url":"https:\/\/abaa.mx\/tienda\/wp-content\/uploads\/2023\/09\/12239.jpg","type":"image\/jpeg"}],"twitter_card":"summary_large_image","twitter_misc":{"Tiempo de lectura":"2 minutos"},"schema":{"@context":"https:\/\/schema.org","@graph":[{"@type":"WebPage","@id":"https:\/\/abaa.mx\/tienda\/termometro-flashcheck-certified-min-max-ult-modelo-12239\/","url":"https:\/\/abaa.mx\/tienda\/termometro-flashcheck-certified-min-max-ult-modelo-12239\/","name":"Term\u00f3metro flashcheck certified min-max ult Modelo 12239 - Abaa tienda online","isPartOf":{"@id":"https:\/\/abaa.mx\/tienda\/#website"},"primaryImageOfPage":{"@id":"https:\/\/abaa.mx\/tienda\/termometro-flashcheck-certified-min-max-ult-modelo-12239\/#primaryimage"},"image":{"@id":"https:\/\/abaa.mx\/tienda\/termometro-flashcheck-certified-min-max-ult-modelo-12239\/#primaryimage"},"thumbnailUrl":"https:\/\/abaa.mx\/tienda\/wp-content\/uploads\/2023\/09\/12239.jpg","datePublished":"2023-09-18T16:12:22+00:00","dateModified":"2024-01-04T16:03:02+00:00","breadcrumb":{"@id":"https:\/\/abaa.mx\/tienda\/termometro-flashcheck-certified-min-max-ult-modelo-12239\/#breadcrumb"},"inLanguage":"es","potentialAction":[{"@type":"ReadAction","target":["https:\/\/abaa.mx\/tienda\/termometro-flashcheck-certified-min-max-ult-modelo-12239\/"]}]},{"@type":"ImageObject","inLanguage":"es","@id":"https:\/\/abaa.mx\/tienda\/termometro-flashcheck-certified-min-max-ult-modelo-12239\/#primaryimage","url":"https:\/\/abaa.mx\/tienda\/wp-content\/uploads\/2023\/09\/12239.jpg","contentUrl":"https:\/\/abaa.mx\/tienda\/wp-content\/uploads\/2023\/09\/12239.jpg","width":1000,"height":708,"caption":"termometro-flashcheck-certified-min-max-ult-modelo-12239"},{"@type":"BreadcrumbList","@id":"https:\/\/abaa.mx\/tienda\/termometro-flashcheck-certified-min-max-ult-modelo-12239\/#breadcrumb","itemListElement":[{"@type":"ListItem","position":1,"name":"Inicio","item":"https:\/\/abaa.mx\/tienda\/"},{"@type":"ListItem","position":2,"name":"Tienda","item":"https:\/\/abaa.mx\/tienda\/"},{"@type":"ListItem","position":3,"name":"Term\u00f3metro flashcheck certified min-max ult Modelo 12239"}]},{"@type":"WebSite","@id":"https:\/\/abaa.mx\/tienda\/#website","url":"https:\/\/abaa.mx\/tienda\/","name":"Abaa tienda online","description":"Instrumentos de medici\u00f3n","publisher":{"@id":"https:\/\/abaa.mx\/tienda\/#organization"},"potentialAction":[{"@type":"SearchAction","target":{"@type":"EntryPoint","urlTemplate":"https:\/\/abaa.mx\/tienda\/?s={search_term_string}"},"query-input":{"@type":"PropertyValueSpecification","valueRequired":true,"valueName":"search_term_string"}}],"inLanguage":"es"},{"@type":"Organization","@id":"https:\/\/abaa.mx\/tienda\/#organization","name":"Abaa tienda online","url":"https:\/\/abaa.mx\/tienda\/","logo":{"@type":"ImageObject","inLanguage":"es","@id":"https:\/\/abaa.mx\/tienda\/#\/schema\/logo\/image\/","url":"https:\/\/abaa.mx\/tienda\/wp-content\/uploads\/2024\/01\/abaa-metrologia-tienda.png","contentUrl":"https:\/\/abaa.mx\/tienda\/wp-content\/uploads\/2024\/01\/abaa-metrologia-tienda.png","width":300,"height":141,"caption":"Abaa tienda online"},"image":{"@id":"https:\/\/abaa.mx\/tienda\/#\/schema\/logo\/image\/"}}]}},"_links":{"self":[{"href":"https:\/\/abaa.mx\/tienda\/wp-json\/wp\/v2\/product\/1831","targetHints":{"allow":["GET"]}}],"collection":[{"href":"https:\/\/abaa.mx\/tienda\/wp-json\/wp\/v2\/product"}],"about":[{"href":"https:\/\/abaa.mx\/tienda\/wp-json\/wp\/v2\/types\/product"}],"replies":[{"embeddable":true,"href":"https:\/\/abaa.mx\/tienda\/wp-json\/wp\/v2\/comments?post=1831"}],"wp:featuredmedia":[{"embeddable":true,"href":"https:\/\/abaa.mx\/tienda\/wp-json\/wp\/v2\/media\/1834"}],"wp:attachment":[{"href":"https:\/\/abaa.mx\/tienda\/wp-json\/wp\/v2\/media?parent=1831"}],"wp:term":[{"taxonomy":"product_brand","embeddable":true,"href":"https:\/\/abaa.mx\/tienda\/wp-json\/wp\/v2\/product_brand?post=1831"},{"taxonomy":"product_cat","embeddable":true,"href":"https:\/\/abaa.mx\/tienda\/wp-json\/wp\/v2\/product_cat?post=1831"},{"taxonomy":"product_tag","embeddable":true,"href":"https:\/\/abaa.mx\/tienda\/wp-json\/wp\/v2\/product_tag?post=1831"}],"curies":[{"name":"wp","href":"https:\/\/api.w.org\/{rel}","templated":true}]}}