{"id":1822,"date":"2023-09-18T15:59:58","date_gmt":"2023-09-18T15:59:58","guid":{"rendered":"https:\/\/abaa.mx\/tienda\/?post_type=product&#038;p=1822"},"modified":"2023-09-18T15:59:59","modified_gmt":"2023-09-18T15:59:59","slug":"flashlink-certified-vaccine-ult-pdf-data-logger-modelo-40570","status":"publish","type":"product","link":"https:\/\/abaa.mx\/tienda\/flashlink-certified-vaccine-ult-pdf-data-logger-modelo-40570\/","title":{"rendered":"Flashlink certified vaccine ult pdf data logger Modelo 40570"},"content":{"rendered":"<h1>Flashlink\u00a0certified vaccine ult pdf data logger<\/h1>\n<h3><strong>Modelo\u00a040570<\/strong><\/h3>\n<div class=\"prod-intro\">\n<ul>\n<li>Monitorea las vacunas a temperaturas ultra bajas.<\/li>\n<li>Ideal para almacenamiento y transporte con hielo seco.<\/li>\n<li>Compatible con las normas de la CDC.<\/li>\n<li>Software compatible con 21 CFR Parte 11.<\/li>\n<li>Sensor externo de un solo canal.<\/li>\n<li>Genera autom\u00e1ticamente informes PDF, CSV y de registro diario.<\/li>\n<li>Alarmas sonoras y\/o visuales.<\/li>\n<li>Indicador de bater\u00eda baja en la pantalla LCD.<\/li>\n<li>Cable de desconexi\u00f3n r\u00e1pida para descargar registrador.<\/li>\n<li>Desplazamiento por los datos registrados en la pantalla LCD.<\/li>\n<\/ul>\n<\/div>\n<div class=\"prod-app\"><b>Aplicaciones:<\/b>Hospitales, Laboratorios, Farmacias, Refrigeradores y Congeladores de Almacenamiento.<\/p>\n<h2 class=\"rl_tabs-title nn_tabs-title\">Modelos<\/h2>\n<table>\n<thead>\n<tr>\n<th scope=\"col\">Modelo<\/th>\n<th scope=\"col\"><\/th>\n<\/tr>\n<\/thead>\n<tbody>\n<tr>\n<td>40570<\/td>\n<td>Incluye Certificado de Cumplimiento del Fabricante<\/td>\n<\/tr>\n<tr>\n<td>40570-01<\/td>\n<td>Incluye Certificado de Calibraci\u00f3n ISO 17025 de 2 a\u00f1os<\/td>\n<\/tr>\n<\/tbody>\n<\/table>\n<h2 class=\"rl_tabs-title nn_tabs-title\"><span>Especificaciones<\/span><\/h2>\n<table>\n<caption><span>FlashLink\u00a0Certified Vaccine ULT PDF Data Logger<\/span><\/caption>\n<thead>\n<tr>\n<th scope=\"col\">Caracter\u00edstica<\/th>\n<th scope=\"col\">Especificaci\u00f3n<\/th>\n<\/tr>\n<\/thead>\n<tfoot>\n<tr>\n<td colspan=\"2\"><\/td>\n<\/tr>\n<tr>\n<td colspan=\"2\"><\/td>\n<\/tr>\n<\/tfoot>\n<tbody>\n<tr>\n<td>Rango de Medici\u00f3n del Sensor<\/td>\n<td>-115.6\u00b0F a 113\u00b0F (-82\u00b0C a 45\u00b0C)<\/td>\n<\/tr>\n<tr>\n<td>Rango de Operaci\u00f3n del Registrador<\/td>\n<td>-4.0\u00b0F a 122\u00b0F (-20\u00b0C a 50\u00b0C)<\/td>\n<\/tr>\n<tr>\n<td>Resoluci\u00f3n de Temperatura<\/td>\n<td>0.1\u00b0F\/\u00b0C<\/td>\n<\/tr>\n<tr>\n<td>Precisi\u00f3n dentro del Rango de Funcionamiento Normal<\/td>\n<td>\u00b11.0\u00b0F de\u00a0-115.6\u00b0F a 113\u00b0F<br \/>\n(\u00b10.5\u00b0C de -82\u00b0C a 45\u00b0C)<\/td>\n<\/tr>\n<tr>\n<td>Capacidad de Datos<\/td>\n<td>32,496 puntos de datos<\/td>\n<\/tr>\n<tr>\n<td>Tiempo de Descarga de Datos<\/td>\n<td>5 segundos t\u00edpico para 3823 puntos<\/td>\n<\/tr>\n<tr>\n<td>M\u00faltiples Niveles de Alarma<\/td>\n<td>Niveles altos\/bajos y niveles extremadamente altos\/bajos que se muestran en la pantalla LCD, con zumbido audible<\/td>\n<\/tr>\n<tr>\n<td>Bater\u00eda<\/td>\n<td>Dos bater\u00edas de litio AAA, indicador LCD de % de energ\u00eda restante<\/td>\n<\/tr>\n<tr>\n<td>Dimensiones\/Cuerpo<\/td>\n<td>1,575 pulg x 3,66 pulg x 0,94 pulg (40 mm x 93 mm x 24 mm)<\/td>\n<\/tr>\n<tr>\n<td>Cubierta<\/td>\n<td>Pl\u00e1stico ABS<\/td>\n<\/tr>\n<tr>\n<td>Sensor externo<\/td>\n<td>0.14 pulg di\u00e1metro x 1.22 pulg largo (3.5 mm di\u00e1metro x 31 mm largo) Cable de tefl\u00f3n de 3.28 pies (1 m) con conector Jack est\u00e9reo<\/td>\n<\/tr>\n<tr>\n<td>Peso<\/td>\n<td>2.24 onzas (63.5 gramos)<\/td>\n<\/tr>\n<tr>\n<td>Calibraci\u00f3n<\/td>\n<td>Certificado de calibraci\u00f3n ISO 17025 de 2 a\u00f1os (A2LA), Certificado de calibraci\u00f3n NIST de 1 a\u00f1o y Certificado de cumplimiento del fabricante disponibles<\/td>\n<\/tr>\n<tr>\n<td>Certificaci\u00f3n<\/td>\n<td>Marcado CE, trazable a NIST, RoHS, WEEE<\/td>\n<\/tr>\n<tr>\n<td>Pantalla<\/td>\n<td>LCD, LED Rojo de Alarma<\/td>\n<\/tr>\n<tr>\n<td>Clasificaci\u00f3n Impermeable<\/td>\n<td>IP64 (con la tapa de silic\u00f3n)<\/td>\n<\/tr>\n<tr>\n<td>Condiciones de Almacenaje<\/td>\n<td>-4\u00b0F a 122\u00b0F (-20\u00b0C a 50\u00b0C) 0% a 95% de Humedad Relativa sin condensaci\u00f3n<\/td>\n<\/tr>\n<tr>\n<td>Duraci\u00f3n<\/td>\n<td>2 a\u00f1os\u00a0(duraci\u00f3n de la bater\u00eda)<\/td>\n<\/tr>\n<tr>\n<td>Requisitos del Sistema<\/td>\n<td>PC con sistema operativo actual de Windows y Adobe Reader<\/td>\n<\/tr>\n<tr>\n<td>Programaci\u00f3n<\/td>\n<td>Se suministra preconfigurado para \u201cplug and play\u201d.\u00a0Programable por el usuario con el software FlashLink Program Manager (incluido)<\/td>\n<\/tr>\n<tr>\n<td>Requisitos de Descarga<\/td>\n<td><span>Conexi\u00f3n USB directa a la PC (no se requiere software especial para descargar el registrador).<\/span><\/td>\n<\/tr>\n<\/tbody>\n<\/table>\n<\/div>\n","protected":false},"excerpt":{"rendered":"<div class=\"prod-intro\">\n<h3><strong>Caracter\u00edsticas\u00a0<\/strong><\/h3>\n<ul>\n<li>Monitorea las vacunas a temperaturas ultra bajas.<\/li>\n<li>Ideal para almacenamiento y transporte con hielo seco.<\/li>\n<li>Compatible con las normas de la CDC.<\/li>\n<li>Software compatible con 21 CFR Parte 11.<\/li>\n<li>Sensor externo de un solo canal.<\/li>\n<li>Genera autom\u00e1ticamente informes PDF, CSV y de registro diario.<\/li>\n<li>Alarmas sonoras y\/o visuales.<\/li>\n<li>Indicador de bater\u00eda baja en la pantalla LCD.<\/li>\n<li>Cable de desconexi\u00f3n r\u00e1pida para descargar registrador.<\/li>\n<li>Desplazamiento por los datos registrados en la pantalla LCD.<\/li>\n<\/ul>\n<\/div>\n","protected":false},"featured_media":1828,"comment_status":"open","ping_status":"closed","template":"","meta":{"_joinchat":[]},"product_brand":[],"product_cat":[15],"product_tag":[],"class_list":{"0":"post-1822","1":"product","2":"type-product","3":"status-publish","4":"has-post-thumbnail","6":"product_cat-sin-categorizar","8":"first","9":"instock","10":"shipping-taxable","11":"product-type-simple"},"yoast_head":"<!-- This site is optimized with the Yoast SEO plugin v26.4 - https:\/\/yoast.com\/wordpress\/plugins\/seo\/ -->\n<title>Flashlink certified vaccine ult pdf data logger Modelo 40570 - Abaa tienda online<\/title>\n<meta name=\"robots\" content=\"index, follow, max-snippet:-1, max-image-preview:large, max-video-preview:-1\" \/>\n<link rel=\"canonical\" href=\"https:\/\/abaa.mx\/tienda\/flashlink-certified-vaccine-ult-pdf-data-logger-modelo-40570\/\" \/>\n<meta property=\"og:locale\" content=\"es_MX\" \/>\n<meta property=\"og:type\" content=\"article\" \/>\n<meta property=\"og:title\" content=\"Flashlink certified vaccine ult pdf data logger Modelo 40570 - Abaa tienda online\" \/>\n<meta property=\"og:description\" content=\"Caracter\u00edsticas\u00a0   Monitorea las vacunas a temperaturas ultra bajas.  Ideal para almacenamiento y transporte con hielo seco.  Compatible con las normas de la CDC.  Software compatible con 21 CFR Parte 11.  Sensor externo de un solo canal.  Genera autom\u00e1ticamente informes PDF, CSV y de registro diario.  Alarmas sonoras y\/o visuales.  Indicador de bater\u00eda baja en la pantalla LCD.  Cable de desconexi\u00f3n r\u00e1pida para descargar registrador.  Desplazamiento por los datos registrados en la pantalla LCD.\" \/>\n<meta property=\"og:url\" content=\"https:\/\/abaa.mx\/tienda\/flashlink-certified-vaccine-ult-pdf-data-logger-modelo-40570\/\" \/>\n<meta property=\"og:site_name\" content=\"Abaa tienda online\" \/>\n<meta property=\"article:modified_time\" content=\"2023-09-18T15:59:59+00:00\" \/>\n<meta property=\"og:image\" content=\"https:\/\/abaa.mx\/tienda\/wp-content\/uploads\/2023\/09\/40570.jpg\" \/>\n\t<meta property=\"og:image:width\" content=\"474\" \/>\n\t<meta property=\"og:image:height\" content=\"217\" \/>\n\t<meta property=\"og:image:type\" content=\"image\/jpeg\" \/>\n<meta name=\"twitter:card\" content=\"summary_large_image\" \/>\n<meta name=\"twitter:label1\" content=\"Tiempo de lectura\" \/>\n\t<meta name=\"twitter:data1\" content=\"2 minutos\" \/>\n<script type=\"application\/ld+json\" class=\"yoast-schema-graph\">{\"@context\":\"https:\/\/schema.org\",\"@graph\":[{\"@type\":\"WebPage\",\"@id\":\"https:\/\/abaa.mx\/tienda\/flashlink-certified-vaccine-ult-pdf-data-logger-modelo-40570\/\",\"url\":\"https:\/\/abaa.mx\/tienda\/flashlink-certified-vaccine-ult-pdf-data-logger-modelo-40570\/\",\"name\":\"Flashlink certified vaccine ult pdf data logger Modelo 40570 - Abaa tienda online\",\"isPartOf\":{\"@id\":\"https:\/\/abaa.mx\/tienda\/#website\"},\"primaryImageOfPage\":{\"@id\":\"https:\/\/abaa.mx\/tienda\/flashlink-certified-vaccine-ult-pdf-data-logger-modelo-40570\/#primaryimage\"},\"image\":{\"@id\":\"https:\/\/abaa.mx\/tienda\/flashlink-certified-vaccine-ult-pdf-data-logger-modelo-40570\/#primaryimage\"},\"thumbnailUrl\":\"https:\/\/abaa.mx\/tienda\/wp-content\/uploads\/2023\/09\/40570.jpg\",\"datePublished\":\"2023-09-18T15:59:58+00:00\",\"dateModified\":\"2023-09-18T15:59:59+00:00\",\"breadcrumb\":{\"@id\":\"https:\/\/abaa.mx\/tienda\/flashlink-certified-vaccine-ult-pdf-data-logger-modelo-40570\/#breadcrumb\"},\"inLanguage\":\"es\",\"potentialAction\":[{\"@type\":\"ReadAction\",\"target\":[\"https:\/\/abaa.mx\/tienda\/flashlink-certified-vaccine-ult-pdf-data-logger-modelo-40570\/\"]}]},{\"@type\":\"ImageObject\",\"inLanguage\":\"es\",\"@id\":\"https:\/\/abaa.mx\/tienda\/flashlink-certified-vaccine-ult-pdf-data-logger-modelo-40570\/#primaryimage\",\"url\":\"https:\/\/abaa.mx\/tienda\/wp-content\/uploads\/2023\/09\/40570.jpg\",\"contentUrl\":\"https:\/\/abaa.mx\/tienda\/wp-content\/uploads\/2023\/09\/40570.jpg\",\"width\":474,\"height\":217,\"caption\":\"flashlink-certified-vaccine-ult-pdf-data-logger-modelo-40570\"},{\"@type\":\"BreadcrumbList\",\"@id\":\"https:\/\/abaa.mx\/tienda\/flashlink-certified-vaccine-ult-pdf-data-logger-modelo-40570\/#breadcrumb\",\"itemListElement\":[{\"@type\":\"ListItem\",\"position\":1,\"name\":\"Inicio\",\"item\":\"https:\/\/abaa.mx\/tienda\/\"},{\"@type\":\"ListItem\",\"position\":2,\"name\":\"Tienda\",\"item\":\"https:\/\/abaa.mx\/tienda\/\"},{\"@type\":\"ListItem\",\"position\":3,\"name\":\"Flashlink certified vaccine ult pdf data logger Modelo 40570\"}]},{\"@type\":\"WebSite\",\"@id\":\"https:\/\/abaa.mx\/tienda\/#website\",\"url\":\"https:\/\/abaa.mx\/tienda\/\",\"name\":\"Abaa tienda online\",\"description\":\"Instrumentos de medici\u00f3n\",\"publisher\":{\"@id\":\"https:\/\/abaa.mx\/tienda\/#organization\"},\"potentialAction\":[{\"@type\":\"SearchAction\",\"target\":{\"@type\":\"EntryPoint\",\"urlTemplate\":\"https:\/\/abaa.mx\/tienda\/?s={search_term_string}\"},\"query-input\":{\"@type\":\"PropertyValueSpecification\",\"valueRequired\":true,\"valueName\":\"search_term_string\"}}],\"inLanguage\":\"es\"},{\"@type\":\"Organization\",\"@id\":\"https:\/\/abaa.mx\/tienda\/#organization\",\"name\":\"Abaa tienda online\",\"url\":\"https:\/\/abaa.mx\/tienda\/\",\"logo\":{\"@type\":\"ImageObject\",\"inLanguage\":\"es\",\"@id\":\"https:\/\/abaa.mx\/tienda\/#\/schema\/logo\/image\/\",\"url\":\"https:\/\/abaa.mx\/tienda\/wp-content\/uploads\/2024\/01\/abaa-metrologia-tienda.png\",\"contentUrl\":\"https:\/\/abaa.mx\/tienda\/wp-content\/uploads\/2024\/01\/abaa-metrologia-tienda.png\",\"width\":300,\"height\":141,\"caption\":\"Abaa tienda online\"},\"image\":{\"@id\":\"https:\/\/abaa.mx\/tienda\/#\/schema\/logo\/image\/\"}}]}<\/script>\n<!-- \/ Yoast SEO plugin. -->","yoast_head_json":{"title":"Flashlink certified vaccine ult pdf data logger Modelo 40570 - Abaa tienda online","robots":{"index":"index","follow":"follow","max-snippet":"max-snippet:-1","max-image-preview":"max-image-preview:large","max-video-preview":"max-video-preview:-1"},"canonical":"https:\/\/abaa.mx\/tienda\/flashlink-certified-vaccine-ult-pdf-data-logger-modelo-40570\/","og_locale":"es_MX","og_type":"article","og_title":"Flashlink certified vaccine ult pdf data logger Modelo 40570 - Abaa tienda online","og_description":"Caracter\u00edsticas\u00a0   Monitorea las vacunas a temperaturas ultra bajas.  Ideal para almacenamiento y transporte con hielo seco.  Compatible con las normas de la CDC.  Software compatible con 21 CFR Parte 11.  Sensor externo de un solo canal.  Genera autom\u00e1ticamente informes PDF, CSV y de registro diario.  Alarmas sonoras y\/o visuales.  Indicador de bater\u00eda baja en la pantalla LCD.  Cable de desconexi\u00f3n r\u00e1pida para descargar registrador.  Desplazamiento por los datos registrados en la pantalla LCD.","og_url":"https:\/\/abaa.mx\/tienda\/flashlink-certified-vaccine-ult-pdf-data-logger-modelo-40570\/","og_site_name":"Abaa tienda online","article_modified_time":"2023-09-18T15:59:59+00:00","og_image":[{"width":474,"height":217,"url":"https:\/\/abaa.mx\/tienda\/wp-content\/uploads\/2023\/09\/40570.jpg","type":"image\/jpeg"}],"twitter_card":"summary_large_image","twitter_misc":{"Tiempo de lectura":"2 minutos"},"schema":{"@context":"https:\/\/schema.org","@graph":[{"@type":"WebPage","@id":"https:\/\/abaa.mx\/tienda\/flashlink-certified-vaccine-ult-pdf-data-logger-modelo-40570\/","url":"https:\/\/abaa.mx\/tienda\/flashlink-certified-vaccine-ult-pdf-data-logger-modelo-40570\/","name":"Flashlink certified vaccine ult pdf data logger Modelo 40570 - Abaa tienda online","isPartOf":{"@id":"https:\/\/abaa.mx\/tienda\/#website"},"primaryImageOfPage":{"@id":"https:\/\/abaa.mx\/tienda\/flashlink-certified-vaccine-ult-pdf-data-logger-modelo-40570\/#primaryimage"},"image":{"@id":"https:\/\/abaa.mx\/tienda\/flashlink-certified-vaccine-ult-pdf-data-logger-modelo-40570\/#primaryimage"},"thumbnailUrl":"https:\/\/abaa.mx\/tienda\/wp-content\/uploads\/2023\/09\/40570.jpg","datePublished":"2023-09-18T15:59:58+00:00","dateModified":"2023-09-18T15:59:59+00:00","breadcrumb":{"@id":"https:\/\/abaa.mx\/tienda\/flashlink-certified-vaccine-ult-pdf-data-logger-modelo-40570\/#breadcrumb"},"inLanguage":"es","potentialAction":[{"@type":"ReadAction","target":["https:\/\/abaa.mx\/tienda\/flashlink-certified-vaccine-ult-pdf-data-logger-modelo-40570\/"]}]},{"@type":"ImageObject","inLanguage":"es","@id":"https:\/\/abaa.mx\/tienda\/flashlink-certified-vaccine-ult-pdf-data-logger-modelo-40570\/#primaryimage","url":"https:\/\/abaa.mx\/tienda\/wp-content\/uploads\/2023\/09\/40570.jpg","contentUrl":"https:\/\/abaa.mx\/tienda\/wp-content\/uploads\/2023\/09\/40570.jpg","width":474,"height":217,"caption":"flashlink-certified-vaccine-ult-pdf-data-logger-modelo-40570"},{"@type":"BreadcrumbList","@id":"https:\/\/abaa.mx\/tienda\/flashlink-certified-vaccine-ult-pdf-data-logger-modelo-40570\/#breadcrumb","itemListElement":[{"@type":"ListItem","position":1,"name":"Inicio","item":"https:\/\/abaa.mx\/tienda\/"},{"@type":"ListItem","position":2,"name":"Tienda","item":"https:\/\/abaa.mx\/tienda\/"},{"@type":"ListItem","position":3,"name":"Flashlink certified vaccine ult pdf data logger Modelo 40570"}]},{"@type":"WebSite","@id":"https:\/\/abaa.mx\/tienda\/#website","url":"https:\/\/abaa.mx\/tienda\/","name":"Abaa tienda online","description":"Instrumentos de medici\u00f3n","publisher":{"@id":"https:\/\/abaa.mx\/tienda\/#organization"},"potentialAction":[{"@type":"SearchAction","target":{"@type":"EntryPoint","urlTemplate":"https:\/\/abaa.mx\/tienda\/?s={search_term_string}"},"query-input":{"@type":"PropertyValueSpecification","valueRequired":true,"valueName":"search_term_string"}}],"inLanguage":"es"},{"@type":"Organization","@id":"https:\/\/abaa.mx\/tienda\/#organization","name":"Abaa tienda online","url":"https:\/\/abaa.mx\/tienda\/","logo":{"@type":"ImageObject","inLanguage":"es","@id":"https:\/\/abaa.mx\/tienda\/#\/schema\/logo\/image\/","url":"https:\/\/abaa.mx\/tienda\/wp-content\/uploads\/2024\/01\/abaa-metrologia-tienda.png","contentUrl":"https:\/\/abaa.mx\/tienda\/wp-content\/uploads\/2024\/01\/abaa-metrologia-tienda.png","width":300,"height":141,"caption":"Abaa tienda online"},"image":{"@id":"https:\/\/abaa.mx\/tienda\/#\/schema\/logo\/image\/"}}]}},"_links":{"self":[{"href":"https:\/\/abaa.mx\/tienda\/wp-json\/wp\/v2\/product\/1822","targetHints":{"allow":["GET"]}}],"collection":[{"href":"https:\/\/abaa.mx\/tienda\/wp-json\/wp\/v2\/product"}],"about":[{"href":"https:\/\/abaa.mx\/tienda\/wp-json\/wp\/v2\/types\/product"}],"replies":[{"embeddable":true,"href":"https:\/\/abaa.mx\/tienda\/wp-json\/wp\/v2\/comments?post=1822"}],"wp:featuredmedia":[{"embeddable":true,"href":"https:\/\/abaa.mx\/tienda\/wp-json\/wp\/v2\/media\/1828"}],"wp:attachment":[{"href":"https:\/\/abaa.mx\/tienda\/wp-json\/wp\/v2\/media?parent=1822"}],"wp:term":[{"taxonomy":"product_brand","embeddable":true,"href":"https:\/\/abaa.mx\/tienda\/wp-json\/wp\/v2\/product_brand?post=1822"},{"taxonomy":"product_cat","embeddable":true,"href":"https:\/\/abaa.mx\/tienda\/wp-json\/wp\/v2\/product_cat?post=1822"},{"taxonomy":"product_tag","embeddable":true,"href":"https:\/\/abaa.mx\/tienda\/wp-json\/wp\/v2\/product_tag?post=1822"}],"curies":[{"name":"wp","href":"https:\/\/api.w.org\/{rel}","templated":true}]}}