{"id":1797,"date":"2023-09-15T21:04:06","date_gmt":"2023-09-15T21:04:06","guid":{"rendered":"https:\/\/abaa.mx\/tienda\/?post_type=product&#038;p=1797"},"modified":"2023-09-15T21:04:07","modified_gmt":"2023-09-15T21:04:07","slug":"registrador-de-datos-de-temperatura-reutilizable-flashlink-ble-bluetooth-low-energy-modelo-40900","status":"publish","type":"product","link":"https:\/\/abaa.mx\/tienda\/registrador-de-datos-de-temperatura-reutilizable-flashlink-ble-bluetooth-low-energy-modelo-40900\/","title":{"rendered":"Registrador de datos de temperatura reutilizable flashlink ble (bluetooth low energy) Modelo 40900"},"content":{"rendered":"<h1>Registrador de datos de temperatura reutilizable flashlink\u00a0ble (bluetooth low energy)<\/h1>\n<h3><strong>Modelo\u00a040900<\/strong><\/h3>\n<div class=\"prod-top\">\n<div class=\"prod-left\">\n<div class=\"prod-intro\">\n<ul>\n<li>Monitorea temperatura y ubicaci\u00f3n.<\/li>\n<li>Sigue la ruta y las condiciones dentro de los veh\u00edculos durante la entrega.<\/li>\n<li>Realiza un seguimiento de las condiciones en las instalaciones de almacenamiento, procesamiento y envasado.<\/li>\n<li>Acceda a datos en dispositivos m\u00f3viles hasta ~ 100 pies \/ 30 metros de distancia.<\/li>\n<li>Los datos seguros se visualizan con un C\u00f3digo de acceso o solo con permiso del usuario No es necesario abrir puertas y localizar el registrador para descargar.<\/li>\n<li>Transmite de forma inal\u00e1mbrica datos a dispositivos inteligentes con la aplicaci\u00f3n Configuraci\u00f3n personalizada: ID \/ nombre, intervalo de registro, l\u00edmites de alarma alto \/ bajo.<\/li>\n<li>Enviar informes por correo electr\u00f3nico en PDF y CSV desde dispositivos m\u00f3viles y aplicaciones web.<\/li>\n<li>Datos almacenados en una aplicaci\u00f3n basada en la nube.<\/li>\n<li>Analizar informaci\u00f3n de cualquier dispositivo habilitado para la web para tomar decisiones de gesti\u00f3n de la cadena de fr\u00edo.<\/li>\n<\/ul>\n<\/div>\n<div class=\"prod-app\"><b>Aplicaciones:<\/b>\u00a0Almacenes frigor\u00edficos, centros de distribuci\u00f3n, invernaderos, gallineros, preenfriadores, as\u00ed como laboratorios, salas blancas, furgonetas refrigeradas, camiones y contenedores.<\/div>\n<\/div>\n<\/div>\n<div class=\"prod-bottom\">\n<div class=\"prod-desc\">\n<p>Ideal para monitoreo de instalaciones, operaciones de preenfriamiento, rutas de entrega y mensajeros, esta soluci\u00f3n de monitoreo inal\u00e1mbrico brinda informaci\u00f3n de temperatura y ubicaci\u00f3n durante el almacenamiento, procesamiento y transporte de cualquier producto perecedero. Los datos se descargan del BLE Logger usando una aplicaci\u00f3n de tel\u00e9fono inteligente con un c\u00f3digo de acceso que ofrece un nivel adicional de seguridad de datos. El dispositivo m\u00f3vil carga informaci\u00f3n en una aplicaci\u00f3n web donde se puede ver de forma remota.<\/p>\n<p>Las aplicaciones incluyen almacenes de almacenamiento en fr\u00edo, centros de distribuci\u00f3n, invernaderos, gallineros, preenfriadores, as\u00ed como laboratorios, salas limpias, furgonetas refrigeradas, camiones y contenedores. El sistema env\u00eda notificaciones por correo electr\u00f3nico o por SMS cuando ocurren condiciones fuera de rango. El personal puede ver las lecturas de temperatura en tiempo real en las instalaciones y los preenfriadores, as\u00ed como la ubicaci\u00f3n del cami\u00f3n durante el tr\u00e1nsito. Esto les permite saber cu\u00e1ndo los productos se ven afectados por cambios en las condiciones de temperatura o cuando se producen entregas, por lo que se pueden tomar acciones correctivas inmediatas cuando hay problemas.<\/p>\n<h2 class=\"rl_tabs-title nn_tabs-title\"><span>Especificaciones<\/span><\/h2>\n<table>\n<caption><span>Registrador de datos de temperatura reutilizable FlashLink BLE (Bluetooth Low Energy)<\/span><\/caption>\n<thead>\n<tr>\n<th scope=\"col\">Caracter\u00edstica<\/th>\n<th scope=\"col\">Especificaci\u00f3n<\/th>\n<\/tr>\n<\/thead>\n<tfoot>\n<tr>\n<td colspan=\"2\"><\/td>\n<\/tr>\n<\/tfoot>\n<tbody>\n<tr>\n<td>Rango de medici\u00f3n<\/td>\n<td>-4\u00b0F a 140\u00b0F (-20\u00b0C a 60\u00b0C)<\/td>\n<\/tr>\n<tr>\n<td>Resoluci\u00f3n de temperatura<\/td>\n<td>0.018\u00b0F\/0.01\u00b0C<\/td>\n<\/tr>\n<tr>\n<td>Precisi\u00f3n<\/td>\n<td>\u00b1 0.9\u00b0F de -4\u00baF a 140\u00b0F<br \/>\n(\u00b1 0.5\u00b0C de -20\u00b0C a 60\u00b0C)<\/td>\n<\/tr>\n<tr>\n<td>Capacidad de datosy<\/td>\n<td>40,000 puntos de datos<\/td>\n<\/tr>\n<tr>\n<td>Intervalo de registro<\/td>\n<td>1 minuto a 18 horas, configurable por el usuario<\/td>\n<\/tr>\n<tr>\n<td>Registro de alta resoluci\u00f3n<\/td>\n<td>Registra fluctuaciones de temperatura de&gt; 1.0 \u00b0 F \/ 0.5 \u00b0 C<\/td>\n<\/tr>\n<tr>\n<td>Rango de transmisi\u00f3n:<\/td>\n<td>30 metros<\/td>\n<\/tr>\n<tr>\n<td>Intensidad de se\u00f1al:<\/td>\n<td>Visible en aplicaci\u00f3n m\u00f3vil<\/td>\n<\/tr>\n<tr>\n<td>Bater\u00eda<\/td>\n<td>Moneda de litio<\/td>\n<\/tr>\n<tr>\n<td>Dimensiones \/ Cuerpo<\/td>\n<td>1,7&#8221; x 0,5&#8221; x 3,8&#8221;<br \/>\n(43 mm x 13 mm x 97 mm)<\/td>\n<\/tr>\n<tr>\n<td>Caja<\/td>\n<td>Pl\u00e1stico ABS<\/td>\n<\/tr>\n<tr>\n<td>Peso<\/td>\n<td>1.06 oz (30 gramos)<\/td>\n<\/tr>\n<tr>\n<td>LED<\/td>\n<td>Verde y rojo<\/td>\n<\/tr>\n<tr>\n<td>Certificado<\/td>\n<td>Marca CE, compatible con FCC<\/td>\n<\/tr>\n<tr>\n<td>Requisitos del sistema<\/td>\n<td>iOS o Android 6.0.1 y Bluetooth 4.0<br \/>\nRequiere acceso a internet para guardar datos en la nube<\/td>\n<\/tr>\n<tr>\n<td>Programaci\u00f3n<\/td>\n<td><span>Aplicaci\u00f3n Android \/ iOS<\/span><\/td>\n<\/tr>\n<tr>\n<td>Requisitos de descarga<\/td>\n<td><span>Aplicaci\u00f3n Android \/ iOS<\/span><\/td>\n<\/tr>\n<tr>\n<td>Descarga de datos<\/td>\n<td>Acceso web a los datos de archivo<\/td>\n<\/tr>\n<\/tbody>\n<\/table>\n<\/div>\n<\/div>\n","protected":false},"excerpt":{"rendered":"<h3><strong>Caracter\u00edsticas\u00a0<\/strong><\/h3>\n<ul>\n<li>Monitorea temperatura y ubicaci\u00f3n.<\/li>\n<li>Sigue la ruta y las condiciones dentro de los veh\u00edculos durante la entrega.<\/li>\n<li>Realiza un seguimiento de las condiciones en las instalaciones de almacenamiento, procesamiento y envasado.<\/li>\n<li>Acceda a datos en dispositivos m\u00f3viles hasta ~ 100 pies \/ 30 metros de distancia.<\/li>\n<li>Los datos seguros se visualizan con un C\u00f3digo de acceso o solo con permiso del usuario No es necesario abrir puertas y localizar el registrador para descargar.<\/li>\n<li>Transmite de forma inal\u00e1mbrica datos a dispositivos inteligentes con la aplicaci\u00f3n Configuraci\u00f3n personalizada: ID \/ nombre, intervalo de registro, l\u00edmites de alarma alto \/ bajo.<\/li>\n<li>Enviar informes por correo electr\u00f3nico en PDF y CSV desde dispositivos m\u00f3viles y aplicaciones web.<\/li>\n<li>Datos almacenados en una aplicaci\u00f3n basada en la nube.<\/li>\n<li>Analizar informaci\u00f3n de cualquier dispositivo habilitado para la web para tomar decisiones de gesti\u00f3n de la cadena de fr\u00edo.<\/li>\n<\/ul>\n","protected":false},"featured_media":1798,"comment_status":"open","ping_status":"closed","template":"","meta":{"_joinchat":[]},"product_brand":[],"product_cat":[15],"product_tag":[],"class_list":{"0":"post-1797","1":"product","2":"type-product","3":"status-publish","4":"has-post-thumbnail","6":"product_cat-sin-categorizar","8":"first","9":"instock","10":"shipping-taxable","11":"product-type-simple"},"yoast_head":"<!-- This site is optimized with the Yoast SEO plugin v26.4 - https:\/\/yoast.com\/wordpress\/plugins\/seo\/ -->\n<title>Registrador de datos de temperatura reutilizable flashlink ble (bluetooth low energy) Modelo 40900 - Abaa tienda online<\/title>\n<meta name=\"robots\" content=\"index, follow, max-snippet:-1, max-image-preview:large, max-video-preview:-1\" \/>\n<link rel=\"canonical\" href=\"https:\/\/abaa.mx\/tienda\/registrador-de-datos-de-temperatura-reutilizable-flashlink-ble-bluetooth-low-energy-modelo-40900\/\" \/>\n<meta property=\"og:locale\" content=\"es_MX\" \/>\n<meta property=\"og:type\" content=\"article\" \/>\n<meta property=\"og:title\" content=\"Registrador de datos de temperatura reutilizable flashlink ble (bluetooth low energy) Modelo 40900 - Abaa tienda online\" \/>\n<meta property=\"og:description\" content=\"Caracter\u00edsticas\u00a0   Monitorea temperatura y ubicaci\u00f3n.  Sigue la ruta y las condiciones dentro de los veh\u00edculos durante la entrega.  Realiza un seguimiento de las condiciones en las instalaciones de almacenamiento, procesamiento y envasado.  Acceda a datos en dispositivos m\u00f3viles hasta ~ 100 pies \/ 30 metros de distancia.  Los datos seguros se visualizan con un C\u00f3digo de acceso o solo con permiso del usuario No es necesario abrir puertas y localizar el registrador para descargar.  Transmite de forma inal\u00e1mbrica datos a dispositivos inteligentes con la aplicaci\u00f3n Configuraci\u00f3n personalizada: ID \/ nombre, intervalo de registro, l\u00edmites de alarma alto \/ bajo.  Enviar informes por correo electr\u00f3nico en PDF y CSV desde dispositivos m\u00f3viles y aplicaciones web.  Datos almacenados en una aplicaci\u00f3n basada en la nube.  Analizar informaci\u00f3n de cualquier dispositivo habilitado para la web para tomar decisiones de gesti\u00f3n de la cadena de fr\u00edo.\" \/>\n<meta property=\"og:url\" content=\"https:\/\/abaa.mx\/tienda\/registrador-de-datos-de-temperatura-reutilizable-flashlink-ble-bluetooth-low-energy-modelo-40900\/\" \/>\n<meta property=\"og:site_name\" content=\"Abaa tienda online\" \/>\n<meta property=\"article:modified_time\" content=\"2023-09-15T21:04:07+00:00\" \/>\n<meta property=\"og:image\" content=\"https:\/\/abaa.mx\/tienda\/wp-content\/uploads\/2023\/09\/40900.jpg\" \/>\n\t<meta property=\"og:image:width\" content=\"1000\" \/>\n\t<meta property=\"og:image:height\" content=\"483\" \/>\n\t<meta property=\"og:image:type\" content=\"image\/jpeg\" \/>\n<meta name=\"twitter:card\" content=\"summary_large_image\" \/>\n<meta name=\"twitter:label1\" content=\"Tiempo de lectura\" \/>\n\t<meta name=\"twitter:data1\" content=\"3 minutos\" \/>\n<script type=\"application\/ld+json\" class=\"yoast-schema-graph\">{\"@context\":\"https:\/\/schema.org\",\"@graph\":[{\"@type\":\"WebPage\",\"@id\":\"https:\/\/abaa.mx\/tienda\/registrador-de-datos-de-temperatura-reutilizable-flashlink-ble-bluetooth-low-energy-modelo-40900\/\",\"url\":\"https:\/\/abaa.mx\/tienda\/registrador-de-datos-de-temperatura-reutilizable-flashlink-ble-bluetooth-low-energy-modelo-40900\/\",\"name\":\"Registrador de datos de temperatura reutilizable flashlink ble (bluetooth low energy) Modelo 40900 - Abaa tienda online\",\"isPartOf\":{\"@id\":\"https:\/\/abaa.mx\/tienda\/#website\"},\"primaryImageOfPage\":{\"@id\":\"https:\/\/abaa.mx\/tienda\/registrador-de-datos-de-temperatura-reutilizable-flashlink-ble-bluetooth-low-energy-modelo-40900\/#primaryimage\"},\"image\":{\"@id\":\"https:\/\/abaa.mx\/tienda\/registrador-de-datos-de-temperatura-reutilizable-flashlink-ble-bluetooth-low-energy-modelo-40900\/#primaryimage\"},\"thumbnailUrl\":\"https:\/\/abaa.mx\/tienda\/wp-content\/uploads\/2023\/09\/40900.jpg\",\"datePublished\":\"2023-09-15T21:04:06+00:00\",\"dateModified\":\"2023-09-15T21:04:07+00:00\",\"breadcrumb\":{\"@id\":\"https:\/\/abaa.mx\/tienda\/registrador-de-datos-de-temperatura-reutilizable-flashlink-ble-bluetooth-low-energy-modelo-40900\/#breadcrumb\"},\"inLanguage\":\"es\",\"potentialAction\":[{\"@type\":\"ReadAction\",\"target\":[\"https:\/\/abaa.mx\/tienda\/registrador-de-datos-de-temperatura-reutilizable-flashlink-ble-bluetooth-low-energy-modelo-40900\/\"]}]},{\"@type\":\"ImageObject\",\"inLanguage\":\"es\",\"@id\":\"https:\/\/abaa.mx\/tienda\/registrador-de-datos-de-temperatura-reutilizable-flashlink-ble-bluetooth-low-energy-modelo-40900\/#primaryimage\",\"url\":\"https:\/\/abaa.mx\/tienda\/wp-content\/uploads\/2023\/09\/40900.jpg\",\"contentUrl\":\"https:\/\/abaa.mx\/tienda\/wp-content\/uploads\/2023\/09\/40900.jpg\",\"width\":1000,\"height\":483,\"caption\":\"registrador-de-datos-de-temperatura-reutilizable-flashlink-ble-bluetooth-low-energy-modelo-40900\"},{\"@type\":\"BreadcrumbList\",\"@id\":\"https:\/\/abaa.mx\/tienda\/registrador-de-datos-de-temperatura-reutilizable-flashlink-ble-bluetooth-low-energy-modelo-40900\/#breadcrumb\",\"itemListElement\":[{\"@type\":\"ListItem\",\"position\":1,\"name\":\"Inicio\",\"item\":\"https:\/\/abaa.mx\/tienda\/\"},{\"@type\":\"ListItem\",\"position\":2,\"name\":\"Tienda\",\"item\":\"https:\/\/abaa.mx\/tienda\/\"},{\"@type\":\"ListItem\",\"position\":3,\"name\":\"Registrador de datos de temperatura reutilizable flashlink ble (bluetooth low energy) Modelo 40900\"}]},{\"@type\":\"WebSite\",\"@id\":\"https:\/\/abaa.mx\/tienda\/#website\",\"url\":\"https:\/\/abaa.mx\/tienda\/\",\"name\":\"Abaa tienda online\",\"description\":\"Instrumentos de medici\u00f3n\",\"publisher\":{\"@id\":\"https:\/\/abaa.mx\/tienda\/#organization\"},\"potentialAction\":[{\"@type\":\"SearchAction\",\"target\":{\"@type\":\"EntryPoint\",\"urlTemplate\":\"https:\/\/abaa.mx\/tienda\/?s={search_term_string}\"},\"query-input\":{\"@type\":\"PropertyValueSpecification\",\"valueRequired\":true,\"valueName\":\"search_term_string\"}}],\"inLanguage\":\"es\"},{\"@type\":\"Organization\",\"@id\":\"https:\/\/abaa.mx\/tienda\/#organization\",\"name\":\"Abaa tienda online\",\"url\":\"https:\/\/abaa.mx\/tienda\/\",\"logo\":{\"@type\":\"ImageObject\",\"inLanguage\":\"es\",\"@id\":\"https:\/\/abaa.mx\/tienda\/#\/schema\/logo\/image\/\",\"url\":\"https:\/\/abaa.mx\/tienda\/wp-content\/uploads\/2024\/01\/abaa-metrologia-tienda.png\",\"contentUrl\":\"https:\/\/abaa.mx\/tienda\/wp-content\/uploads\/2024\/01\/abaa-metrologia-tienda.png\",\"width\":300,\"height\":141,\"caption\":\"Abaa tienda online\"},\"image\":{\"@id\":\"https:\/\/abaa.mx\/tienda\/#\/schema\/logo\/image\/\"}}]}<\/script>\n<!-- \/ Yoast SEO plugin. -->","yoast_head_json":{"title":"Registrador de datos de temperatura reutilizable flashlink ble (bluetooth low energy) Modelo 40900 - Abaa tienda online","robots":{"index":"index","follow":"follow","max-snippet":"max-snippet:-1","max-image-preview":"max-image-preview:large","max-video-preview":"max-video-preview:-1"},"canonical":"https:\/\/abaa.mx\/tienda\/registrador-de-datos-de-temperatura-reutilizable-flashlink-ble-bluetooth-low-energy-modelo-40900\/","og_locale":"es_MX","og_type":"article","og_title":"Registrador de datos de temperatura reutilizable flashlink ble (bluetooth low energy) Modelo 40900 - Abaa tienda online","og_description":"Caracter\u00edsticas\u00a0   Monitorea temperatura y ubicaci\u00f3n.  Sigue la ruta y las condiciones dentro de los veh\u00edculos durante la entrega.  Realiza un seguimiento de las condiciones en las instalaciones de almacenamiento, procesamiento y envasado.  Acceda a datos en dispositivos m\u00f3viles hasta ~ 100 pies \/ 30 metros de distancia.  Los datos seguros se visualizan con un C\u00f3digo de acceso o solo con permiso del usuario No es necesario abrir puertas y localizar el registrador para descargar.  Transmite de forma inal\u00e1mbrica datos a dispositivos inteligentes con la aplicaci\u00f3n Configuraci\u00f3n personalizada: ID \/ nombre, intervalo de registro, l\u00edmites de alarma alto \/ bajo.  Enviar informes por correo electr\u00f3nico en PDF y CSV desde dispositivos m\u00f3viles y aplicaciones web.  Datos almacenados en una aplicaci\u00f3n basada en la nube.  Analizar informaci\u00f3n de cualquier dispositivo habilitado para la web para tomar decisiones de gesti\u00f3n de la cadena de fr\u00edo.","og_url":"https:\/\/abaa.mx\/tienda\/registrador-de-datos-de-temperatura-reutilizable-flashlink-ble-bluetooth-low-energy-modelo-40900\/","og_site_name":"Abaa tienda online","article_modified_time":"2023-09-15T21:04:07+00:00","og_image":[{"width":1000,"height":483,"url":"https:\/\/abaa.mx\/tienda\/wp-content\/uploads\/2023\/09\/40900.jpg","type":"image\/jpeg"}],"twitter_card":"summary_large_image","twitter_misc":{"Tiempo de lectura":"3 minutos"},"schema":{"@context":"https:\/\/schema.org","@graph":[{"@type":"WebPage","@id":"https:\/\/abaa.mx\/tienda\/registrador-de-datos-de-temperatura-reutilizable-flashlink-ble-bluetooth-low-energy-modelo-40900\/","url":"https:\/\/abaa.mx\/tienda\/registrador-de-datos-de-temperatura-reutilizable-flashlink-ble-bluetooth-low-energy-modelo-40900\/","name":"Registrador de datos de temperatura reutilizable flashlink ble (bluetooth low energy) Modelo 40900 - Abaa tienda online","isPartOf":{"@id":"https:\/\/abaa.mx\/tienda\/#website"},"primaryImageOfPage":{"@id":"https:\/\/abaa.mx\/tienda\/registrador-de-datos-de-temperatura-reutilizable-flashlink-ble-bluetooth-low-energy-modelo-40900\/#primaryimage"},"image":{"@id":"https:\/\/abaa.mx\/tienda\/registrador-de-datos-de-temperatura-reutilizable-flashlink-ble-bluetooth-low-energy-modelo-40900\/#primaryimage"},"thumbnailUrl":"https:\/\/abaa.mx\/tienda\/wp-content\/uploads\/2023\/09\/40900.jpg","datePublished":"2023-09-15T21:04:06+00:00","dateModified":"2023-09-15T21:04:07+00:00","breadcrumb":{"@id":"https:\/\/abaa.mx\/tienda\/registrador-de-datos-de-temperatura-reutilizable-flashlink-ble-bluetooth-low-energy-modelo-40900\/#breadcrumb"},"inLanguage":"es","potentialAction":[{"@type":"ReadAction","target":["https:\/\/abaa.mx\/tienda\/registrador-de-datos-de-temperatura-reutilizable-flashlink-ble-bluetooth-low-energy-modelo-40900\/"]}]},{"@type":"ImageObject","inLanguage":"es","@id":"https:\/\/abaa.mx\/tienda\/registrador-de-datos-de-temperatura-reutilizable-flashlink-ble-bluetooth-low-energy-modelo-40900\/#primaryimage","url":"https:\/\/abaa.mx\/tienda\/wp-content\/uploads\/2023\/09\/40900.jpg","contentUrl":"https:\/\/abaa.mx\/tienda\/wp-content\/uploads\/2023\/09\/40900.jpg","width":1000,"height":483,"caption":"registrador-de-datos-de-temperatura-reutilizable-flashlink-ble-bluetooth-low-energy-modelo-40900"},{"@type":"BreadcrumbList","@id":"https:\/\/abaa.mx\/tienda\/registrador-de-datos-de-temperatura-reutilizable-flashlink-ble-bluetooth-low-energy-modelo-40900\/#breadcrumb","itemListElement":[{"@type":"ListItem","position":1,"name":"Inicio","item":"https:\/\/abaa.mx\/tienda\/"},{"@type":"ListItem","position":2,"name":"Tienda","item":"https:\/\/abaa.mx\/tienda\/"},{"@type":"ListItem","position":3,"name":"Registrador de datos de temperatura reutilizable flashlink ble (bluetooth low energy) Modelo 40900"}]},{"@type":"WebSite","@id":"https:\/\/abaa.mx\/tienda\/#website","url":"https:\/\/abaa.mx\/tienda\/","name":"Abaa tienda online","description":"Instrumentos de medici\u00f3n","publisher":{"@id":"https:\/\/abaa.mx\/tienda\/#organization"},"potentialAction":[{"@type":"SearchAction","target":{"@type":"EntryPoint","urlTemplate":"https:\/\/abaa.mx\/tienda\/?s={search_term_string}"},"query-input":{"@type":"PropertyValueSpecification","valueRequired":true,"valueName":"search_term_string"}}],"inLanguage":"es"},{"@type":"Organization","@id":"https:\/\/abaa.mx\/tienda\/#organization","name":"Abaa tienda online","url":"https:\/\/abaa.mx\/tienda\/","logo":{"@type":"ImageObject","inLanguage":"es","@id":"https:\/\/abaa.mx\/tienda\/#\/schema\/logo\/image\/","url":"https:\/\/abaa.mx\/tienda\/wp-content\/uploads\/2024\/01\/abaa-metrologia-tienda.png","contentUrl":"https:\/\/abaa.mx\/tienda\/wp-content\/uploads\/2024\/01\/abaa-metrologia-tienda.png","width":300,"height":141,"caption":"Abaa tienda online"},"image":{"@id":"https:\/\/abaa.mx\/tienda\/#\/schema\/logo\/image\/"}}]}},"_links":{"self":[{"href":"https:\/\/abaa.mx\/tienda\/wp-json\/wp\/v2\/product\/1797","targetHints":{"allow":["GET"]}}],"collection":[{"href":"https:\/\/abaa.mx\/tienda\/wp-json\/wp\/v2\/product"}],"about":[{"href":"https:\/\/abaa.mx\/tienda\/wp-json\/wp\/v2\/types\/product"}],"replies":[{"embeddable":true,"href":"https:\/\/abaa.mx\/tienda\/wp-json\/wp\/v2\/comments?post=1797"}],"wp:featuredmedia":[{"embeddable":true,"href":"https:\/\/abaa.mx\/tienda\/wp-json\/wp\/v2\/media\/1798"}],"wp:attachment":[{"href":"https:\/\/abaa.mx\/tienda\/wp-json\/wp\/v2\/media?parent=1797"}],"wp:term":[{"taxonomy":"product_brand","embeddable":true,"href":"https:\/\/abaa.mx\/tienda\/wp-json\/wp\/v2\/product_brand?post=1797"},{"taxonomy":"product_cat","embeddable":true,"href":"https:\/\/abaa.mx\/tienda\/wp-json\/wp\/v2\/product_cat?post=1797"},{"taxonomy":"product_tag","embeddable":true,"href":"https:\/\/abaa.mx\/tienda\/wp-json\/wp\/v2\/product_tag?post=1797"}],"curies":[{"name":"wp","href":"https:\/\/api.w.org\/{rel}","templated":true}]}}