{"id":1791,"date":"2023-09-15T20:47:10","date_gmt":"2023-09-15T20:47:10","guid":{"rendered":"https:\/\/abaa.mx\/tienda\/?post_type=product&#038;p=1791"},"modified":"2023-09-15T20:47:10","modified_gmt":"2023-09-15T20:47:10","slug":"registrador-de-datos-usb-reutilizable-flashlink-modelo-20908","status":"publish","type":"product","link":"https:\/\/abaa.mx\/tienda\/registrador-de-datos-usb-reutilizable-flashlink-modelo-20908\/","title":{"rendered":"Registrador de datos usb reutilizable flashlink Modelo 20908"},"content":{"rendered":"<h1>Registrador de datos usb reutilizable flashlink<\/h1>\n<h3><strong>Modelo\u00a020908<\/strong><\/h3>\n<ul>\n<li>Un solo canal, con un sensor interno para la temperatura del aire de ambiente<\/li>\n<li>Programable por el Usuario: Inicio autom\u00e1tico o manual, intervalo de muestreo, l\u00edmites de alarma, etiquetas de datos.<\/li>\n<li>Pantalla LCD grande y de f\u00e1cil lectura<\/li>\n<li>Indicador de bater\u00eda restante (bater\u00eda baja)<\/li>\n<li>Estad\u00edsticas de historia del viaje disponibles en la pantalla LCD<\/li>\n<li>Trazable a NIST y CE Mark<\/li>\n<li>Conexi\u00f3n USB<\/li>\n<\/ul>\n<div class=\"prod-top\">\n<div class=\"prod-left\">\n<div class=\"prod-app\"><b>Aplicaciones:<\/b>\u00a0Productos, Alimentos Preparados, Productos Farmac\u00e9uticos, Productos Qu\u00edmicos, Unidades de Almacenamiento, Refrigeradores<\/div>\n<\/div>\n<\/div>\n<div class=\"prod-bottom\">\n<div class=\"prod-desc\">\n<p>El Registrador de Datos USB FlashLink Reutilizable puede monitorear productos sensibles a la temperatura durante el transporte y almacenamiento o en entornos de procesamiento. Su sensor interno \u00fanico de temperatura funciona en un intervalo de -40 \u00b0F (-40 \u00b0C) a 149 \u00b0F (65 \u00b0C). La conexi\u00f3n USB permite una f\u00e1cil programaci\u00f3n del registrador de datos y la descarga de los datos grabados a una PC. El usuario puede configurar ciertos par\u00e1metros, tales como intervalos de muestreo, l\u00edmites de alarma alta y baja, encendido autom\u00e1tico o manual, salto y retraso de alarma, y para el registro de los datos en modo c\u00edclico o autom\u00e1ticamente se detendr\u00e1 cuando la memoria est\u00e9 llena. El historial descargado de la temperatura se muestra como un documento PDF con un gr\u00e1fico y resumen de datos, tales como las temperaturas altas y bajas que se alcanzan, temperatura media, tiempo de permanencia en la alarma, grados minuto, y tambi\u00e9n cuando se inicio el registro de datos, cuando se detiene y cuando se descarga.<\/p>\n<p>El Registrador de Datos USB FlashLink Reutilizable de DeltaTrak es una herramienta de monitoreo de la temperatura de transporte para productos sensibles equipados con una conexi\u00f3n USB para cargar los datos f\u00e1cilmente a una PC. Este dispositivo proporciona informaci\u00f3n del historial de temperatura que var\u00eda de -40 \u00b0C (-40 \u00b0F) hasta 65 \u00b0C (149 \u00b0F). El registrador de datos reutilizable permite al usuario programar las funciones de registrador, incluyendo el per\u00edodo de registro de datos (5,15,45 y 75 per\u00edodos del d\u00eda), el muestreo de intervalos, un bucle o stop cuando est\u00e9 lleno, alarmas altas y altas, inicio retardado, salto de alarma y retraso de alarma. La unidad tambi\u00e9n se puede programar a opciones de fabrica con un m\u00e1ximo de 6 m\u00faltiples plazos de zona de alarma. Cada zona puede ser programada para un plazo determinado y el registrador de datos har\u00e1 un seguimiento de tiempo acumulado que est\u00e9 dentro de este intervalo. Esta informaci\u00f3n se muestra en formato gr\u00e1fico en la descarga del registrador.<\/p>\n<h2 class=\"rl_tabs-title nn_tabs-title\"><span>Especificaciones<\/span><\/h2>\n<table>\n<caption><span>Modelo 20908 FlashLink Registrador de datos USB reutilizable<\/span><\/caption>\n<thead>\n<tr>\n<th scope=\"col\">Caracter\u00edstica<\/th>\n<th scope=\"col\">Especificaci\u00f3n<\/th>\n<\/tr>\n<\/thead>\n<tfoot>\n<tr>\n<td colspan=\"2\"><\/td>\n<\/tr>\n<\/tfoot>\n<tbody>\n<tr>\n<td>Intervalo de Medici\u00f3n<\/td>\n<td>-40\u00b0F a 149\u00b0F (-40\u00b0C a 65\u00b0C)<\/td>\n<\/tr>\n<tr>\n<td>Resoluci\u00f3n de la Temperatura<\/td>\n<td>0.1\u00b0F\/\u00b0C<\/td>\n<\/tr>\n<tr>\n<td>Precisi\u00f3n<\/td>\n<td>\u00b11.0\u00b0F de 14\u00b0F a 77\u00b0F (\u00b10.5\u00b0C de -10\u00b0C a 25\u00b0C);<br \/>\n\u00b12.0\u00b0F por encima de 77\u00b0F (\u00b11.0\u00b0C por encima de 25\u00b0C);<br \/>\n\u00b12.0\u00b0F por debajo de 14\u00b0F (\u00b11.0\u00b0C por debajo de -10\u00b0C)<\/td>\n<\/tr>\n<tr>\n<td>Capacidad de Datos<\/td>\n<td>3823 puntos de datos<\/td>\n<\/tr>\n<tr>\n<td>Tiempo de Descarga de Datos<\/td>\n<td>2 segundos normalmente para 3823 puntos<\/td>\n<\/tr>\n<tr>\n<td>Niveles de alarma programables<\/td>\n<td>Los niveles altos y bajos sobre todo el intervalo se muestran en la pantalla LCD<\/td>\n<\/tr>\n<tr>\n<td>Bater\u00eda<\/td>\n<td>Bater\u00eda de Litio Coin Cell, indicador en pantalla % de energ\u00eda restante<\/td>\n<\/tr>\n<tr>\n<td>Dimensiones\/Cuerpo<\/td>\n<td>1.575&#8243; x 3.189&#8243; x .575&#8243; (40mm x 81mm x 13mm)<\/td>\n<\/tr>\n<tr>\n<td>Cubierta<\/td>\n<td>PC \/ pl\u00e1stico ABS<\/td>\n<\/tr>\n<tr>\n<td>Peso<\/td>\n<td>1.3 oz. (36 gramos)<\/td>\n<\/tr>\n<tr>\n<td>Resistente a Golpes<\/td>\n<td>Soporta ca\u00eddas de 3 pies (1 metro) a una superficie dura<\/td>\n<\/tr>\n<tr>\n<td>Certificaci\u00f3n<\/td>\n<td>Marca CE, trazable a NIST, Cumplimiento RoHS<\/td>\n<\/tr>\n<tr>\n<td>Pantalla<\/td>\n<td>LCD, LED rojo de Alarma<\/td>\n<\/tr>\n<tr>\n<td>Grado Impermeable<\/td>\n<td>IP64 (con la tapa puesta de silic\u00f3n)<\/td>\n<\/tr>\n<tr>\n<td>Condiciones de Almacenamiento<\/td>\n<td>-4\u00b0F a 122\u00b0F (-20\u00b0C a 50\u00b0C) 0% a 95% HR sin condensaci\u00f3n<\/td>\n<\/tr>\n<tr>\n<td>Requisitos del Sistema<\/td>\n<td>Windows PC con sistema operativo actual y Adobe Reader<\/td>\n<\/tr>\n<tr>\n<td>Programaci\u00f3n<\/td>\n<td>&#8220;FlashLink Program Manager Software&#8221; o &#8220;USB Program Manager software&#8221;<\/td>\n<\/tr>\n<tr>\n<td>Requisitos para Descarga<\/td>\n<td>Conexi\u00f3n USB directa<\/td>\n<\/tr>\n<\/tbody>\n<\/table>\n<\/div>\n<\/div>\n","protected":false},"excerpt":{"rendered":"<h3><strong>Caracter\u00edsticas\u00a0<\/strong><\/h3>\n<ul>\n<li>Un solo canal, con un sensor interno para la temperatura del aire de ambiente.<\/li>\n<li>Programable por el Usuario: Inicio autom\u00e1tico o manual, intervalo de muestreo, l\u00edmites de alarma, etiquetas de datos.<\/li>\n<li>Pantalla LCD grande y de f\u00e1cil lectura.<\/li>\n<li>Indicador de bater\u00eda restante (bater\u00eda baja).<\/li>\n<li>Estad\u00edsticas de historia del viaje disponibles en la pantalla LCD.<\/li>\n<li>Trazable a NIST y CE Mark.<\/li>\n<li>Conexi\u00f3n USB.<\/li>\n<\/ul>\n","protected":false},"featured_media":1792,"comment_status":"open","ping_status":"closed","template":"","meta":{"_joinchat":[]},"product_brand":[],"product_cat":[15],"product_tag":[],"class_list":{"0":"post-1791","1":"product","2":"type-product","3":"status-publish","4":"has-post-thumbnail","6":"product_cat-sin-categorizar","8":"first","9":"instock","10":"shipping-taxable","11":"product-type-simple"},"yoast_head":"<!-- This site is optimized with the Yoast SEO plugin v26.4 - https:\/\/yoast.com\/wordpress\/plugins\/seo\/ -->\n<title>Registrador de datos usb reutilizable flashlink Modelo 20908 - Abaa tienda online<\/title>\n<meta name=\"robots\" content=\"index, follow, max-snippet:-1, max-image-preview:large, max-video-preview:-1\" \/>\n<link rel=\"canonical\" href=\"https:\/\/abaa.mx\/tienda\/registrador-de-datos-usb-reutilizable-flashlink-modelo-20908\/\" \/>\n<meta property=\"og:locale\" content=\"es_MX\" \/>\n<meta property=\"og:type\" content=\"article\" \/>\n<meta property=\"og:title\" content=\"Registrador de datos usb reutilizable flashlink Modelo 20908 - Abaa tienda online\" \/>\n<meta property=\"og:description\" content=\"Caracter\u00edsticas\u00a0   Un solo canal, con un sensor interno para la temperatura del aire de ambiente.  Programable por el Usuario: Inicio autom\u00e1tico o manual, intervalo de muestreo, l\u00edmites de alarma, etiquetas de datos.  Pantalla LCD grande y de f\u00e1cil lectura.  Indicador de bater\u00eda restante (bater\u00eda baja).  Estad\u00edsticas de historia del viaje disponibles en la pantalla LCD.  Trazable a NIST y CE Mark.  Conexi\u00f3n USB.\" \/>\n<meta property=\"og:url\" content=\"https:\/\/abaa.mx\/tienda\/registrador-de-datos-usb-reutilizable-flashlink-modelo-20908\/\" \/>\n<meta property=\"og:site_name\" content=\"Abaa tienda online\" \/>\n<meta property=\"og:image\" content=\"https:\/\/abaa.mx\/tienda\/wp-content\/uploads\/2023\/09\/20908.jpg\" \/>\n\t<meta property=\"og:image:width\" content=\"474\" \/>\n\t<meta property=\"og:image:height\" content=\"203\" \/>\n\t<meta property=\"og:image:type\" content=\"image\/jpeg\" \/>\n<meta name=\"twitter:card\" content=\"summary_large_image\" \/>\n<meta name=\"twitter:label1\" content=\"Tiempo de lectura\" \/>\n\t<meta name=\"twitter:data1\" content=\"3 minutos\" \/>\n<script type=\"application\/ld+json\" class=\"yoast-schema-graph\">{\"@context\":\"https:\/\/schema.org\",\"@graph\":[{\"@type\":\"WebPage\",\"@id\":\"https:\/\/abaa.mx\/tienda\/registrador-de-datos-usb-reutilizable-flashlink-modelo-20908\/\",\"url\":\"https:\/\/abaa.mx\/tienda\/registrador-de-datos-usb-reutilizable-flashlink-modelo-20908\/\",\"name\":\"Registrador de datos usb reutilizable flashlink Modelo 20908 - Abaa tienda online\",\"isPartOf\":{\"@id\":\"https:\/\/abaa.mx\/tienda\/#website\"},\"primaryImageOfPage\":{\"@id\":\"https:\/\/abaa.mx\/tienda\/registrador-de-datos-usb-reutilizable-flashlink-modelo-20908\/#primaryimage\"},\"image\":{\"@id\":\"https:\/\/abaa.mx\/tienda\/registrador-de-datos-usb-reutilizable-flashlink-modelo-20908\/#primaryimage\"},\"thumbnailUrl\":\"https:\/\/abaa.mx\/tienda\/wp-content\/uploads\/2023\/09\/20908.jpg\",\"datePublished\":\"2023-09-15T20:47:10+00:00\",\"breadcrumb\":{\"@id\":\"https:\/\/abaa.mx\/tienda\/registrador-de-datos-usb-reutilizable-flashlink-modelo-20908\/#breadcrumb\"},\"inLanguage\":\"es\",\"potentialAction\":[{\"@type\":\"ReadAction\",\"target\":[\"https:\/\/abaa.mx\/tienda\/registrador-de-datos-usb-reutilizable-flashlink-modelo-20908\/\"]}]},{\"@type\":\"ImageObject\",\"inLanguage\":\"es\",\"@id\":\"https:\/\/abaa.mx\/tienda\/registrador-de-datos-usb-reutilizable-flashlink-modelo-20908\/#primaryimage\",\"url\":\"https:\/\/abaa.mx\/tienda\/wp-content\/uploads\/2023\/09\/20908.jpg\",\"contentUrl\":\"https:\/\/abaa.mx\/tienda\/wp-content\/uploads\/2023\/09\/20908.jpg\",\"width\":474,\"height\":203,\"caption\":\"registrador-de-datos-usb-reutilizable-flashlink-modelo-20908\"},{\"@type\":\"BreadcrumbList\",\"@id\":\"https:\/\/abaa.mx\/tienda\/registrador-de-datos-usb-reutilizable-flashlink-modelo-20908\/#breadcrumb\",\"itemListElement\":[{\"@type\":\"ListItem\",\"position\":1,\"name\":\"Inicio\",\"item\":\"https:\/\/abaa.mx\/tienda\/\"},{\"@type\":\"ListItem\",\"position\":2,\"name\":\"Tienda\",\"item\":\"https:\/\/abaa.mx\/tienda\/\"},{\"@type\":\"ListItem\",\"position\":3,\"name\":\"Registrador de datos usb reutilizable flashlink Modelo 20908\"}]},{\"@type\":\"WebSite\",\"@id\":\"https:\/\/abaa.mx\/tienda\/#website\",\"url\":\"https:\/\/abaa.mx\/tienda\/\",\"name\":\"Abaa tienda online\",\"description\":\"Instrumentos de medici\u00f3n\",\"publisher\":{\"@id\":\"https:\/\/abaa.mx\/tienda\/#organization\"},\"potentialAction\":[{\"@type\":\"SearchAction\",\"target\":{\"@type\":\"EntryPoint\",\"urlTemplate\":\"https:\/\/abaa.mx\/tienda\/?s={search_term_string}\"},\"query-input\":{\"@type\":\"PropertyValueSpecification\",\"valueRequired\":true,\"valueName\":\"search_term_string\"}}],\"inLanguage\":\"es\"},{\"@type\":\"Organization\",\"@id\":\"https:\/\/abaa.mx\/tienda\/#organization\",\"name\":\"Abaa tienda online\",\"url\":\"https:\/\/abaa.mx\/tienda\/\",\"logo\":{\"@type\":\"ImageObject\",\"inLanguage\":\"es\",\"@id\":\"https:\/\/abaa.mx\/tienda\/#\/schema\/logo\/image\/\",\"url\":\"https:\/\/abaa.mx\/tienda\/wp-content\/uploads\/2024\/01\/abaa-metrologia-tienda.png\",\"contentUrl\":\"https:\/\/abaa.mx\/tienda\/wp-content\/uploads\/2024\/01\/abaa-metrologia-tienda.png\",\"width\":300,\"height\":141,\"caption\":\"Abaa tienda online\"},\"image\":{\"@id\":\"https:\/\/abaa.mx\/tienda\/#\/schema\/logo\/image\/\"}}]}<\/script>\n<!-- \/ Yoast SEO plugin. -->","yoast_head_json":{"title":"Registrador de datos usb reutilizable flashlink Modelo 20908 - Abaa tienda online","robots":{"index":"index","follow":"follow","max-snippet":"max-snippet:-1","max-image-preview":"max-image-preview:large","max-video-preview":"max-video-preview:-1"},"canonical":"https:\/\/abaa.mx\/tienda\/registrador-de-datos-usb-reutilizable-flashlink-modelo-20908\/","og_locale":"es_MX","og_type":"article","og_title":"Registrador de datos usb reutilizable flashlink Modelo 20908 - Abaa tienda online","og_description":"Caracter\u00edsticas\u00a0   Un solo canal, con un sensor interno para la temperatura del aire de ambiente.  Programable por el Usuario: Inicio autom\u00e1tico o manual, intervalo de muestreo, l\u00edmites de alarma, etiquetas de datos.  Pantalla LCD grande y de f\u00e1cil lectura.  Indicador de bater\u00eda restante (bater\u00eda baja).  Estad\u00edsticas de historia del viaje disponibles en la pantalla LCD.  Trazable a NIST y CE Mark.  Conexi\u00f3n USB.","og_url":"https:\/\/abaa.mx\/tienda\/registrador-de-datos-usb-reutilizable-flashlink-modelo-20908\/","og_site_name":"Abaa tienda online","og_image":[{"width":474,"height":203,"url":"https:\/\/abaa.mx\/tienda\/wp-content\/uploads\/2023\/09\/20908.jpg","type":"image\/jpeg"}],"twitter_card":"summary_large_image","twitter_misc":{"Tiempo de lectura":"3 minutos"},"schema":{"@context":"https:\/\/schema.org","@graph":[{"@type":"WebPage","@id":"https:\/\/abaa.mx\/tienda\/registrador-de-datos-usb-reutilizable-flashlink-modelo-20908\/","url":"https:\/\/abaa.mx\/tienda\/registrador-de-datos-usb-reutilizable-flashlink-modelo-20908\/","name":"Registrador de datos usb reutilizable flashlink Modelo 20908 - Abaa tienda online","isPartOf":{"@id":"https:\/\/abaa.mx\/tienda\/#website"},"primaryImageOfPage":{"@id":"https:\/\/abaa.mx\/tienda\/registrador-de-datos-usb-reutilizable-flashlink-modelo-20908\/#primaryimage"},"image":{"@id":"https:\/\/abaa.mx\/tienda\/registrador-de-datos-usb-reutilizable-flashlink-modelo-20908\/#primaryimage"},"thumbnailUrl":"https:\/\/abaa.mx\/tienda\/wp-content\/uploads\/2023\/09\/20908.jpg","datePublished":"2023-09-15T20:47:10+00:00","breadcrumb":{"@id":"https:\/\/abaa.mx\/tienda\/registrador-de-datos-usb-reutilizable-flashlink-modelo-20908\/#breadcrumb"},"inLanguage":"es","potentialAction":[{"@type":"ReadAction","target":["https:\/\/abaa.mx\/tienda\/registrador-de-datos-usb-reutilizable-flashlink-modelo-20908\/"]}]},{"@type":"ImageObject","inLanguage":"es","@id":"https:\/\/abaa.mx\/tienda\/registrador-de-datos-usb-reutilizable-flashlink-modelo-20908\/#primaryimage","url":"https:\/\/abaa.mx\/tienda\/wp-content\/uploads\/2023\/09\/20908.jpg","contentUrl":"https:\/\/abaa.mx\/tienda\/wp-content\/uploads\/2023\/09\/20908.jpg","width":474,"height":203,"caption":"registrador-de-datos-usb-reutilizable-flashlink-modelo-20908"},{"@type":"BreadcrumbList","@id":"https:\/\/abaa.mx\/tienda\/registrador-de-datos-usb-reutilizable-flashlink-modelo-20908\/#breadcrumb","itemListElement":[{"@type":"ListItem","position":1,"name":"Inicio","item":"https:\/\/abaa.mx\/tienda\/"},{"@type":"ListItem","position":2,"name":"Tienda","item":"https:\/\/abaa.mx\/tienda\/"},{"@type":"ListItem","position":3,"name":"Registrador de datos usb reutilizable flashlink Modelo 20908"}]},{"@type":"WebSite","@id":"https:\/\/abaa.mx\/tienda\/#website","url":"https:\/\/abaa.mx\/tienda\/","name":"Abaa tienda online","description":"Instrumentos de medici\u00f3n","publisher":{"@id":"https:\/\/abaa.mx\/tienda\/#organization"},"potentialAction":[{"@type":"SearchAction","target":{"@type":"EntryPoint","urlTemplate":"https:\/\/abaa.mx\/tienda\/?s={search_term_string}"},"query-input":{"@type":"PropertyValueSpecification","valueRequired":true,"valueName":"search_term_string"}}],"inLanguage":"es"},{"@type":"Organization","@id":"https:\/\/abaa.mx\/tienda\/#organization","name":"Abaa tienda online","url":"https:\/\/abaa.mx\/tienda\/","logo":{"@type":"ImageObject","inLanguage":"es","@id":"https:\/\/abaa.mx\/tienda\/#\/schema\/logo\/image\/","url":"https:\/\/abaa.mx\/tienda\/wp-content\/uploads\/2024\/01\/abaa-metrologia-tienda.png","contentUrl":"https:\/\/abaa.mx\/tienda\/wp-content\/uploads\/2024\/01\/abaa-metrologia-tienda.png","width":300,"height":141,"caption":"Abaa tienda online"},"image":{"@id":"https:\/\/abaa.mx\/tienda\/#\/schema\/logo\/image\/"}}]}},"_links":{"self":[{"href":"https:\/\/abaa.mx\/tienda\/wp-json\/wp\/v2\/product\/1791","targetHints":{"allow":["GET"]}}],"collection":[{"href":"https:\/\/abaa.mx\/tienda\/wp-json\/wp\/v2\/product"}],"about":[{"href":"https:\/\/abaa.mx\/tienda\/wp-json\/wp\/v2\/types\/product"}],"replies":[{"embeddable":true,"href":"https:\/\/abaa.mx\/tienda\/wp-json\/wp\/v2\/comments?post=1791"}],"wp:featuredmedia":[{"embeddable":true,"href":"https:\/\/abaa.mx\/tienda\/wp-json\/wp\/v2\/media\/1792"}],"wp:attachment":[{"href":"https:\/\/abaa.mx\/tienda\/wp-json\/wp\/v2\/media?parent=1791"}],"wp:term":[{"taxonomy":"product_brand","embeddable":true,"href":"https:\/\/abaa.mx\/tienda\/wp-json\/wp\/v2\/product_brand?post=1791"},{"taxonomy":"product_cat","embeddable":true,"href":"https:\/\/abaa.mx\/tienda\/wp-json\/wp\/v2\/product_cat?post=1791"},{"taxonomy":"product_tag","embeddable":true,"href":"https:\/\/abaa.mx\/tienda\/wp-json\/wp\/v2\/product_tag?post=1791"}],"curies":[{"name":"wp","href":"https:\/\/api.w.org\/{rel}","templated":true}]}}