{"id":1783,"date":"2023-09-15T20:37:33","date_gmt":"2023-09-15T20:37:33","guid":{"rendered":"https:\/\/abaa.mx\/tienda\/?post_type=product&#038;p=1783"},"modified":"2023-09-15T20:37:33","modified_gmt":"2023-09-15T20:37:33","slug":"registrador-de-datos-reutilizable-usb-flashlink-sensor-interno-de-temperatura-y-humedad-modelo-20248","status":"publish","type":"product","link":"https:\/\/abaa.mx\/tienda\/registrador-de-datos-reutilizable-usb-flashlink-sensor-interno-de-temperatura-y-humedad-modelo-20248\/","title":{"rendered":"Registrador de datos reutilizable usb flashlink, sensor interno de temperatura y humedad Modelo 20248"},"content":{"rendered":"<h1>Registrador de datos reutilizable usb flashlink, sensor interno de temperatura y humedad<\/h1>\n<h3><strong>Modelo\u00a020248<\/strong><\/h3>\n<ul>\n<li>Sensor interno de doble canal para temperatura y humedad del aire ambiente.<\/li>\n<li>Programable por el usuario: inicio manual o autom\u00e1tico, intervalo de muestra, l\u00edmites de alarma, etiquetas de datos.<\/li>\n<li>Pantalla LCD grande y f\u00e1cil de leer.<\/li>\n<li>Indicador de bater\u00eda restante (bater\u00eda baja).<\/li>\n<li>Estad\u00edsticas del historial de viajes visibles en la pantalla LCD.<\/li>\n<li>NIST trazable y marca CE.<\/li>\n<li><span>Conexi\u00f3n USB.<\/span><\/li>\n<\/ul>\n<div class=\"prod-top\">\n<div class=\"prod-left\">\n<div class=\"prod-app\"><b>Aplicaciones:<\/b> Productos, Alimentos Preparados, Productos Farmac\u00e9uticos, Productos Qu\u00edmicos, Unidades de Almacenamiento, Refrigeradores.<\/div>\n<\/div>\n<\/div>\n<div class=\"prod-bottom\">\n<div class=\"prod-desc\">\n<p>The FlashLink USB\u00a0reutilizable es un\u00a0registrador de datos de temperatura y humedad que puede monitorear productos sensibles a la temperatura en instalaciones de almacenamiento, entornos de procesamiento, salas limpias, laboratorios y durante el transporte.<\/p>\n<p>El conector USB incorporado permite una f\u00e1cil programaci\u00f3n de los par\u00e1metros de registro y la descarga de datos grabados a una PC. Los usuarios pueden configurar intervalos de muestra, l\u00edmites de alarma altos y bajos, inicio autom\u00e1tico o manual, saltar alarma, retraso de alarma, grabar datos en modo de bucle o para detenerse cuando la memoria est\u00e1 llena. El historial de temperaturas descargadas se muestra como un PDF con un gr\u00e1fico y datos resumidos, que incluyen las temperaturas m\u00e1s altas y m\u00e1s bajas, la temperatura promedio, el tiempo dedicado a la alarma, los grados de minutos y los c\u00e1lculos de MKT, y cuando la unidad se inici\u00f3, se detuvo y se descarg\u00f3. El software tambi\u00e9n genera datos tabulares y archivos CSV, que muestran detalles para cada punto de datos.<\/p>\n<p>Este registrador de datos es una herramienta importante para monitorear el aire ambiente en entornos con temperatura controlada, como almacenes de almacenamiento en fr\u00edo, centros de distribuci\u00f3n, \u00e1reas de procesamiento y en veh\u00edculos de entrega. Proporciona un valioso historial de temperatura utilizado para tomar decisiones de gesti\u00f3n de la cadena de fr\u00edo, as\u00ed como para validaci\u00f3n, mapeo t\u00e9rmico y documentaci\u00f3n requerida para auditor\u00edas, inspecciones y cumplimiento normativo. El software\u00a0FlashLink Program Manager descarga informes como archivos PDF y CSV, que se pueden compartir y archivar f\u00e1cilmente por correo electr\u00f3nico.<\/p>\n<table>\n<caption><span>Modelo 20248 FlashLink USB Registrador de datos reutilizable, sensor interno de temperatura y humedad<\/span><\/caption>\n<thead>\n<tr>\n<th scope=\"col\">Caracter\u00edstica<\/th>\n<th scope=\"col\">Especificaci\u00f3n<\/th>\n<\/tr>\n<\/thead>\n<tfoot>\n<tr>\n<td colspan=\"2\"><\/td>\n<\/tr>\n<\/tfoot>\n<tbody>\n<tr>\n<td>Rango de Medici\u00f3n<\/td>\n<td>-40\u00b0F a 122\u00b0F (-40\u00b0C a 50\u00b0C)<\/td>\n<\/tr>\n<tr>\n<td>Rango de Operaci\u00f3n<\/td>\n<td>-40\u00b0F a 122\u00b0F (-40\u00b0C a 50\u00b0C)<\/td>\n<\/tr>\n<tr>\n<td>Precisi\u00f3n de la Temperatura<\/td>\n<td>\u00b1 1 \u00b0 F (0.5 \u00b0 C) a 32 \u00b0 F a 150 \u00b0 F (0 \u00b0 C a 66 \u00b0 C) \u00b1 2 \u00b0 F (1 \u00b0 C) en todo el rango<\/td>\n<\/tr>\n<tr>\n<td>Resoluci\u00f3n de la Temperatura<\/td>\n<td>0.1\u00b0F\/C<\/td>\n<\/tr>\n<tr>\n<td>Rango de Humedad<\/td>\n<td>1% a 99% HR<\/td>\n<\/tr>\n<tr>\n<td>Precisi\u00f3n de Humedad<\/td>\n<td>\u00b1 3% a 50% HR a 25\u00b0C<\/td>\n<\/tr>\n<tr>\n<td>Capacidad de Datos<\/td>\n<td>21,000 puntos de datos<\/td>\n<\/tr>\n<tr>\n<td>Tiempo de Descarga de Datos<\/td>\n<td>5 segundos t\u00edpicos por 3800 puntos<\/td>\n<\/tr>\n<tr>\n<td>Niveles de Alarma Programables<\/td>\n<td>Niveles altos y bajos\u00a0 en todo el rango, que se muestra en la pantalla LCD<\/td>\n<\/tr>\n<tr>\n<td>Bater\u00eda<\/td>\n<td>Dos pilas AAA de 1.5V<\/td>\n<\/tr>\n<tr>\n<td>Dimensiones \/ Cuerpo<\/td>\n<td>1,57 pulgadas x 3,66 pulgadas x 0,94 pulgadas (87 mm x 50 mm x 15 mm)<\/td>\n<\/tr>\n<tr>\n<td>Caja<\/td>\n<td>Pl\u00e1stico ABS<\/td>\n<\/tr>\n<tr>\n<td>Peso<\/td>\n<td>1.4 oz. (39,7 gramos)<\/td>\n<\/tr>\n<tr>\n<td>Resistencia a los Golpes<\/td>\n<td>Resiste una ca\u00edda de 3 pies (1 metro) en una superficie dura<\/td>\n<\/tr>\n<tr>\n<td>Certificaci\u00f3n<\/td>\n<td>Marca CE, NIST trazable, cumple con RoHS<\/td>\n<\/tr>\n<tr>\n<td>Monitor<\/td>\n<td>LCD, alarma LED roja<\/td>\n<\/tr>\n<tr>\n<td>Clasificaci\u00f3n de Impermiabilidad<\/td>\n<td>IP56 (con tapa de silicona)<\/td>\n<\/tr>\n<tr>\n<td>Condiciones de Almacenaje<\/td>\n<td>-4 \u00b0 F a 122 \u00b0 F (-20 \u00b0 C a 50 \u00b0 C) 0% a 95% HR sin condensaci\u00f3n<\/td>\n<\/tr>\n<tr>\n<td>Requisitos del Sistema<\/td>\n<td>PC con Windows con sistema operativo actual, Adobe Reader<\/td>\n<\/tr>\n<tr>\n<td>Programaci\u00f3n<\/td>\n<td>Software FlashLink Program Manager<\/td>\n<\/tr>\n<tr>\n<td>Descarga de requisitos<\/td>\n<td><span>Conexi\u00f3n USB directa a PC<\/span><\/td>\n<\/tr>\n<\/tbody>\n<\/table>\n<\/div>\n<\/div>\n","protected":false},"excerpt":{"rendered":"<h3><strong>Caracter\u00edsticas\u00a0<\/strong><\/h3>\n<ul>\n<li>Sensor interno de doble canal para temperatura y humedad del aire ambiente.<\/li>\n<li>Programable por el usuario: inicio manual o autom\u00e1tico, intervalo de muestra, l\u00edmites de alarma, etiquetas de datos.<\/li>\n<li>Pantalla LCD grande y f\u00e1cil de leer.<\/li>\n<li>Indicador de bater\u00eda restante (bater\u00eda baja).<\/li>\n<li>Estad\u00edsticas del historial de viajes visibles en la pantalla LCD.<\/li>\n<li>NIST trazable y marca CE.<\/li>\n<li><span>Conexi\u00f3n USB.<\/span><\/li>\n<\/ul>\n","protected":false},"featured_media":1784,"comment_status":"open","ping_status":"closed","template":"","meta":{"_joinchat":[]},"product_brand":[],"product_cat":[15],"product_tag":[],"class_list":{"0":"post-1783","1":"product","2":"type-product","3":"status-publish","4":"has-post-thumbnail","6":"product_cat-sin-categorizar","8":"first","9":"instock","10":"shipping-taxable","11":"product-type-simple"},"yoast_head":"<!-- This site is optimized with the Yoast SEO plugin v26.4 - https:\/\/yoast.com\/wordpress\/plugins\/seo\/ -->\n<title>Registrador de datos reutilizable usb flashlink, sensor interno de temperatura y humedad Modelo 20248 - Abaa tienda online<\/title>\n<meta name=\"robots\" content=\"index, follow, max-snippet:-1, max-image-preview:large, max-video-preview:-1\" \/>\n<link rel=\"canonical\" href=\"https:\/\/abaa.mx\/tienda\/registrador-de-datos-reutilizable-usb-flashlink-sensor-interno-de-temperatura-y-humedad-modelo-20248\/\" \/>\n<meta property=\"og:locale\" content=\"es_MX\" \/>\n<meta property=\"og:type\" content=\"article\" \/>\n<meta property=\"og:title\" content=\"Registrador de datos reutilizable usb flashlink, sensor interno de temperatura y humedad Modelo 20248 - Abaa tienda online\" \/>\n<meta property=\"og:description\" content=\"Caracter\u00edsticas\u00a0   Sensor interno de doble canal para temperatura y humedad del aire ambiente.  Programable por el usuario: inicio manual o autom\u00e1tico, intervalo de muestra, l\u00edmites de alarma, etiquetas de datos.  Pantalla LCD grande y f\u00e1cil de leer.  Indicador de bater\u00eda restante (bater\u00eda baja).  Estad\u00edsticas del historial de viajes visibles en la pantalla LCD.  NIST trazable y marca CE.  Conexi\u00f3n USB.\" \/>\n<meta property=\"og:url\" content=\"https:\/\/abaa.mx\/tienda\/registrador-de-datos-reutilizable-usb-flashlink-sensor-interno-de-temperatura-y-humedad-modelo-20248\/\" \/>\n<meta property=\"og:site_name\" content=\"Abaa tienda online\" \/>\n<meta property=\"og:image\" content=\"https:\/\/abaa.mx\/tienda\/wp-content\/uploads\/2023\/09\/20248.jpg\" \/>\n\t<meta property=\"og:image:width\" content=\"452\" \/>\n\t<meta property=\"og:image:height\" content=\"452\" \/>\n\t<meta property=\"og:image:type\" content=\"image\/jpeg\" \/>\n<meta name=\"twitter:card\" content=\"summary_large_image\" \/>\n<meta name=\"twitter:label1\" content=\"Tiempo de lectura\" \/>\n\t<meta name=\"twitter:data1\" content=\"3 minutos\" \/>\n<script type=\"application\/ld+json\" class=\"yoast-schema-graph\">{\"@context\":\"https:\/\/schema.org\",\"@graph\":[{\"@type\":\"WebPage\",\"@id\":\"https:\/\/abaa.mx\/tienda\/registrador-de-datos-reutilizable-usb-flashlink-sensor-interno-de-temperatura-y-humedad-modelo-20248\/\",\"url\":\"https:\/\/abaa.mx\/tienda\/registrador-de-datos-reutilizable-usb-flashlink-sensor-interno-de-temperatura-y-humedad-modelo-20248\/\",\"name\":\"Registrador de datos reutilizable usb flashlink, sensor interno de temperatura y humedad Modelo 20248 - Abaa tienda online\",\"isPartOf\":{\"@id\":\"https:\/\/abaa.mx\/tienda\/#website\"},\"primaryImageOfPage\":{\"@id\":\"https:\/\/abaa.mx\/tienda\/registrador-de-datos-reutilizable-usb-flashlink-sensor-interno-de-temperatura-y-humedad-modelo-20248\/#primaryimage\"},\"image\":{\"@id\":\"https:\/\/abaa.mx\/tienda\/registrador-de-datos-reutilizable-usb-flashlink-sensor-interno-de-temperatura-y-humedad-modelo-20248\/#primaryimage\"},\"thumbnailUrl\":\"https:\/\/abaa.mx\/tienda\/wp-content\/uploads\/2023\/09\/20248.jpg\",\"datePublished\":\"2023-09-15T20:37:33+00:00\",\"breadcrumb\":{\"@id\":\"https:\/\/abaa.mx\/tienda\/registrador-de-datos-reutilizable-usb-flashlink-sensor-interno-de-temperatura-y-humedad-modelo-20248\/#breadcrumb\"},\"inLanguage\":\"es\",\"potentialAction\":[{\"@type\":\"ReadAction\",\"target\":[\"https:\/\/abaa.mx\/tienda\/registrador-de-datos-reutilizable-usb-flashlink-sensor-interno-de-temperatura-y-humedad-modelo-20248\/\"]}]},{\"@type\":\"ImageObject\",\"inLanguage\":\"es\",\"@id\":\"https:\/\/abaa.mx\/tienda\/registrador-de-datos-reutilizable-usb-flashlink-sensor-interno-de-temperatura-y-humedad-modelo-20248\/#primaryimage\",\"url\":\"https:\/\/abaa.mx\/tienda\/wp-content\/uploads\/2023\/09\/20248.jpg\",\"contentUrl\":\"https:\/\/abaa.mx\/tienda\/wp-content\/uploads\/2023\/09\/20248.jpg\",\"width\":452,\"height\":452,\"caption\":\"registrador-de-datos-reutilizable-usb-flashlink-sensor-interno-de-temperatura-y-humedad-modelo-20248\"},{\"@type\":\"BreadcrumbList\",\"@id\":\"https:\/\/abaa.mx\/tienda\/registrador-de-datos-reutilizable-usb-flashlink-sensor-interno-de-temperatura-y-humedad-modelo-20248\/#breadcrumb\",\"itemListElement\":[{\"@type\":\"ListItem\",\"position\":1,\"name\":\"Inicio\",\"item\":\"https:\/\/abaa.mx\/tienda\/\"},{\"@type\":\"ListItem\",\"position\":2,\"name\":\"Tienda\",\"item\":\"https:\/\/abaa.mx\/tienda\/\"},{\"@type\":\"ListItem\",\"position\":3,\"name\":\"Registrador de datos reutilizable usb flashlink, sensor interno de temperatura y humedad Modelo 20248\"}]},{\"@type\":\"WebSite\",\"@id\":\"https:\/\/abaa.mx\/tienda\/#website\",\"url\":\"https:\/\/abaa.mx\/tienda\/\",\"name\":\"Abaa tienda online\",\"description\":\"Instrumentos de medici\u00f3n\",\"publisher\":{\"@id\":\"https:\/\/abaa.mx\/tienda\/#organization\"},\"potentialAction\":[{\"@type\":\"SearchAction\",\"target\":{\"@type\":\"EntryPoint\",\"urlTemplate\":\"https:\/\/abaa.mx\/tienda\/?s={search_term_string}\"},\"query-input\":{\"@type\":\"PropertyValueSpecification\",\"valueRequired\":true,\"valueName\":\"search_term_string\"}}],\"inLanguage\":\"es\"},{\"@type\":\"Organization\",\"@id\":\"https:\/\/abaa.mx\/tienda\/#organization\",\"name\":\"Abaa tienda online\",\"url\":\"https:\/\/abaa.mx\/tienda\/\",\"logo\":{\"@type\":\"ImageObject\",\"inLanguage\":\"es\",\"@id\":\"https:\/\/abaa.mx\/tienda\/#\/schema\/logo\/image\/\",\"url\":\"https:\/\/abaa.mx\/tienda\/wp-content\/uploads\/2024\/01\/abaa-metrologia-tienda.png\",\"contentUrl\":\"https:\/\/abaa.mx\/tienda\/wp-content\/uploads\/2024\/01\/abaa-metrologia-tienda.png\",\"width\":300,\"height\":141,\"caption\":\"Abaa tienda online\"},\"image\":{\"@id\":\"https:\/\/abaa.mx\/tienda\/#\/schema\/logo\/image\/\"}}]}<\/script>\n<!-- \/ Yoast SEO plugin. -->","yoast_head_json":{"title":"Registrador de datos reutilizable usb flashlink, sensor interno de temperatura y humedad Modelo 20248 - Abaa tienda online","robots":{"index":"index","follow":"follow","max-snippet":"max-snippet:-1","max-image-preview":"max-image-preview:large","max-video-preview":"max-video-preview:-1"},"canonical":"https:\/\/abaa.mx\/tienda\/registrador-de-datos-reutilizable-usb-flashlink-sensor-interno-de-temperatura-y-humedad-modelo-20248\/","og_locale":"es_MX","og_type":"article","og_title":"Registrador de datos reutilizable usb flashlink, sensor interno de temperatura y humedad Modelo 20248 - Abaa tienda online","og_description":"Caracter\u00edsticas\u00a0   Sensor interno de doble canal para temperatura y humedad del aire ambiente.  Programable por el usuario: inicio manual o autom\u00e1tico, intervalo de muestra, l\u00edmites de alarma, etiquetas de datos.  Pantalla LCD grande y f\u00e1cil de leer.  Indicador de bater\u00eda restante (bater\u00eda baja).  Estad\u00edsticas del historial de viajes visibles en la pantalla LCD.  NIST trazable y marca CE.  Conexi\u00f3n USB.","og_url":"https:\/\/abaa.mx\/tienda\/registrador-de-datos-reutilizable-usb-flashlink-sensor-interno-de-temperatura-y-humedad-modelo-20248\/","og_site_name":"Abaa tienda online","og_image":[{"width":452,"height":452,"url":"https:\/\/abaa.mx\/tienda\/wp-content\/uploads\/2023\/09\/20248.jpg","type":"image\/jpeg"}],"twitter_card":"summary_large_image","twitter_misc":{"Tiempo de lectura":"3 minutos"},"schema":{"@context":"https:\/\/schema.org","@graph":[{"@type":"WebPage","@id":"https:\/\/abaa.mx\/tienda\/registrador-de-datos-reutilizable-usb-flashlink-sensor-interno-de-temperatura-y-humedad-modelo-20248\/","url":"https:\/\/abaa.mx\/tienda\/registrador-de-datos-reutilizable-usb-flashlink-sensor-interno-de-temperatura-y-humedad-modelo-20248\/","name":"Registrador de datos reutilizable usb flashlink, sensor interno de temperatura y humedad Modelo 20248 - Abaa tienda online","isPartOf":{"@id":"https:\/\/abaa.mx\/tienda\/#website"},"primaryImageOfPage":{"@id":"https:\/\/abaa.mx\/tienda\/registrador-de-datos-reutilizable-usb-flashlink-sensor-interno-de-temperatura-y-humedad-modelo-20248\/#primaryimage"},"image":{"@id":"https:\/\/abaa.mx\/tienda\/registrador-de-datos-reutilizable-usb-flashlink-sensor-interno-de-temperatura-y-humedad-modelo-20248\/#primaryimage"},"thumbnailUrl":"https:\/\/abaa.mx\/tienda\/wp-content\/uploads\/2023\/09\/20248.jpg","datePublished":"2023-09-15T20:37:33+00:00","breadcrumb":{"@id":"https:\/\/abaa.mx\/tienda\/registrador-de-datos-reutilizable-usb-flashlink-sensor-interno-de-temperatura-y-humedad-modelo-20248\/#breadcrumb"},"inLanguage":"es","potentialAction":[{"@type":"ReadAction","target":["https:\/\/abaa.mx\/tienda\/registrador-de-datos-reutilizable-usb-flashlink-sensor-interno-de-temperatura-y-humedad-modelo-20248\/"]}]},{"@type":"ImageObject","inLanguage":"es","@id":"https:\/\/abaa.mx\/tienda\/registrador-de-datos-reutilizable-usb-flashlink-sensor-interno-de-temperatura-y-humedad-modelo-20248\/#primaryimage","url":"https:\/\/abaa.mx\/tienda\/wp-content\/uploads\/2023\/09\/20248.jpg","contentUrl":"https:\/\/abaa.mx\/tienda\/wp-content\/uploads\/2023\/09\/20248.jpg","width":452,"height":452,"caption":"registrador-de-datos-reutilizable-usb-flashlink-sensor-interno-de-temperatura-y-humedad-modelo-20248"},{"@type":"BreadcrumbList","@id":"https:\/\/abaa.mx\/tienda\/registrador-de-datos-reutilizable-usb-flashlink-sensor-interno-de-temperatura-y-humedad-modelo-20248\/#breadcrumb","itemListElement":[{"@type":"ListItem","position":1,"name":"Inicio","item":"https:\/\/abaa.mx\/tienda\/"},{"@type":"ListItem","position":2,"name":"Tienda","item":"https:\/\/abaa.mx\/tienda\/"},{"@type":"ListItem","position":3,"name":"Registrador de datos reutilizable usb flashlink, sensor interno de temperatura y humedad Modelo 20248"}]},{"@type":"WebSite","@id":"https:\/\/abaa.mx\/tienda\/#website","url":"https:\/\/abaa.mx\/tienda\/","name":"Abaa tienda online","description":"Instrumentos de medici\u00f3n","publisher":{"@id":"https:\/\/abaa.mx\/tienda\/#organization"},"potentialAction":[{"@type":"SearchAction","target":{"@type":"EntryPoint","urlTemplate":"https:\/\/abaa.mx\/tienda\/?s={search_term_string}"},"query-input":{"@type":"PropertyValueSpecification","valueRequired":true,"valueName":"search_term_string"}}],"inLanguage":"es"},{"@type":"Organization","@id":"https:\/\/abaa.mx\/tienda\/#organization","name":"Abaa tienda online","url":"https:\/\/abaa.mx\/tienda\/","logo":{"@type":"ImageObject","inLanguage":"es","@id":"https:\/\/abaa.mx\/tienda\/#\/schema\/logo\/image\/","url":"https:\/\/abaa.mx\/tienda\/wp-content\/uploads\/2024\/01\/abaa-metrologia-tienda.png","contentUrl":"https:\/\/abaa.mx\/tienda\/wp-content\/uploads\/2024\/01\/abaa-metrologia-tienda.png","width":300,"height":141,"caption":"Abaa tienda online"},"image":{"@id":"https:\/\/abaa.mx\/tienda\/#\/schema\/logo\/image\/"}}]}},"_links":{"self":[{"href":"https:\/\/abaa.mx\/tienda\/wp-json\/wp\/v2\/product\/1783","targetHints":{"allow":["GET"]}}],"collection":[{"href":"https:\/\/abaa.mx\/tienda\/wp-json\/wp\/v2\/product"}],"about":[{"href":"https:\/\/abaa.mx\/tienda\/wp-json\/wp\/v2\/types\/product"}],"replies":[{"embeddable":true,"href":"https:\/\/abaa.mx\/tienda\/wp-json\/wp\/v2\/comments?post=1783"}],"wp:featuredmedia":[{"embeddable":true,"href":"https:\/\/abaa.mx\/tienda\/wp-json\/wp\/v2\/media\/1784"}],"wp:attachment":[{"href":"https:\/\/abaa.mx\/tienda\/wp-json\/wp\/v2\/media?parent=1783"}],"wp:term":[{"taxonomy":"product_brand","embeddable":true,"href":"https:\/\/abaa.mx\/tienda\/wp-json\/wp\/v2\/product_brand?post=1783"},{"taxonomy":"product_cat","embeddable":true,"href":"https:\/\/abaa.mx\/tienda\/wp-json\/wp\/v2\/product_cat?post=1783"},{"taxonomy":"product_tag","embeddable":true,"href":"https:\/\/abaa.mx\/tienda\/wp-json\/wp\/v2\/product_tag?post=1783"}],"curies":[{"name":"wp","href":"https:\/\/api.w.org\/{rel}","templated":true}]}}