{"id":1761,"date":"2023-09-15T19:25:21","date_gmt":"2023-09-15T19:25:21","guid":{"rendered":"https:\/\/abaa.mx\/tienda\/?post_type=product&#038;p=1761"},"modified":"2023-09-15T19:25:22","modified_gmt":"2023-09-15T19:25:22","slug":"flashlink-pdf-vu-in-transit-logger-modelo-40457-40458","status":"publish","type":"product","link":"https:\/\/abaa.mx\/tienda\/flashlink-pdf-vu-in-transit-logger-modelo-40457-40458\/","title":{"rendered":"Flashlink pdf vu in-transit logger Modelo 40457, 40458"},"content":{"rendered":"<h1>Flashlink pdf vu in-transit logger<\/h1>\n<h3><strong>Modelo\u00a040457, 40458<\/strong><\/h3>\n<ul>\n<li>Un modelo para cualquier duraci\u00f3n de viaje, que puede llegar a ser de hasta 85 d\u00edas.<\/li>\n<li>Registrador de temperatura de un solo uso.<\/li>\n<li>LCD grande y f\u00e1cil de leer.<\/li>\n<li>No se requiere software para descargar datos.<\/li>\n<li>Conector USB incorporado, no se necesitan dispositivos de lectura especiales.<\/li>\n<li>Crea autom\u00e1ticamente un informe PDF seguro y un archivo CSV.<\/li>\n<li>Estad\u00edsticas de historial de viaje disponibles en LCD.<\/li>\n<li><span>La funci\u00f3n patentada Shadow Log garantiza los datos incluso si el remitente no puede iniciar el registrador.<\/span><\/li>\n<li>Indicadores de alarma alta\/baja.<\/li>\n<li>Servicio disponible para configurar par\u00e1metros de registro personalizados, alarmas, inicio retrasado.<\/li>\n<\/ul>\n<div class=\"prod-top\">\n<div class=\"prod-left\">\n<div class=\"prod-app\"><b>Aplicaciones:<\/b>\u00a0Transporte de productos, Alimentos Preparados, Productos Farmac\u00e9uticos, Productos Qu\u00edmicos, Unidades de Almacenamiento, Refrigeradores.<\/div>\n<\/div>\n<\/div>\n<div class=\"prod-bottom\">\n<div class=\"prod-desc\">\n<p>FlashLink\u00a0PDF VU In-Transit Logger\u00a0tiene un software integrado que crea autom\u00e1ticamente informes de viaje en PDF y CSV tan pronto como la unidad se conecta a una PC. No se necesitan cunas, dispositivos de lectura o adaptadores. El informe PDF seguro y encriptado se puede guardar en el disco duro local, lo que facilita el env\u00edo por correo electr\u00f3nico y el archivo para garantizar la calidad, la trazabilidad y el PIB. El servicio est\u00e1 disponible para configurar par\u00e1metros de registro personalizados, como intervalos de muestra y configuraciones de alarma alta \/ baja.<\/p>\n<p>Este registrador de temperatura en tr\u00e1nsito de un solo uso es una soluci\u00f3n ideal de gesti\u00f3n de la cadena de fr\u00edo para controlar los productos sensibles a la temperatura a medida que se transportan a trav\u00e9s de la cadena de suministro.<\/p>\n<p>El conector USB incorporado y el software incorporado lo hacen conveniente para la distribuci\u00f3n global, ya que no se requieren dispositivos de lectura especiales y no es necesario comprar software para descargar datos de viaje. Es particularmente importante tener estas caracter\u00edsticas cuando los registradores acompa\u00f1an a los productos a ubicaciones remotas; significa que los receptores tendr\u00e1n acceso r\u00e1pido y f\u00e1cil a los informes de temperatura tan pronto como llegue un env\u00edo.<\/p>\n<h2 class=\"rl_tabs-title nn_tabs-title\">Modelos<\/h2>\n<table>\n<thead>\n<tr>\n<th>Modelos<\/th>\n<th>40457<\/th>\n<th>40458<\/th>\n<\/tr>\n<\/thead>\n<tbody>\n<tr>\n<td>Intervalo de registro<\/td>\n<td>10 minutos<\/td>\n<td>10 minutos<\/td>\n<\/tr>\n<tr>\n<td>Duraci\u00f3n m\u00e1xima del viaje<\/td>\n<td>85 D\u00edas<\/td>\n<td>85 D\u00edas<\/td>\n<\/tr>\n<tr>\n<td>Inicio Retardado<\/td>\n<td>30 Minutos<\/td>\n<td>30 Minutos<\/td>\n<\/tr>\n<tr>\n<td>Zona Horaria<\/td>\n<td>GMT<\/td>\n<td>GMT<\/td>\n<\/tr>\n<tr>\n<td>Escala de temperatura<\/td>\n<td>\u00b0F<\/td>\n<td>\u00b0C<\/td>\n<\/tr>\n<\/tbody>\n<\/table>\n<p>&nbsp;<\/p>\n<table>\n<caption><span>FlashLink\u00a0PDF VU In-Transit Logger, Modelos 40457, 40458<\/span><\/caption>\n<thead>\n<tr>\n<th scope=\"col\">Caracter\u00edstica<\/th>\n<th scope=\"col\">Especificaci\u00f3n<\/th>\n<\/tr>\n<\/thead>\n<tfoot>\n<tr>\n<td colspan=\"2\"><\/td>\n<\/tr>\n<\/tfoot>\n<tbody>\n<tr>\n<td>Rango de medici\u00f3n<\/td>\n<td>-40\u00b0C a 50\u00b0C\u00a0(-40\u00b0F a 122\u00b0F)<\/td>\n<\/tr>\n<tr>\n<td>Resoluci\u00f3n de la temperatura<\/td>\n<td>0.1 \u00b0C\/\u00b0F<\/td>\n<\/tr>\n<tr>\n<td>Exactitud<\/td>\n<td>\u00b10.5\u00b0C de -20\u00b0C a -10\u00b0C (\u00b11.0\u00b0F de -4\u00b0F a 14\u00b0F)\u00b10.4\u00b0C de -10\u00b0C a 5\u00b0C (\u00b10.6\u00b0F de 14\u00b0F a 50\u00b0F)\u00b10.5\u00b0C de 5\u00b0C a 25\u00b0C (\u00b11.0\u00b0F de 50\u00b0F a 77\u00b0F) \u00b11.0\u00b0C si &lt; -20\u00b0C o &gt; \u00b125.1\u00b0F &lt; -8\u00b0F o &gt; 4\u00b0F)<\/td>\n<\/tr>\n<tr>\n<td>Capacidad de datos<\/td>\n<td>12,288\u00a0puntos de datos<\/td>\n<\/tr>\n<tr>\n<td>Tiempo de descarga de datos<\/td>\n<td>5 segundos t\u00edpicos<\/td>\n<\/tr>\n<tr>\n<td>Niveles de alarma programables de f\u00e1brica<\/td>\n<td>L\u00edmites alto\/bajo en todo el rango de temperatura<\/td>\n<\/tr>\n<tr>\n<td>Bater\u00eda<\/td>\n<td>Bater\u00eda de litio de celda de moneda<\/td>\n<\/tr>\n<tr>\n<td>Dimensiones<\/td>\n<td>49 mm x 92 mm x 17 mm (1.93 pulgadas x 3.62 pulgadas x 0.67\u00a0pulgadas)<\/td>\n<\/tr>\n<tr>\n<td>Vida \u00fatil de la bater\u00eda<\/td>\n<td>18 meses<\/td>\n<\/tr>\n<tr>\n<td>Caja<\/td>\n<td>Pl\u00e1stico ABS<\/td>\n<\/tr>\n<tr>\n<td>Peso<\/td>\n<td>1.6 oz. (45.36 gramos)<\/td>\n<\/tr>\n<tr>\n<td>Resistencia a los golpes<\/td>\n<td>Resiste una ca\u00edda de 3 pies (1 metro) en una superficie dura<\/td>\n<\/tr>\n<tr>\n<td>Clasificaci\u00f3n del IP<\/td>\n<td>IP54<\/td>\n<\/tr>\n<tr>\n<td>Pantalla<\/td>\n<td>LCD, estad\u00edsticas de viaje, alarma LED roja e indicadores de l\u00edmits alto\/bajo<\/td>\n<\/tr>\n<tr>\n<td>Condiciones de almacenaje<\/td>\n<td>-20\u00b0C a\u00a050\u00b0C (-4\u00b0F a\u00a0122\u00b0F) 0% a\u00a095% RH\u00a0sin condensaci\u00f3n<\/td>\n<\/tr>\n<tr>\n<td>Est\u00e1ndares PDF<\/td>\n<td>Cumple con ISO19005-1, PDF \/ A, 21 CFR Parte 11<\/td>\n<\/tr>\n<tr>\n<td>Requisitos del sistema<\/td>\n<td>PC con Windows con sistema operativo actual, Adobe Reader<\/td>\n<\/tr>\n<tr>\n<td>Requisitos de descarga<\/td>\n<td>Conexi\u00f3n USB directa<\/td>\n<\/tr>\n<tr>\n<td>Certificaci\u00f3n<\/td>\n<td>Marca CE, calibraci\u00f3n rastreable a NIST,<br \/>\nCumple con ROHS, Cumple con BSS 7061<\/td>\n<\/tr>\n<\/tbody>\n<\/table>\n<\/div>\n<\/div>\n","protected":false},"excerpt":{"rendered":"<h3><strong>Caracteristicas\u00a0<\/strong><\/h3>\n<ul>\n<li>Un modelo para cualquier duraci\u00f3n de viaje, que puede llegar a ser de hasta 85 d\u00edas.<\/li>\n<li>Registrador de temperatura de un solo uso.<\/li>\n<li>LCD grande y f\u00e1cil de leer.<\/li>\n<li>No se requiere software para descargar datos.<\/li>\n<li>Conector USB incorporado, no se necesitan dispositivos de lectura especiales.<\/li>\n<li>Crea autom\u00e1ticamente un informe PDF seguro y un archivo CSV.<\/li>\n<li>Estad\u00edsticas de historial de viaje disponibles en LCD.<\/li>\n<li><span>La funci\u00f3n patentada Shadow Log garantiza los datos incluso si el remitente no puede iniciar el registrador.<\/span><\/li>\n<li>Indicadores de alarma alta\/baja.<\/li>\n<li>Servicio disponible para configurar par\u00e1metros de registro personalizados, alarmas, inicio retrasado.<\/li>\n<\/ul>\n","protected":false},"featured_media":1766,"comment_status":"open","ping_status":"closed","template":"","meta":{"_joinchat":[]},"product_brand":[],"product_cat":[15],"product_tag":[],"class_list":{"0":"post-1761","1":"product","2":"type-product","3":"status-publish","4":"has-post-thumbnail","6":"product_cat-sin-categorizar","8":"first","9":"instock","10":"shipping-taxable","11":"product-type-simple"},"yoast_head":"<!-- This site is optimized with the Yoast SEO plugin v26.4 - https:\/\/yoast.com\/wordpress\/plugins\/seo\/ -->\n<title>Flashlink pdf vu in-transit logger Modelo 40457, 40458 - Abaa tienda online<\/title>\n<meta name=\"robots\" content=\"index, follow, max-snippet:-1, max-image-preview:large, max-video-preview:-1\" \/>\n<link rel=\"canonical\" href=\"https:\/\/abaa.mx\/tienda\/flashlink-pdf-vu-in-transit-logger-modelo-40457-40458\/\" \/>\n<meta property=\"og:locale\" content=\"es_MX\" \/>\n<meta property=\"og:type\" content=\"article\" \/>\n<meta property=\"og:title\" content=\"Flashlink pdf vu in-transit logger Modelo 40457, 40458 - Abaa tienda online\" \/>\n<meta property=\"og:description\" content=\"Caracteristicas\u00a0   Un modelo para cualquier duraci\u00f3n de viaje, que puede llegar a ser de hasta 85 d\u00edas.  Registrador de temperatura de un solo uso.  LCD grande y f\u00e1cil de leer.  No se requiere software para descargar datos.  Conector USB incorporado, no se necesitan dispositivos de lectura especiales.  Crea autom\u00e1ticamente un informe PDF seguro y un archivo CSV.  Estad\u00edsticas de historial de viaje disponibles en LCD.  La funci\u00f3n patentada Shadow Log garantiza los datos incluso si el remitente no puede iniciar el registrador.  Indicadores de alarma alta\/baja.  Servicio disponible para configurar par\u00e1metros de registro personalizados, alarmas, inicio retrasado.\" \/>\n<meta property=\"og:url\" content=\"https:\/\/abaa.mx\/tienda\/flashlink-pdf-vu-in-transit-logger-modelo-40457-40458\/\" \/>\n<meta property=\"og:site_name\" content=\"Abaa tienda online\" \/>\n<meta property=\"article:modified_time\" content=\"2023-09-15T19:25:22+00:00\" \/>\n<meta property=\"og:image\" content=\"https:\/\/abaa.mx\/tienda\/wp-content\/uploads\/2023\/09\/40458-03-40458-04-1.jpg\" \/>\n\t<meta property=\"og:image:width\" content=\"400\" \/>\n\t<meta property=\"og:image:height\" content=\"400\" \/>\n\t<meta property=\"og:image:type\" content=\"image\/jpeg\" \/>\n<meta name=\"twitter:card\" content=\"summary_large_image\" \/>\n<meta name=\"twitter:label1\" content=\"Tiempo de lectura\" \/>\n\t<meta name=\"twitter:data1\" content=\"3 minutos\" \/>\n<script type=\"application\/ld+json\" class=\"yoast-schema-graph\">{\"@context\":\"https:\/\/schema.org\",\"@graph\":[{\"@type\":\"WebPage\",\"@id\":\"https:\/\/abaa.mx\/tienda\/flashlink-pdf-vu-in-transit-logger-modelo-40457-40458\/\",\"url\":\"https:\/\/abaa.mx\/tienda\/flashlink-pdf-vu-in-transit-logger-modelo-40457-40458\/\",\"name\":\"Flashlink pdf vu in-transit logger Modelo 40457, 40458 - Abaa tienda online\",\"isPartOf\":{\"@id\":\"https:\/\/abaa.mx\/tienda\/#website\"},\"primaryImageOfPage\":{\"@id\":\"https:\/\/abaa.mx\/tienda\/flashlink-pdf-vu-in-transit-logger-modelo-40457-40458\/#primaryimage\"},\"image\":{\"@id\":\"https:\/\/abaa.mx\/tienda\/flashlink-pdf-vu-in-transit-logger-modelo-40457-40458\/#primaryimage\"},\"thumbnailUrl\":\"https:\/\/abaa.mx\/tienda\/wp-content\/uploads\/2023\/09\/40458-03-40458-04-1.jpg\",\"datePublished\":\"2023-09-15T19:25:21+00:00\",\"dateModified\":\"2023-09-15T19:25:22+00:00\",\"breadcrumb\":{\"@id\":\"https:\/\/abaa.mx\/tienda\/flashlink-pdf-vu-in-transit-logger-modelo-40457-40458\/#breadcrumb\"},\"inLanguage\":\"es\",\"potentialAction\":[{\"@type\":\"ReadAction\",\"target\":[\"https:\/\/abaa.mx\/tienda\/flashlink-pdf-vu-in-transit-logger-modelo-40457-40458\/\"]}]},{\"@type\":\"ImageObject\",\"inLanguage\":\"es\",\"@id\":\"https:\/\/abaa.mx\/tienda\/flashlink-pdf-vu-in-transit-logger-modelo-40457-40458\/#primaryimage\",\"url\":\"https:\/\/abaa.mx\/tienda\/wp-content\/uploads\/2023\/09\/40458-03-40458-04-1.jpg\",\"contentUrl\":\"https:\/\/abaa.mx\/tienda\/wp-content\/uploads\/2023\/09\/40458-03-40458-04-1.jpg\",\"width\":400,\"height\":400,\"caption\":\"flashlink-pdf-vu-in-transit-logger-modelo-40457-40458\"},{\"@type\":\"BreadcrumbList\",\"@id\":\"https:\/\/abaa.mx\/tienda\/flashlink-pdf-vu-in-transit-logger-modelo-40457-40458\/#breadcrumb\",\"itemListElement\":[{\"@type\":\"ListItem\",\"position\":1,\"name\":\"Inicio\",\"item\":\"https:\/\/abaa.mx\/tienda\/\"},{\"@type\":\"ListItem\",\"position\":2,\"name\":\"Tienda\",\"item\":\"https:\/\/abaa.mx\/tienda\/\"},{\"@type\":\"ListItem\",\"position\":3,\"name\":\"Flashlink pdf vu in-transit logger Modelo 40457, 40458\"}]},{\"@type\":\"WebSite\",\"@id\":\"https:\/\/abaa.mx\/tienda\/#website\",\"url\":\"https:\/\/abaa.mx\/tienda\/\",\"name\":\"Abaa tienda online\",\"description\":\"Instrumentos de medici\u00f3n\",\"publisher\":{\"@id\":\"https:\/\/abaa.mx\/tienda\/#organization\"},\"potentialAction\":[{\"@type\":\"SearchAction\",\"target\":{\"@type\":\"EntryPoint\",\"urlTemplate\":\"https:\/\/abaa.mx\/tienda\/?s={search_term_string}\"},\"query-input\":{\"@type\":\"PropertyValueSpecification\",\"valueRequired\":true,\"valueName\":\"search_term_string\"}}],\"inLanguage\":\"es\"},{\"@type\":\"Organization\",\"@id\":\"https:\/\/abaa.mx\/tienda\/#organization\",\"name\":\"Abaa tienda online\",\"url\":\"https:\/\/abaa.mx\/tienda\/\",\"logo\":{\"@type\":\"ImageObject\",\"inLanguage\":\"es\",\"@id\":\"https:\/\/abaa.mx\/tienda\/#\/schema\/logo\/image\/\",\"url\":\"https:\/\/abaa.mx\/tienda\/wp-content\/uploads\/2024\/01\/abaa-metrologia-tienda.png\",\"contentUrl\":\"https:\/\/abaa.mx\/tienda\/wp-content\/uploads\/2024\/01\/abaa-metrologia-tienda.png\",\"width\":300,\"height\":141,\"caption\":\"Abaa tienda online\"},\"image\":{\"@id\":\"https:\/\/abaa.mx\/tienda\/#\/schema\/logo\/image\/\"}}]}<\/script>\n<!-- \/ Yoast SEO plugin. -->","yoast_head_json":{"title":"Flashlink pdf vu in-transit logger Modelo 40457, 40458 - Abaa tienda online","robots":{"index":"index","follow":"follow","max-snippet":"max-snippet:-1","max-image-preview":"max-image-preview:large","max-video-preview":"max-video-preview:-1"},"canonical":"https:\/\/abaa.mx\/tienda\/flashlink-pdf-vu-in-transit-logger-modelo-40457-40458\/","og_locale":"es_MX","og_type":"article","og_title":"Flashlink pdf vu in-transit logger Modelo 40457, 40458 - Abaa tienda online","og_description":"Caracteristicas\u00a0   Un modelo para cualquier duraci\u00f3n de viaje, que puede llegar a ser de hasta 85 d\u00edas.  Registrador de temperatura de un solo uso.  LCD grande y f\u00e1cil de leer.  No se requiere software para descargar datos.  Conector USB incorporado, no se necesitan dispositivos de lectura especiales.  Crea autom\u00e1ticamente un informe PDF seguro y un archivo CSV.  Estad\u00edsticas de historial de viaje disponibles en LCD.  La funci\u00f3n patentada Shadow Log garantiza los datos incluso si el remitente no puede iniciar el registrador.  Indicadores de alarma alta\/baja.  Servicio disponible para configurar par\u00e1metros de registro personalizados, alarmas, inicio retrasado.","og_url":"https:\/\/abaa.mx\/tienda\/flashlink-pdf-vu-in-transit-logger-modelo-40457-40458\/","og_site_name":"Abaa tienda online","article_modified_time":"2023-09-15T19:25:22+00:00","og_image":[{"width":400,"height":400,"url":"https:\/\/abaa.mx\/tienda\/wp-content\/uploads\/2023\/09\/40458-03-40458-04-1.jpg","type":"image\/jpeg"}],"twitter_card":"summary_large_image","twitter_misc":{"Tiempo de lectura":"3 minutos"},"schema":{"@context":"https:\/\/schema.org","@graph":[{"@type":"WebPage","@id":"https:\/\/abaa.mx\/tienda\/flashlink-pdf-vu-in-transit-logger-modelo-40457-40458\/","url":"https:\/\/abaa.mx\/tienda\/flashlink-pdf-vu-in-transit-logger-modelo-40457-40458\/","name":"Flashlink pdf vu in-transit logger Modelo 40457, 40458 - Abaa tienda online","isPartOf":{"@id":"https:\/\/abaa.mx\/tienda\/#website"},"primaryImageOfPage":{"@id":"https:\/\/abaa.mx\/tienda\/flashlink-pdf-vu-in-transit-logger-modelo-40457-40458\/#primaryimage"},"image":{"@id":"https:\/\/abaa.mx\/tienda\/flashlink-pdf-vu-in-transit-logger-modelo-40457-40458\/#primaryimage"},"thumbnailUrl":"https:\/\/abaa.mx\/tienda\/wp-content\/uploads\/2023\/09\/40458-03-40458-04-1.jpg","datePublished":"2023-09-15T19:25:21+00:00","dateModified":"2023-09-15T19:25:22+00:00","breadcrumb":{"@id":"https:\/\/abaa.mx\/tienda\/flashlink-pdf-vu-in-transit-logger-modelo-40457-40458\/#breadcrumb"},"inLanguage":"es","potentialAction":[{"@type":"ReadAction","target":["https:\/\/abaa.mx\/tienda\/flashlink-pdf-vu-in-transit-logger-modelo-40457-40458\/"]}]},{"@type":"ImageObject","inLanguage":"es","@id":"https:\/\/abaa.mx\/tienda\/flashlink-pdf-vu-in-transit-logger-modelo-40457-40458\/#primaryimage","url":"https:\/\/abaa.mx\/tienda\/wp-content\/uploads\/2023\/09\/40458-03-40458-04-1.jpg","contentUrl":"https:\/\/abaa.mx\/tienda\/wp-content\/uploads\/2023\/09\/40458-03-40458-04-1.jpg","width":400,"height":400,"caption":"flashlink-pdf-vu-in-transit-logger-modelo-40457-40458"},{"@type":"BreadcrumbList","@id":"https:\/\/abaa.mx\/tienda\/flashlink-pdf-vu-in-transit-logger-modelo-40457-40458\/#breadcrumb","itemListElement":[{"@type":"ListItem","position":1,"name":"Inicio","item":"https:\/\/abaa.mx\/tienda\/"},{"@type":"ListItem","position":2,"name":"Tienda","item":"https:\/\/abaa.mx\/tienda\/"},{"@type":"ListItem","position":3,"name":"Flashlink pdf vu in-transit logger Modelo 40457, 40458"}]},{"@type":"WebSite","@id":"https:\/\/abaa.mx\/tienda\/#website","url":"https:\/\/abaa.mx\/tienda\/","name":"Abaa tienda online","description":"Instrumentos de medici\u00f3n","publisher":{"@id":"https:\/\/abaa.mx\/tienda\/#organization"},"potentialAction":[{"@type":"SearchAction","target":{"@type":"EntryPoint","urlTemplate":"https:\/\/abaa.mx\/tienda\/?s={search_term_string}"},"query-input":{"@type":"PropertyValueSpecification","valueRequired":true,"valueName":"search_term_string"}}],"inLanguage":"es"},{"@type":"Organization","@id":"https:\/\/abaa.mx\/tienda\/#organization","name":"Abaa tienda online","url":"https:\/\/abaa.mx\/tienda\/","logo":{"@type":"ImageObject","inLanguage":"es","@id":"https:\/\/abaa.mx\/tienda\/#\/schema\/logo\/image\/","url":"https:\/\/abaa.mx\/tienda\/wp-content\/uploads\/2024\/01\/abaa-metrologia-tienda.png","contentUrl":"https:\/\/abaa.mx\/tienda\/wp-content\/uploads\/2024\/01\/abaa-metrologia-tienda.png","width":300,"height":141,"caption":"Abaa tienda online"},"image":{"@id":"https:\/\/abaa.mx\/tienda\/#\/schema\/logo\/image\/"}}]}},"_links":{"self":[{"href":"https:\/\/abaa.mx\/tienda\/wp-json\/wp\/v2\/product\/1761","targetHints":{"allow":["GET"]}}],"collection":[{"href":"https:\/\/abaa.mx\/tienda\/wp-json\/wp\/v2\/product"}],"about":[{"href":"https:\/\/abaa.mx\/tienda\/wp-json\/wp\/v2\/types\/product"}],"replies":[{"embeddable":true,"href":"https:\/\/abaa.mx\/tienda\/wp-json\/wp\/v2\/comments?post=1761"}],"wp:featuredmedia":[{"embeddable":true,"href":"https:\/\/abaa.mx\/tienda\/wp-json\/wp\/v2\/media\/1766"}],"wp:attachment":[{"href":"https:\/\/abaa.mx\/tienda\/wp-json\/wp\/v2\/media?parent=1761"}],"wp:term":[{"taxonomy":"product_brand","embeddable":true,"href":"https:\/\/abaa.mx\/tienda\/wp-json\/wp\/v2\/product_brand?post=1761"},{"taxonomy":"product_cat","embeddable":true,"href":"https:\/\/abaa.mx\/tienda\/wp-json\/wp\/v2\/product_cat?post=1761"},{"taxonomy":"product_tag","embeddable":true,"href":"https:\/\/abaa.mx\/tienda\/wp-json\/wp\/v2\/product_tag?post=1761"}],"curies":[{"name":"wp","href":"https:\/\/api.w.org\/{rel}","templated":true}]}}