{"id":1748,"date":"2023-09-15T18:59:42","date_gmt":"2023-09-15T18:59:42","guid":{"rendered":"https:\/\/abaa.mx\/tienda\/?post_type=product&#038;p=1748"},"modified":"2023-09-15T18:59:43","modified_gmt":"2023-09-15T18:59:43","slug":"flashlink-dry-ice-usb-pdf-in-transit-logger-modelo-40701","status":"publish","type":"product","link":"https:\/\/abaa.mx\/tienda\/flashlink-dry-ice-usb-pdf-in-transit-logger-modelo-40701\/","title":{"rendered":"Flashlink dry ice usb pdf in-transit logger Modelo 40701"},"content":{"rendered":"<h1>Flashlink\u00a0dry ice usb pdf in-transit logger<\/h1>\n<h3><strong>Modelo\u00a040701<\/strong><\/h3>\n<ul>\n<li>Registrador de temperatura en tr\u00e1nsito compacto de un solo uso.<\/li>\n<li>Monitorea en un ambiente de -115.6 \u00b0F \/ -82 \u00b0C hasta 85 d\u00edas consecutivos.<\/li>\n<li>El software integrado crea autom\u00e1ticamente un informe PDF y un archivo CSV.<\/li>\n<li>Estad\u00edsticas del historial de viajes disponibles en la pantalla LCD.<\/li>\n<li>La funci\u00f3n patentada Shadow Log garantiza los datos incluso si el operador no enciende la unidad.<\/li>\n<li>Conexi\u00f3n USB directa, no se necesita base, lector o adaptador.<\/li>\n<li>La bater\u00eda de litio al ser m\u00e1s peque\u00f1a, permite m\u00e1s registradores de datos por env\u00edo.<\/li>\n<li>Cumple con las regulaciones de mercanc\u00edas peligrosas de la IATA.<\/li>\n<\/ul>\n<div class=\"prod-top\">\n<div class=\"prod-left\">\n<div class=\"prod-app\"><b>Aplicaciones:<\/b>Monitoreo y registro de vacunas, materiales biol\u00f3gicos, qu\u00edmicos o env\u00edos de hielo seco.<\/p>\n<\/div>\n<\/div>\n<\/div>\n<div class=\"prod-bottom\">\n<div class=\"prod-desc\">\n<p>Los registradores en tr\u00e1nsito USB FlashLink \u00a0Dry Ice USB PDF de DeltaTrak son herramientas ideales de gesti\u00f3n de la cadena fr\u00eda para monitorear productos sensibles a la temperatura que deben viajar a trav\u00e9s de la cadena de suministro a temperaturas muy bajas, especialmente aquellos enviados con hielo seco. Este registrador de datos de un solo uso proporciona un historial de temperatura como informes PDF y CSV, y est\u00e1 equipado con un conector USB y software integrado para permitir la descarga inmediata de datos cuando llega una carga. Su caracter\u00edstica patentada Shadow Log\u00a0 garantiza que los datos del viaje est\u00e9n disponibles incluso si el operador no enciende la unidad.<\/p>\n<p>Los registradores en tr\u00e1nsito FlashLink Dry Ice USB PDF son ideales para rastrear env\u00edos de vacunas o materiales biol\u00f3gicos para la industria de las ciencias biol\u00f3gicas.\u00a0Los registradores proporcionan un registro completo de las condiciones de temperatura durante el env\u00edo y la manipulaci\u00f3n, lo que ayuda a garantizar y verificar la calidad y seguridad de estos costosos materiales.<\/p>\n<div class=\"prod-desc\">\n<p>El registrador puede monitorear ininterrumpidamente por hasta 85 d\u00edas temperaturas de hasta -82 \u00b0C.<\/p>\n<h2 class=\"rl_tabs-title nn_tabs-title\">Modelos<\/h2>\n<table>\n<thead>\n<tr>\n<th>Modelos<\/th>\n<th>40701<\/th>\n<\/tr>\n<\/thead>\n<tbody>\n<tr>\n<td>Escala de Temperatura<\/td>\n<td>\u00b0C<\/td>\n<\/tr>\n<tr>\n<td>Frecuencia de Muestreo<\/td>\n<td>10 Minutos<\/td>\n<\/tr>\n<tr>\n<td>Duraci\u00f3n del Viaje<\/td>\n<td>85 D\u00edas<\/td>\n<\/tr>\n<\/tbody>\n<\/table>\n<p>&nbsp;<\/p>\n<table>\n<caption><span>FlashLink\u00a0Dry Ice USB PDFIn-Transit Logger, Modelo 40701<\/span><\/caption>\n<thead>\n<tr>\n<th scope=\"col\">Caracter\u00edstica<\/th>\n<th scope=\"col\">Especificaci\u00f3n<\/th>\n<\/tr>\n<\/thead>\n<tfoot>\n<tr>\n<td colspan=\"2\"><\/td>\n<\/tr>\n<\/tfoot>\n<tbody>\n<tr>\n<td>Rango de Medici\u00f3n<\/td>\n<td>-115.6\u00b0F a 113\u00b0F (-82\u00b0C a 45\u00b0C)<\/td>\n<\/tr>\n<tr>\n<td>Resoluci\u00f3n de Temperatura<\/td>\n<td>0.1\u00b0F\/\u00b0C<\/td>\n<\/tr>\n<tr>\n<td>Precisi\u00f3n<\/td>\n<td>\u00b11.8\u00b0F de 77\u00b0F a 113\u00b0F (\u00b11.0\u00b0C de 25\u00b0C a 45\u00b0C) \u00b11.0\u00b0F de 32\u00b0F a 77\u00b0F (\u00b10.5\u00b0C de 0\u00b0C a 25\u00b0C) \u00b11.8\u00b0F de -40\u00b0F a 32\u00b0F (\u00b11.0\u00b0C de -40\u00b0C a 0\u00b0C) \u00b13.0\u00b0F de -115.6\u00b0F de -40\u00b0F (\u00b11.7\u00b0C de -82\u00b0C a -40\u00b0C)<\/td>\n<\/tr>\n<tr>\n<td>Capacidad de Datos<\/td>\n<td>12,288 puntos de datos<\/td>\n<\/tr>\n<tr>\n<td>Tiempo de Descarga de Datos<\/td>\n<td>4 a 5 segundos<\/td>\n<\/tr>\n<tr>\n<td>Niveles de Alarma Programables de F\u00e1brica<\/td>\n<td>L\u00edmites altos\/bajos en todo el intervalo\u00a0de temperatura<\/td>\n<\/tr>\n<tr>\n<td>Bater\u00eda<\/td>\n<td>Una \u00bd AA, 3.6 voltios<\/td>\n<\/tr>\n<tr>\n<td>Dimensiones<\/td>\n<td>1,57 pulgadas x 3,67 pulgadas x 0,94 pulgadas (40 mm x 93,5 mm x 24 mm)<\/td>\n<\/tr>\n<tr>\n<td>Cubierta<\/td>\n<td>Pl\u00e1stico\u00a0ABS<\/td>\n<\/tr>\n<tr>\n<td>Peso<\/td>\n<td>1.9 onzas (54 gramos)<\/td>\n<\/tr>\n<tr>\n<td>Resistencia a los Golpes<\/td>\n<td>Soporta ca\u00eddas de 3 pies (1 metro) sobre superficies duras<\/td>\n<\/tr>\n<tr>\n<td>Certificaci\u00f3n<\/td>\n<td>RTCA \/ DO-160G: 2010 Sect 21.5, Calibraci\u00f3n trazable a NIST, Cumple con ROHS, Cumple con BSS 7061, CE Mark<\/td>\n<\/tr>\n<tr>\n<td>Pantalla<\/td>\n<td>LCD, alarma LED roja<\/td>\n<\/tr>\n<tr>\n<td>Condiciones de Almacenaje<\/td>\n<td>-4\u00b0F a 122\u00b0F (-20\u00b0C a 50\u00b0C) 0% a 95% de humedad relativa sin condensaci\u00f3n<\/td>\n<\/tr>\n<tr>\n<td>Est\u00e1ndares PDF<\/td>\n<td>Cumple con ISO\u00a019005-1, PDF\/A, 21 CFR Parte 11<\/td>\n<\/tr>\n<tr>\n<td>Requisitos del Sistema<\/td>\n<td>PC con sistema operativo actual\u00a0Windows y Adobe Reader<\/td>\n<\/tr>\n<tr>\n<td>Requisitos de Descarga<\/td>\n<td>Conexi\u00f3n USB directa<\/td>\n<\/tr>\n<\/tbody>\n<\/table>\n<\/div>\n<p>&nbsp;<\/p>\n<\/div>\n<\/div>\n","protected":false},"excerpt":{"rendered":"<h3><strong>Caracter\u00edsticas\u00a0<\/strong><\/h3>\n<ul>\n<li>Registrador de temperatura en tr\u00e1nsito compacto de un solo uso.<\/li>\n<li>Monitorea en un ambiente de -115.6 \u00b0F \/ -82 \u00b0C hasta 85 d\u00edas consecutivos.<\/li>\n<li>El software integrado crea autom\u00e1ticamente un informe PDF y un archivo CSV.<\/li>\n<li>Estad\u00edsticas del historial de viajes disponibles en la pantalla LCD.<\/li>\n<li>La funci\u00f3n patentada Shadow Log\u00ae garantiza los datos incluso si el operador no enciende la unidad.<\/li>\n<li>Conexi\u00f3n USB directa, no se necesita base, lector o adaptador.<\/li>\n<li>La bater\u00eda de litio al ser m\u00e1s peque\u00f1a, permite m\u00e1s registradores de datos por env\u00edo.<\/li>\n<li>Cumple con las regulaciones de mercanc\u00edas peligrosas de la IATA.<\/li>\n<\/ul>\n","protected":false},"featured_media":1749,"comment_status":"open","ping_status":"closed","template":"","meta":{"_joinchat":[]},"product_brand":[],"product_cat":[15],"product_tag":[],"class_list":{"0":"post-1748","1":"product","2":"type-product","3":"status-publish","4":"has-post-thumbnail","6":"product_cat-sin-categorizar","8":"first","9":"instock","10":"shipping-taxable","11":"product-type-simple"},"yoast_head":"<!-- This site is optimized with the Yoast SEO plugin v26.4 - https:\/\/yoast.com\/wordpress\/plugins\/seo\/ -->\n<title>Flashlink dry ice usb pdf in-transit logger Modelo 40701 - Abaa tienda online<\/title>\n<meta name=\"robots\" content=\"index, follow, max-snippet:-1, max-image-preview:large, max-video-preview:-1\" \/>\n<link rel=\"canonical\" href=\"https:\/\/abaa.mx\/tienda\/flashlink-dry-ice-usb-pdf-in-transit-logger-modelo-40701\/\" \/>\n<meta property=\"og:locale\" content=\"es_MX\" \/>\n<meta property=\"og:type\" content=\"article\" \/>\n<meta property=\"og:title\" content=\"Flashlink dry ice usb pdf in-transit logger Modelo 40701 - Abaa tienda online\" \/>\n<meta property=\"og:description\" content=\"Caracter\u00edsticas\u00a0   Registrador de temperatura en tr\u00e1nsito compacto de un solo uso.  Monitorea en un ambiente de -115.6 \u00b0F \/ -82 \u00b0C hasta 85 d\u00edas consecutivos.  El software integrado crea autom\u00e1ticamente un informe PDF y un archivo CSV.  Estad\u00edsticas del historial de viajes disponibles en la pantalla LCD.  La funci\u00f3n patentada Shadow Log\u00ae garantiza los datos incluso si el operador no enciende la unidad.  Conexi\u00f3n USB directa, no se necesita base, lector o adaptador.  La bater\u00eda de litio al ser m\u00e1s peque\u00f1a, permite m\u00e1s registradores de datos por env\u00edo.  Cumple con las regulaciones de mercanc\u00edas peligrosas de la IATA.\" \/>\n<meta property=\"og:url\" content=\"https:\/\/abaa.mx\/tienda\/flashlink-dry-ice-usb-pdf-in-transit-logger-modelo-40701\/\" \/>\n<meta property=\"og:site_name\" content=\"Abaa tienda online\" \/>\n<meta property=\"article:modified_time\" content=\"2023-09-15T18:59:43+00:00\" \/>\n<meta property=\"og:image\" content=\"https:\/\/abaa.mx\/tienda\/wp-content\/uploads\/2023\/09\/40701.jpg\" \/>\n\t<meta property=\"og:image:width\" content=\"474\" \/>\n\t<meta property=\"og:image:height\" content=\"233\" \/>\n\t<meta property=\"og:image:type\" content=\"image\/jpeg\" \/>\n<meta name=\"twitter:card\" content=\"summary_large_image\" \/>\n<meta name=\"twitter:label1\" content=\"Tiempo de lectura\" \/>\n\t<meta name=\"twitter:data1\" content=\"3 minutos\" \/>\n<script type=\"application\/ld+json\" class=\"yoast-schema-graph\">{\"@context\":\"https:\/\/schema.org\",\"@graph\":[{\"@type\":\"WebPage\",\"@id\":\"https:\/\/abaa.mx\/tienda\/flashlink-dry-ice-usb-pdf-in-transit-logger-modelo-40701\/\",\"url\":\"https:\/\/abaa.mx\/tienda\/flashlink-dry-ice-usb-pdf-in-transit-logger-modelo-40701\/\",\"name\":\"Flashlink dry ice usb pdf in-transit logger Modelo 40701 - Abaa tienda online\",\"isPartOf\":{\"@id\":\"https:\/\/abaa.mx\/tienda\/#website\"},\"primaryImageOfPage\":{\"@id\":\"https:\/\/abaa.mx\/tienda\/flashlink-dry-ice-usb-pdf-in-transit-logger-modelo-40701\/#primaryimage\"},\"image\":{\"@id\":\"https:\/\/abaa.mx\/tienda\/flashlink-dry-ice-usb-pdf-in-transit-logger-modelo-40701\/#primaryimage\"},\"thumbnailUrl\":\"https:\/\/abaa.mx\/tienda\/wp-content\/uploads\/2023\/09\/40701.jpg\",\"datePublished\":\"2023-09-15T18:59:42+00:00\",\"dateModified\":\"2023-09-15T18:59:43+00:00\",\"breadcrumb\":{\"@id\":\"https:\/\/abaa.mx\/tienda\/flashlink-dry-ice-usb-pdf-in-transit-logger-modelo-40701\/#breadcrumb\"},\"inLanguage\":\"es\",\"potentialAction\":[{\"@type\":\"ReadAction\",\"target\":[\"https:\/\/abaa.mx\/tienda\/flashlink-dry-ice-usb-pdf-in-transit-logger-modelo-40701\/\"]}]},{\"@type\":\"ImageObject\",\"inLanguage\":\"es\",\"@id\":\"https:\/\/abaa.mx\/tienda\/flashlink-dry-ice-usb-pdf-in-transit-logger-modelo-40701\/#primaryimage\",\"url\":\"https:\/\/abaa.mx\/tienda\/wp-content\/uploads\/2023\/09\/40701.jpg\",\"contentUrl\":\"https:\/\/abaa.mx\/tienda\/wp-content\/uploads\/2023\/09\/40701.jpg\",\"width\":474,\"height\":233,\"caption\":\"flashlink-dry-ice-usb-pdf-in-transit-logger-modelo-40701\"},{\"@type\":\"BreadcrumbList\",\"@id\":\"https:\/\/abaa.mx\/tienda\/flashlink-dry-ice-usb-pdf-in-transit-logger-modelo-40701\/#breadcrumb\",\"itemListElement\":[{\"@type\":\"ListItem\",\"position\":1,\"name\":\"Inicio\",\"item\":\"https:\/\/abaa.mx\/tienda\/\"},{\"@type\":\"ListItem\",\"position\":2,\"name\":\"Tienda\",\"item\":\"https:\/\/abaa.mx\/tienda\/\"},{\"@type\":\"ListItem\",\"position\":3,\"name\":\"Flashlink dry ice usb pdf in-transit logger Modelo 40701\"}]},{\"@type\":\"WebSite\",\"@id\":\"https:\/\/abaa.mx\/tienda\/#website\",\"url\":\"https:\/\/abaa.mx\/tienda\/\",\"name\":\"Abaa tienda online\",\"description\":\"Instrumentos de medici\u00f3n\",\"publisher\":{\"@id\":\"https:\/\/abaa.mx\/tienda\/#organization\"},\"potentialAction\":[{\"@type\":\"SearchAction\",\"target\":{\"@type\":\"EntryPoint\",\"urlTemplate\":\"https:\/\/abaa.mx\/tienda\/?s={search_term_string}\"},\"query-input\":{\"@type\":\"PropertyValueSpecification\",\"valueRequired\":true,\"valueName\":\"search_term_string\"}}],\"inLanguage\":\"es\"},{\"@type\":\"Organization\",\"@id\":\"https:\/\/abaa.mx\/tienda\/#organization\",\"name\":\"Abaa tienda online\",\"url\":\"https:\/\/abaa.mx\/tienda\/\",\"logo\":{\"@type\":\"ImageObject\",\"inLanguage\":\"es\",\"@id\":\"https:\/\/abaa.mx\/tienda\/#\/schema\/logo\/image\/\",\"url\":\"https:\/\/abaa.mx\/tienda\/wp-content\/uploads\/2024\/01\/abaa-metrologia-tienda.png\",\"contentUrl\":\"https:\/\/abaa.mx\/tienda\/wp-content\/uploads\/2024\/01\/abaa-metrologia-tienda.png\",\"width\":300,\"height\":141,\"caption\":\"Abaa tienda online\"},\"image\":{\"@id\":\"https:\/\/abaa.mx\/tienda\/#\/schema\/logo\/image\/\"}}]}<\/script>\n<!-- \/ Yoast SEO plugin. -->","yoast_head_json":{"title":"Flashlink dry ice usb pdf in-transit logger Modelo 40701 - Abaa tienda online","robots":{"index":"index","follow":"follow","max-snippet":"max-snippet:-1","max-image-preview":"max-image-preview:large","max-video-preview":"max-video-preview:-1"},"canonical":"https:\/\/abaa.mx\/tienda\/flashlink-dry-ice-usb-pdf-in-transit-logger-modelo-40701\/","og_locale":"es_MX","og_type":"article","og_title":"Flashlink dry ice usb pdf in-transit logger Modelo 40701 - Abaa tienda online","og_description":"Caracter\u00edsticas\u00a0   Registrador de temperatura en tr\u00e1nsito compacto de un solo uso.  Monitorea en un ambiente de -115.6 \u00b0F \/ -82 \u00b0C hasta 85 d\u00edas consecutivos.  El software integrado crea autom\u00e1ticamente un informe PDF y un archivo CSV.  Estad\u00edsticas del historial de viajes disponibles en la pantalla LCD.  La funci\u00f3n patentada Shadow Log\u00ae garantiza los datos incluso si el operador no enciende la unidad.  Conexi\u00f3n USB directa, no se necesita base, lector o adaptador.  La bater\u00eda de litio al ser m\u00e1s peque\u00f1a, permite m\u00e1s registradores de datos por env\u00edo.  Cumple con las regulaciones de mercanc\u00edas peligrosas de la IATA.","og_url":"https:\/\/abaa.mx\/tienda\/flashlink-dry-ice-usb-pdf-in-transit-logger-modelo-40701\/","og_site_name":"Abaa tienda online","article_modified_time":"2023-09-15T18:59:43+00:00","og_image":[{"width":474,"height":233,"url":"https:\/\/abaa.mx\/tienda\/wp-content\/uploads\/2023\/09\/40701.jpg","type":"image\/jpeg"}],"twitter_card":"summary_large_image","twitter_misc":{"Tiempo de lectura":"3 minutos"},"schema":{"@context":"https:\/\/schema.org","@graph":[{"@type":"WebPage","@id":"https:\/\/abaa.mx\/tienda\/flashlink-dry-ice-usb-pdf-in-transit-logger-modelo-40701\/","url":"https:\/\/abaa.mx\/tienda\/flashlink-dry-ice-usb-pdf-in-transit-logger-modelo-40701\/","name":"Flashlink dry ice usb pdf in-transit logger Modelo 40701 - Abaa tienda online","isPartOf":{"@id":"https:\/\/abaa.mx\/tienda\/#website"},"primaryImageOfPage":{"@id":"https:\/\/abaa.mx\/tienda\/flashlink-dry-ice-usb-pdf-in-transit-logger-modelo-40701\/#primaryimage"},"image":{"@id":"https:\/\/abaa.mx\/tienda\/flashlink-dry-ice-usb-pdf-in-transit-logger-modelo-40701\/#primaryimage"},"thumbnailUrl":"https:\/\/abaa.mx\/tienda\/wp-content\/uploads\/2023\/09\/40701.jpg","datePublished":"2023-09-15T18:59:42+00:00","dateModified":"2023-09-15T18:59:43+00:00","breadcrumb":{"@id":"https:\/\/abaa.mx\/tienda\/flashlink-dry-ice-usb-pdf-in-transit-logger-modelo-40701\/#breadcrumb"},"inLanguage":"es","potentialAction":[{"@type":"ReadAction","target":["https:\/\/abaa.mx\/tienda\/flashlink-dry-ice-usb-pdf-in-transit-logger-modelo-40701\/"]}]},{"@type":"ImageObject","inLanguage":"es","@id":"https:\/\/abaa.mx\/tienda\/flashlink-dry-ice-usb-pdf-in-transit-logger-modelo-40701\/#primaryimage","url":"https:\/\/abaa.mx\/tienda\/wp-content\/uploads\/2023\/09\/40701.jpg","contentUrl":"https:\/\/abaa.mx\/tienda\/wp-content\/uploads\/2023\/09\/40701.jpg","width":474,"height":233,"caption":"flashlink-dry-ice-usb-pdf-in-transit-logger-modelo-40701"},{"@type":"BreadcrumbList","@id":"https:\/\/abaa.mx\/tienda\/flashlink-dry-ice-usb-pdf-in-transit-logger-modelo-40701\/#breadcrumb","itemListElement":[{"@type":"ListItem","position":1,"name":"Inicio","item":"https:\/\/abaa.mx\/tienda\/"},{"@type":"ListItem","position":2,"name":"Tienda","item":"https:\/\/abaa.mx\/tienda\/"},{"@type":"ListItem","position":3,"name":"Flashlink dry ice usb pdf in-transit logger Modelo 40701"}]},{"@type":"WebSite","@id":"https:\/\/abaa.mx\/tienda\/#website","url":"https:\/\/abaa.mx\/tienda\/","name":"Abaa tienda online","description":"Instrumentos de medici\u00f3n","publisher":{"@id":"https:\/\/abaa.mx\/tienda\/#organization"},"potentialAction":[{"@type":"SearchAction","target":{"@type":"EntryPoint","urlTemplate":"https:\/\/abaa.mx\/tienda\/?s={search_term_string}"},"query-input":{"@type":"PropertyValueSpecification","valueRequired":true,"valueName":"search_term_string"}}],"inLanguage":"es"},{"@type":"Organization","@id":"https:\/\/abaa.mx\/tienda\/#organization","name":"Abaa tienda online","url":"https:\/\/abaa.mx\/tienda\/","logo":{"@type":"ImageObject","inLanguage":"es","@id":"https:\/\/abaa.mx\/tienda\/#\/schema\/logo\/image\/","url":"https:\/\/abaa.mx\/tienda\/wp-content\/uploads\/2024\/01\/abaa-metrologia-tienda.png","contentUrl":"https:\/\/abaa.mx\/tienda\/wp-content\/uploads\/2024\/01\/abaa-metrologia-tienda.png","width":300,"height":141,"caption":"Abaa tienda online"},"image":{"@id":"https:\/\/abaa.mx\/tienda\/#\/schema\/logo\/image\/"}}]}},"_links":{"self":[{"href":"https:\/\/abaa.mx\/tienda\/wp-json\/wp\/v2\/product\/1748","targetHints":{"allow":["GET"]}}],"collection":[{"href":"https:\/\/abaa.mx\/tienda\/wp-json\/wp\/v2\/product"}],"about":[{"href":"https:\/\/abaa.mx\/tienda\/wp-json\/wp\/v2\/types\/product"}],"replies":[{"embeddable":true,"href":"https:\/\/abaa.mx\/tienda\/wp-json\/wp\/v2\/comments?post=1748"}],"wp:featuredmedia":[{"embeddable":true,"href":"https:\/\/abaa.mx\/tienda\/wp-json\/wp\/v2\/media\/1749"}],"wp:attachment":[{"href":"https:\/\/abaa.mx\/tienda\/wp-json\/wp\/v2\/media?parent=1748"}],"wp:term":[{"taxonomy":"product_brand","embeddable":true,"href":"https:\/\/abaa.mx\/tienda\/wp-json\/wp\/v2\/product_brand?post=1748"},{"taxonomy":"product_cat","embeddable":true,"href":"https:\/\/abaa.mx\/tienda\/wp-json\/wp\/v2\/product_cat?post=1748"},{"taxonomy":"product_tag","embeddable":true,"href":"https:\/\/abaa.mx\/tienda\/wp-json\/wp\/v2\/product_tag?post=1748"}],"curies":[{"name":"wp","href":"https:\/\/api.w.org\/{rel}","templated":true}]}}