{"id":1724,"date":"2023-09-15T17:25:13","date_gmt":"2023-09-15T17:25:13","guid":{"rendered":"https:\/\/abaa.mx\/tienda\/?post_type=product&#038;p=1724"},"modified":"2023-09-15T17:25:13","modified_gmt":"2023-09-15T17:25:13","slug":"registrador-de-transito-flashlink-vu-modelo-20879","status":"publish","type":"product","link":"https:\/\/abaa.mx\/tienda\/registrador-de-transito-flashlink-vu-modelo-20879\/","title":{"rendered":"Registrador de tr\u00e1nsito flashlink vu Modelo 20879"},"content":{"rendered":"<h1>Registrador de tr\u00e1nsito flashlink\u00a0vu<\/h1>\n<h3><strong>Modelo\u00a020879<\/strong><\/h3>\n<ul>\n<li>Aceptado por la mayor\u00eda de los recibidores.<\/li>\n<li>Consolide su inventario con un s\u00f3lo producto para todos sus env\u00edos.<\/li>\n<li>20879 tiene alarmas de alta \/ baja 41 \u00b0 F \/ 33 \u00b0 F.<\/li>\n<li>Montado en una tarjeta de localizaci\u00f3n de alta visibilidad.<\/li>\n<li>Estad\u00edsticas del historial de viajes en LCD para decisiones de recepci\u00f3n r\u00e1pidas.<\/li>\n<li>La funci\u00f3n patentada Shadow Log garantiza la informaci\u00f3n incluso si el operador no enciende el registrador.<\/li>\n<li><span>Descarga datos a la PC como PDF seguro.<\/span><\/li>\n<\/ul>\n<div class=\"prod-top\">\n<div class=\"prod-left\">\n<div class=\"prod-app\"><b>Aplicaciones:<\/b>\u00a0Transporte, Almacenamiento en Fr\u00edo, Instalaciones de Procesamiento<\/div>\n<\/div>\n<\/div>\n<div class=\"prod-bottom\">\n<div class=\"prod-desc\">\n<p>Este registrador en tr\u00e1nsito de un solo uso es aceptado por la mayor\u00eda de los receptores y es la herramienta ideal en gesti\u00f3n de la cadena de fr\u00edo para el seguimiento de la temperatura durante el transporte de productos perecederos. Se puede utilizar en todas las cargas de salida, por lo que los proveedores pueden consolidar sus registradores de temperatura en un modelo. El uso del registrador en tr\u00e1nsito FlashLink VU significa que no hay necesidad de almacenar varias marcas en la oficina de env\u00edos, lo que facilita la gesti\u00f3n del inventario y elimina el problema de quedarse sin un tipo particular de registrador para un receptor espec\u00edfico.<\/p>\n<div class=\"prod-desc\">\n<p>El modelo 20879 est\u00e1 configurado de f\u00e1brica con ajustes de alarma para alertar a los receptores con un LED parpadeante rojo, cuando la temperatura durante el tr\u00e1nsito ha superado los 41 \u00b0 F \/ 5 \u00b0 C o es inferior a 33 \u00b0 F \/ 0.6 \u00b0 C, y tiene un inicio de retraso de 30 minutos y 30 Retraso de alarma minuto. La funci\u00f3n patentada Shadow Log \u2122 garantiza los datos, incluso si el remitente olvida iniciar la unidad. Los datos se descargan utilizando el software gratuito FlashLink Data Manager, y los informes se guardan en formato PDF para enviarlos por correo electr\u00f3nico y archivarlos con el fin de mantener registros, trazabilidad y cumplir con los requisitos de HACCP y FSMA (Ley de Modernizaci\u00f3n de Seguridad Alimentaria).<\/p>\n<h2 class=\"rl_tabs-title nn_tabs-title\">Modelos<\/h2>\n<table>\n<tbody>\n<tr>\n<th>Modelos<\/th>\n<th>Alarma<br \/>\nAlta<\/th>\n<th>Alarma<br \/>\nBaja<\/th>\n<th>Retraso<br \/>\nde Alarma<\/th>\n<th>Inicio<br \/>\nAtrasado<\/th>\n<\/tr>\n<tr>\n<td>20879<\/td>\n<td>41\u00baF (5\u00baC)<\/td>\n<td>33\u00baF (0.6\u00baC)<\/td>\n<td>30 min.<\/td>\n<td>30 min.<\/td>\n<\/tr>\n<\/tbody>\n<\/table>\n<p>&nbsp;<\/p>\n<table>\n<caption><span>Registrador de tr\u00e1nsito FlashLink VU<\/span><\/caption>\n<thead>\n<tr>\n<th scope=\"col\">Caracter\u00edstica<\/th>\n<th scope=\"col\">Especificaci\u00f3n<\/th>\n<\/tr>\n<\/thead>\n<tfoot>\n<tr>\n<td colspan=\"2\"><\/td>\n<\/tr>\n<\/tfoot>\n<tbody>\n<tr>\n<td>Periodo de Grabaci\u00f3n<\/td>\n<td>15 D\u00edas<\/td>\n<\/tr>\n<tr>\n<td>Intervalo de registro<\/td>\n<td>5 min, 40 segundos<\/td>\n<\/tr>\n<tr>\n<td>Intervalo de Medici\u00f3n<\/td>\n<td>-40\u00b0F a 122\u00b0F (-40\u00b0C a 50\u00b0C)<\/td>\n<\/tr>\n<tr>\n<td>Resoluci\u00f3n de la Temperatura<\/td>\n<td>0.1\u00b0F\/\u00b0C<\/td>\n<\/tr>\n<tr>\n<td>Precisi\u00f3n de la Temperatura<\/td>\n<td>\u00b11.0\u00b0F desde 14\u00b0F a 77\u00b0F (\u00b10.5\u00b0C desde -10\u00b0C a 25\u00b0C);<br \/>\n\u00b12.0\u00b0F por encima de 77\u00b0F (\u00b11.0\u00b0C por encima de 25\u00b0C)<br \/>\n\u00b12.0\u00b0F por debajo de 14\u00b0F (\u00b11.0\u00b0C por debajo de -10\u00b0C)<\/td>\n<\/tr>\n<tr>\n<td>Capacidad de Datos<\/td>\n<td>3823 puntos<\/td>\n<\/tr>\n<tr>\n<td>Tiempo de Descarga de Datos<\/td>\n<td>5 segundos para 3823 puntos<\/td>\n<\/tr>\n<tr>\n<td>Alarmas\/Ajustes<\/td>\n<td>Alta 41\u00b0 F (5\u00b0C), Baja 33\u00b0 F (0.5\u00b0C)<br \/>\nRetraso de Inicio de 30 min, Retraso de Alarma de 30 min<\/td>\n<\/tr>\n<tr>\n<td>Bater\u00eda<\/td>\n<td>Bater\u00eda de Litio de Celda de Moneda<\/td>\n<\/tr>\n<tr>\n<td>Dimensiones del Registrador<\/td>\n<td>1.962&#8243; x 3.423&#8243; x .575&#8243; (50mm x 87mm x 15mm)<\/td>\n<\/tr>\n<tr>\n<td>Cubierta<\/td>\n<td>Pl\u00e1stico ABS<\/td>\n<\/tr>\n<tr>\n<td>Peso del Registrador<\/td>\n<td>1.6 oz. (45.36 gramos)<\/td>\n<\/tr>\n<tr>\n<td>Resistencia a los Golpes<\/td>\n<td>Soporta ca\u00eddas de 3 p\u00edes (1 metro) a superficies duras<\/td>\n<\/tr>\n<tr>\n<td>Certificaci\u00f3n<\/td>\n<td>Marca CE, trazable a NIST, Cumplimiento RoHS<\/td>\n<\/tr>\n<tr>\n<td>Pantalla<\/td>\n<td>Escala \u00b0F en la pantalla LCD, LED rojo de alarma<\/td>\n<\/tr>\n<tr>\n<td>Clasificaci\u00f3n IP<\/td>\n<td>IP56<\/td>\n<\/tr>\n<tr>\n<td>Condiciones de Almacenamiento<\/td>\n<td>-4\u00b0F a 122\u00b0F (-20\u00b0C a 50\u00b0C) HR 0% a 95% sin condensaci\u00f3n<\/td>\n<\/tr>\n<tr>\n<td>Requisitos del sistema<\/td>\n<td>Windows PC con sistema operativo actualizado, Adobe Reader, software FlashLink Data Manager<\/td>\n<\/tr>\n<tr>\n<td>Requisitos para la descarga<\/td>\n<td>adaptador 8 -Pin a USB<\/td>\n<\/tr>\n<\/tbody>\n<\/table>\n<\/div>\n<\/div>\n<\/div>\n","protected":false},"excerpt":{"rendered":"<h3><strong>Caracter\u00edsticas<\/strong><\/h3>\n<ul>\n<li>Aceptado por la mayor\u00eda de los recibidores.<\/li>\n<li>Consolide su inventario con un s\u00f3lo producto para todos sus env\u00edos.<\/li>\n<li>20879 tiene alarmas de alta \/ baja 41 \u00b0 F \/ 33 \u00b0 F.<\/li>\n<li>Montado en una tarjeta de localizaci\u00f3n de alta visibilidad.<\/li>\n<li>Estad\u00edsticas del historial de viajes en LCD para decisiones de recepci\u00f3n r\u00e1pidas.<\/li>\n<li>La funci\u00f3n patentada Shadow Log garantiza la informaci\u00f3n incluso si el operador no enciende el registrador.<\/li>\n<li><span>Descarga datos a la PC como PDF seguro.<\/span><\/li>\n<\/ul>\n","protected":false},"featured_media":1727,"comment_status":"open","ping_status":"closed","template":"","meta":{"_joinchat":[]},"product_brand":[],"product_cat":[15],"product_tag":[],"class_list":{"0":"post-1724","1":"product","2":"type-product","3":"status-publish","4":"has-post-thumbnail","6":"product_cat-sin-categorizar","8":"first","9":"instock","10":"shipping-taxable","11":"product-type-simple"},"yoast_head":"<!-- This site is optimized with the Yoast SEO plugin v26.4 - https:\/\/yoast.com\/wordpress\/plugins\/seo\/ -->\n<title>Registrador de tr\u00e1nsito flashlink vu Modelo 20879 - Abaa tienda online<\/title>\n<meta name=\"robots\" content=\"index, follow, max-snippet:-1, max-image-preview:large, max-video-preview:-1\" \/>\n<link rel=\"canonical\" href=\"https:\/\/abaa.mx\/tienda\/registrador-de-transito-flashlink-vu-modelo-20879\/\" \/>\n<meta property=\"og:locale\" content=\"es_MX\" \/>\n<meta property=\"og:type\" content=\"article\" \/>\n<meta property=\"og:title\" content=\"Registrador de tr\u00e1nsito flashlink vu Modelo 20879 - Abaa tienda online\" \/>\n<meta property=\"og:description\" content=\"Caracter\u00edsticas   Aceptado por la mayor\u00eda de los recibidores.  Consolide su inventario con un s\u00f3lo producto para todos sus env\u00edos.  20879 tiene alarmas de alta \/ baja 41 \u00b0 F \/ 33 \u00b0 F.  Montado en una tarjeta de localizaci\u00f3n de alta visibilidad.  Estad\u00edsticas del historial de viajes en LCD para decisiones de recepci\u00f3n r\u00e1pidas.  La funci\u00f3n patentada Shadow Log garantiza la informaci\u00f3n incluso si el operador no enciende el registrador.  Descarga datos a la PC como PDF seguro.\" \/>\n<meta property=\"og:url\" content=\"https:\/\/abaa.mx\/tienda\/registrador-de-transito-flashlink-vu-modelo-20879\/\" \/>\n<meta property=\"og:site_name\" content=\"Abaa tienda online\" \/>\n<meta property=\"og:image\" content=\"https:\/\/abaa.mx\/tienda\/wp-content\/uploads\/2023\/09\/20879.jpg\" \/>\n\t<meta property=\"og:image:width\" content=\"474\" \/>\n\t<meta property=\"og:image:height\" content=\"678\" \/>\n\t<meta property=\"og:image:type\" content=\"image\/jpeg\" \/>\n<meta name=\"twitter:card\" content=\"summary_large_image\" \/>\n<meta name=\"twitter:label1\" content=\"Tiempo de lectura\" \/>\n\t<meta name=\"twitter:data1\" content=\"3 minutos\" \/>\n<script type=\"application\/ld+json\" class=\"yoast-schema-graph\">{\"@context\":\"https:\/\/schema.org\",\"@graph\":[{\"@type\":\"WebPage\",\"@id\":\"https:\/\/abaa.mx\/tienda\/registrador-de-transito-flashlink-vu-modelo-20879\/\",\"url\":\"https:\/\/abaa.mx\/tienda\/registrador-de-transito-flashlink-vu-modelo-20879\/\",\"name\":\"Registrador de tr\u00e1nsito flashlink vu Modelo 20879 - Abaa tienda online\",\"isPartOf\":{\"@id\":\"https:\/\/abaa.mx\/tienda\/#website\"},\"primaryImageOfPage\":{\"@id\":\"https:\/\/abaa.mx\/tienda\/registrador-de-transito-flashlink-vu-modelo-20879\/#primaryimage\"},\"image\":{\"@id\":\"https:\/\/abaa.mx\/tienda\/registrador-de-transito-flashlink-vu-modelo-20879\/#primaryimage\"},\"thumbnailUrl\":\"https:\/\/abaa.mx\/tienda\/wp-content\/uploads\/2023\/09\/20879.jpg\",\"datePublished\":\"2023-09-15T17:25:13+00:00\",\"breadcrumb\":{\"@id\":\"https:\/\/abaa.mx\/tienda\/registrador-de-transito-flashlink-vu-modelo-20879\/#breadcrumb\"},\"inLanguage\":\"es\",\"potentialAction\":[{\"@type\":\"ReadAction\",\"target\":[\"https:\/\/abaa.mx\/tienda\/registrador-de-transito-flashlink-vu-modelo-20879\/\"]}]},{\"@type\":\"ImageObject\",\"inLanguage\":\"es\",\"@id\":\"https:\/\/abaa.mx\/tienda\/registrador-de-transito-flashlink-vu-modelo-20879\/#primaryimage\",\"url\":\"https:\/\/abaa.mx\/tienda\/wp-content\/uploads\/2023\/09\/20879.jpg\",\"contentUrl\":\"https:\/\/abaa.mx\/tienda\/wp-content\/uploads\/2023\/09\/20879.jpg\",\"width\":474,\"height\":678,\"caption\":\"registrador-de-transito-flashlink-vu-modelo-20879\"},{\"@type\":\"BreadcrumbList\",\"@id\":\"https:\/\/abaa.mx\/tienda\/registrador-de-transito-flashlink-vu-modelo-20879\/#breadcrumb\",\"itemListElement\":[{\"@type\":\"ListItem\",\"position\":1,\"name\":\"Inicio\",\"item\":\"https:\/\/abaa.mx\/tienda\/\"},{\"@type\":\"ListItem\",\"position\":2,\"name\":\"Tienda\",\"item\":\"https:\/\/abaa.mx\/tienda\/\"},{\"@type\":\"ListItem\",\"position\":3,\"name\":\"Registrador de tr\u00e1nsito flashlink vu Modelo 20879\"}]},{\"@type\":\"WebSite\",\"@id\":\"https:\/\/abaa.mx\/tienda\/#website\",\"url\":\"https:\/\/abaa.mx\/tienda\/\",\"name\":\"Abaa tienda online\",\"description\":\"Instrumentos de medici\u00f3n\",\"publisher\":{\"@id\":\"https:\/\/abaa.mx\/tienda\/#organization\"},\"potentialAction\":[{\"@type\":\"SearchAction\",\"target\":{\"@type\":\"EntryPoint\",\"urlTemplate\":\"https:\/\/abaa.mx\/tienda\/?s={search_term_string}\"},\"query-input\":{\"@type\":\"PropertyValueSpecification\",\"valueRequired\":true,\"valueName\":\"search_term_string\"}}],\"inLanguage\":\"es\"},{\"@type\":\"Organization\",\"@id\":\"https:\/\/abaa.mx\/tienda\/#organization\",\"name\":\"Abaa tienda online\",\"url\":\"https:\/\/abaa.mx\/tienda\/\",\"logo\":{\"@type\":\"ImageObject\",\"inLanguage\":\"es\",\"@id\":\"https:\/\/abaa.mx\/tienda\/#\/schema\/logo\/image\/\",\"url\":\"https:\/\/abaa.mx\/tienda\/wp-content\/uploads\/2024\/01\/abaa-metrologia-tienda.png\",\"contentUrl\":\"https:\/\/abaa.mx\/tienda\/wp-content\/uploads\/2024\/01\/abaa-metrologia-tienda.png\",\"width\":300,\"height\":141,\"caption\":\"Abaa tienda online\"},\"image\":{\"@id\":\"https:\/\/abaa.mx\/tienda\/#\/schema\/logo\/image\/\"}}]}<\/script>\n<!-- \/ Yoast SEO plugin. -->","yoast_head_json":{"title":"Registrador de tr\u00e1nsito flashlink vu Modelo 20879 - Abaa tienda online","robots":{"index":"index","follow":"follow","max-snippet":"max-snippet:-1","max-image-preview":"max-image-preview:large","max-video-preview":"max-video-preview:-1"},"canonical":"https:\/\/abaa.mx\/tienda\/registrador-de-transito-flashlink-vu-modelo-20879\/","og_locale":"es_MX","og_type":"article","og_title":"Registrador de tr\u00e1nsito flashlink vu Modelo 20879 - Abaa tienda online","og_description":"Caracter\u00edsticas   Aceptado por la mayor\u00eda de los recibidores.  Consolide su inventario con un s\u00f3lo producto para todos sus env\u00edos.  20879 tiene alarmas de alta \/ baja 41 \u00b0 F \/ 33 \u00b0 F.  Montado en una tarjeta de localizaci\u00f3n de alta visibilidad.  Estad\u00edsticas del historial de viajes en LCD para decisiones de recepci\u00f3n r\u00e1pidas.  La funci\u00f3n patentada Shadow Log garantiza la informaci\u00f3n incluso si el operador no enciende el registrador.  Descarga datos a la PC como PDF seguro.","og_url":"https:\/\/abaa.mx\/tienda\/registrador-de-transito-flashlink-vu-modelo-20879\/","og_site_name":"Abaa tienda online","og_image":[{"width":474,"height":678,"url":"https:\/\/abaa.mx\/tienda\/wp-content\/uploads\/2023\/09\/20879.jpg","type":"image\/jpeg"}],"twitter_card":"summary_large_image","twitter_misc":{"Tiempo de lectura":"3 minutos"},"schema":{"@context":"https:\/\/schema.org","@graph":[{"@type":"WebPage","@id":"https:\/\/abaa.mx\/tienda\/registrador-de-transito-flashlink-vu-modelo-20879\/","url":"https:\/\/abaa.mx\/tienda\/registrador-de-transito-flashlink-vu-modelo-20879\/","name":"Registrador de tr\u00e1nsito flashlink vu Modelo 20879 - Abaa tienda online","isPartOf":{"@id":"https:\/\/abaa.mx\/tienda\/#website"},"primaryImageOfPage":{"@id":"https:\/\/abaa.mx\/tienda\/registrador-de-transito-flashlink-vu-modelo-20879\/#primaryimage"},"image":{"@id":"https:\/\/abaa.mx\/tienda\/registrador-de-transito-flashlink-vu-modelo-20879\/#primaryimage"},"thumbnailUrl":"https:\/\/abaa.mx\/tienda\/wp-content\/uploads\/2023\/09\/20879.jpg","datePublished":"2023-09-15T17:25:13+00:00","breadcrumb":{"@id":"https:\/\/abaa.mx\/tienda\/registrador-de-transito-flashlink-vu-modelo-20879\/#breadcrumb"},"inLanguage":"es","potentialAction":[{"@type":"ReadAction","target":["https:\/\/abaa.mx\/tienda\/registrador-de-transito-flashlink-vu-modelo-20879\/"]}]},{"@type":"ImageObject","inLanguage":"es","@id":"https:\/\/abaa.mx\/tienda\/registrador-de-transito-flashlink-vu-modelo-20879\/#primaryimage","url":"https:\/\/abaa.mx\/tienda\/wp-content\/uploads\/2023\/09\/20879.jpg","contentUrl":"https:\/\/abaa.mx\/tienda\/wp-content\/uploads\/2023\/09\/20879.jpg","width":474,"height":678,"caption":"registrador-de-transito-flashlink-vu-modelo-20879"},{"@type":"BreadcrumbList","@id":"https:\/\/abaa.mx\/tienda\/registrador-de-transito-flashlink-vu-modelo-20879\/#breadcrumb","itemListElement":[{"@type":"ListItem","position":1,"name":"Inicio","item":"https:\/\/abaa.mx\/tienda\/"},{"@type":"ListItem","position":2,"name":"Tienda","item":"https:\/\/abaa.mx\/tienda\/"},{"@type":"ListItem","position":3,"name":"Registrador de tr\u00e1nsito flashlink vu Modelo 20879"}]},{"@type":"WebSite","@id":"https:\/\/abaa.mx\/tienda\/#website","url":"https:\/\/abaa.mx\/tienda\/","name":"Abaa tienda online","description":"Instrumentos de medici\u00f3n","publisher":{"@id":"https:\/\/abaa.mx\/tienda\/#organization"},"potentialAction":[{"@type":"SearchAction","target":{"@type":"EntryPoint","urlTemplate":"https:\/\/abaa.mx\/tienda\/?s={search_term_string}"},"query-input":{"@type":"PropertyValueSpecification","valueRequired":true,"valueName":"search_term_string"}}],"inLanguage":"es"},{"@type":"Organization","@id":"https:\/\/abaa.mx\/tienda\/#organization","name":"Abaa tienda online","url":"https:\/\/abaa.mx\/tienda\/","logo":{"@type":"ImageObject","inLanguage":"es","@id":"https:\/\/abaa.mx\/tienda\/#\/schema\/logo\/image\/","url":"https:\/\/abaa.mx\/tienda\/wp-content\/uploads\/2024\/01\/abaa-metrologia-tienda.png","contentUrl":"https:\/\/abaa.mx\/tienda\/wp-content\/uploads\/2024\/01\/abaa-metrologia-tienda.png","width":300,"height":141,"caption":"Abaa tienda online"},"image":{"@id":"https:\/\/abaa.mx\/tienda\/#\/schema\/logo\/image\/"}}]}},"_links":{"self":[{"href":"https:\/\/abaa.mx\/tienda\/wp-json\/wp\/v2\/product\/1724","targetHints":{"allow":["GET"]}}],"collection":[{"href":"https:\/\/abaa.mx\/tienda\/wp-json\/wp\/v2\/product"}],"about":[{"href":"https:\/\/abaa.mx\/tienda\/wp-json\/wp\/v2\/types\/product"}],"replies":[{"embeddable":true,"href":"https:\/\/abaa.mx\/tienda\/wp-json\/wp\/v2\/comments?post=1724"}],"wp:featuredmedia":[{"embeddable":true,"href":"https:\/\/abaa.mx\/tienda\/wp-json\/wp\/v2\/media\/1727"}],"wp:attachment":[{"href":"https:\/\/abaa.mx\/tienda\/wp-json\/wp\/v2\/media?parent=1724"}],"wp:term":[{"taxonomy":"product_brand","embeddable":true,"href":"https:\/\/abaa.mx\/tienda\/wp-json\/wp\/v2\/product_brand?post=1724"},{"taxonomy":"product_cat","embeddable":true,"href":"https:\/\/abaa.mx\/tienda\/wp-json\/wp\/v2\/product_cat?post=1724"},{"taxonomy":"product_tag","embeddable":true,"href":"https:\/\/abaa.mx\/tienda\/wp-json\/wp\/v2\/product_tag?post=1724"}],"curies":[{"name":"wp","href":"https:\/\/api.w.org\/{rel}","templated":true}]}}