{"id":1720,"date":"2023-09-15T17:25:43","date_gmt":"2023-09-15T17:25:43","guid":{"rendered":"https:\/\/abaa.mx\/tienda\/?post_type=product&#038;p=1720"},"modified":"2023-09-15T17:25:44","modified_gmt":"2023-09-15T17:25:44","slug":"testo-176-t1-data-logger-de-temperatura-de-altas-prestaciones","status":"publish","type":"product","link":"https:\/\/abaa.mx\/tienda\/testo-176-t1-data-logger-de-temperatura-de-altas-prestaciones\/","title":{"rendered":"testo 176 T1 &#8211; Data logger de temperatura de altas prestaciones"},"content":{"rendered":"<p>El registrador de datos de 1 canal testo 176 T1 es perfecto para el control de alta precisi\u00f3n de la temperatura. Con su sensor interno, registra la temperatura del aire ambiente, por ejemplo, en almacenes frigor\u00edficos y congeladores de forma continua y segura. Como se trata de un sensor de temperatura Pt100, la temperatura se mide y se documenta con mucha precisi\u00f3n porque el sensor de temperatura Pt100 logra una exactitud de hasta 0.2 \u00b0C.<\/p>\n<p>Se pueden almacenar hasta 2 millones de valores de medici\u00f3n en la memoria de gran capacidad del data logger de temperatura. De esta manera, es posible controlar la temperatura durante un largo per\u00edodo de tiempo sin que sea necesario leer con frecuencia el registrador de datos. Adem\u00e1s, la duraci\u00f3n de la pila de hasta 8 a\u00f1os es una gran ventaja en cuanto a controles y registros de temperatura a largo plazo.<\/p>\n<div class=\"m-list\">\n<ul class=\"list-elements\">\n<li>Mediciones de alta precisi\u00f3n con sensor de temperatura Pt100<\/li>\n<li>\u00d3ptimo para mediciones de larga duraci\u00f3n: memoria para un m\u00e1ximo de 2 millones de valores de medici\u00f3n, duraci\u00f3n de la pila hasta 8 a\u00f1os<\/li>\n<li>Certificado seg\u00fan la norma EN 12830, conforme a APPCC y resistente al agua seg\u00fan la clase de protecci\u00f3n IP 68<\/li>\n<li>Tres versiones de programa disponibles para la gesti\u00f3n de datos en el ordenador, la versi\u00f3n b\u00e1sica est\u00e1 disponible gratuitamente para su descarga<\/li>\n<\/ul>\n<\/div>\n<p class=\"text\">El registrador de datos testo 176 T1 controla la temperatura incluso en condiciones extremas con un sensor de temperatura Pt100 de alta precisi\u00f3n. Es capaz de documentar con exactitud durante periodos de tiempo prolongados el estado de la temperatura. Particularmente es adecuado para el control de temperatura en entornos industriales gracias a la robustez de su caja met\u00e1lica.<\/p>\n<div class=\"c2a-tabSection m-tabs\">\n<div id=\"tab-details\" class=\"large-12 column m-tab-pdp\">\n<div class=\"medium-8\">\n<article class=\"child-1 paragraph\">\n<h3>Caracter\u00edsticas t\u00e9cnicas y ventajas pr\u00e1cticas<\/h3>\n<p>El registrador de datos de temperatura testo 176 T1 tiene de una caja met\u00e1lica que, entre otras cosas, supone una gran ventaja durante los controles de temperatura en el sector de la industria. Por ejemplo, los impactos fuertes causados por un palet en una carretilla elevadora u otro tipo de golpes no tendr\u00e1n ninguna influencia. Por tanto, el registrador de datos se puede utilizar incluso en condiciones extremas para mediciones de larga duraci\u00f3n. De acuerdo con la clase de protecci\u00f3n IP 68, el registrador de datos de temperatura tambi\u00e9n es resistente a salpicaduras y al polvo.<\/p>\n<p>Los datos de medici\u00f3n se almacenan de forma segura en el testo 176 T1 &#8211; sin llegar a perderse incluso si la pila est\u00e1 vac\u00eda o cuando esta se cambie.<\/p>\n<p>Para su uso en la industria alimentaria, el registrador de datos de temperatura est\u00e1 aprobado y certificado seg\u00fan DIN EN 12830 por la secci\u00f3n de comprobaci\u00f3n ATP del T\u00dcV S\u00fcd. Tambi\u00e9n es conforme a APPCC.<\/p>\n<p>&nbsp;<\/p>\n<h3>Posibles \u00e1reas de aplicaci\u00f3n del registrador de datos de temperatura<\/h3>\n<ul>\n<li>Supervisi\u00f3n y documentaci\u00f3n de la temperatura de almacenamiento<\/li>\n<li>Supervisi\u00f3n de temperatura en c\u00e1maras de congelaci\u00f3n para alimentos<\/li>\n<li>Supervisi\u00f3n y documentaci\u00f3n de la temperatura en c\u00e1maras frigor\u00edficas<\/li>\n<\/ul>\n<h3><\/h3>\n<h3>Programaci\u00f3n y evaluaci\u00f3n del data logger<\/h3>\n<p>Para la programaci\u00f3n y la lectura de su registrador de datos de temperatura, as\u00ed como para el an\u00e1lisis de los datos medidos en un ordenador, se puede elegir entre tres versiones del software:<\/p>\n<ul>\n<li><strong>ComSoft B\u00e1sico\u00a0<\/strong>\u2013 disponible para su descarga gratuita &#8211; para la programaci\u00f3n r\u00e1pida del registrador de datos y una evaluaci\u00f3n f\u00e1cil de los datos<\/li>\n<li><strong>ComSoft Profesional<\/strong>\u00a0\u2013 disponible opcionalmente &#8211; ofrece varias posibilidades para analizar con detalle los valores de temperatura<\/li>\n<li><strong>ComSoft CFR 21 Parte 11<\/strong>\u00a0\u2013 disponible opcionalmente &#8211; ideal para los requisitos especiales de acuerdo con CFR 21 parte 11 en el sector farmac\u00e9utico<\/li>\n<\/ul>\n<p>Para programar el data logger de temperatura, se necesita un cable USB que no est\u00e1 incluido en el suministro. La transmisi\u00f3n de los valores medidos en el ordenador se puede hacer a trav\u00e9s del cable USB, pero tambi\u00e9n con una tarjeta SD. Ambos se pueden solicitar como accesorios opcionales.<\/p>\n<\/article>\n<h3>Volumen de suministro<\/h3>\n<article class=\"child-2 paragraph\">Registrador de datos de temperatura testo 176 T1 con robusta caja met\u00e1lica y sensor interno de temperatura Pt100, soporte para pared, candado, pilas y protocolo de calibraci\u00f3n.<\/p>\n<\/article>\n<\/div>\n<div class=\"medium-4\">\n<div class=\"m-cert large-12 column\"><\/div>\n<\/div>\n<\/div>\n<\/div>\n<hr \/>\n<div class=\"c2a-tabSection m-tabs\">\n<div id=\"tab-technicalData\" class=\"large-12 column m-data-tab\">\n<h2>Datos t\u00e9cnicos<\/h2>\n<table>\n<colgroup>\n<col class=\"colWidth25\" \/>\n<col \/><\/colgroup>\n<thead>\n<tr>\n<th colspan=\"2\">Datos t\u00e9cnicos generales<\/th>\n<\/tr>\n<\/thead>\n<tbody>\n<tr>\n<td class=\"table-bold\">Peso<\/td>\n<td>390 g<\/td>\n<\/tr>\n<tr>\n<td class=\"table-bold\">Medidas<\/td>\n<td>103 X 63 X 33 mm<\/td>\n<\/tr>\n<tr>\n<td class=\"table-bold\">Temperatura de funcionamiento<\/td>\n<td>-35 hasta +70 \u00baC<\/td>\n<\/tr>\n<tr>\n<td class=\"table-bold\">Material de la carcasa \/ del producto<\/td>\n<td>Pl\u00e1stico<\/td>\n<\/tr>\n<tr>\n<td class=\"table-bold\">Clase de protecci\u00f3n<\/td>\n<td>IP68, 1 metro<\/td>\n<\/tr>\n<tr>\n<td class=\"table-bold\">Canales<\/td>\n<td>1 externo<\/td>\n<\/tr>\n<tr>\n<td class=\"table-bold\">Color del producto<\/td>\n<td>plata<\/td>\n<\/tr>\n<tr>\n<td class=\"table-bold\">Norma<\/td>\n<td>Directriz UE 2014\/30\/EU; 2011\/65\/EU; EN 12830<\/td>\n<\/tr>\n<tr>\n<td class=\"table-bold\">Intervalo de medici\u00f3n<\/td>\n<td>1 s hasta 24 h; 2 s &#8211; 24 h (medici\u00f3n online)<\/td>\n<\/tr>\n<tr>\n<td class=\"table-bold\">Autonom\u00eda<\/td>\n<td>8 a\u00f1os (15\u2019 intervalo de medici\u00f3n a +25 \u00b0C)<\/td>\n<\/tr>\n<tr>\n<td class=\"table-bold\">Tipo de bater\u00eda<\/td>\n<td>1 pila alcalina de manganeso (litio, TL-5903)<\/td>\n<\/tr>\n<tr>\n<td class=\"table-bold\">Interfaces<\/td>\n<td>mini usb, ranura para tarjeta SD<\/td>\n<\/tr>\n<tr>\n<td class=\"table-bold\">Memoria<\/td>\n<td>2.000.000 valor medido<\/td>\n<\/tr>\n<tr>\n<td class=\"table-bold\">Temperatura de almacenamiento<\/td>\n<td>-40 hasta +85 \u00baC<\/td>\n<\/tr>\n<\/tbody>\n<\/table>\n<table>\n<colgroup>\n<col class=\"colWidth25\" \/>\n<col \/><\/colgroup>\n<thead>\n<tr>\n<th colspan=\"2\">Pt100<\/th>\n<\/tr>\n<\/thead>\n<tbody>\n<tr>\n<td class=\"table-bold\">Rango<\/td>\n<td>-35 hasta +70 \u00baC<\/td>\n<\/tr>\n<tr>\n<td class=\"table-bold\">Resoluci\u00f3n<\/td>\n<td>0,01 \u00baC<\/td>\n<\/tr>\n<tr>\n<td class=\"table-bold\">Exactitud<\/td>\n<td>\u00b10,4 \u00baC (-35 hasta +70 \u00baC) \u00b11 Digito<\/td>\n<\/tr>\n<\/tbody>\n<\/table>\n<\/div>\n<\/div>\n","protected":false},"excerpt":{"rendered":"<p>El registrador de datos de 1 canal testo 176 T1 es perfecto para el control de alta precisi\u00f3n de la temperatura. Con su sensor interno, registra la temperatura del aire ambiente, por ejemplo, en almacenes frigor\u00edficos y congeladores de forma continua y segura. Como se trata de un sensor de temperatura Pt100, la temperatura se mide y se documenta con mucha precisi\u00f3n porque el sensor de temperatura Pt100 logra una exactitud de hasta 0.2 \u00b0C.<\/p>\n<p>Se pueden almacenar hasta 2 millones de valores de medici\u00f3n en la memoria de gran capacidad del data logger de temperatura. De esta manera, es posible controlar la temperatura durante un largo per\u00edodo de tiempo sin que sea necesario leer con frecuencia el registrador de datos. Adem\u00e1s, la duraci\u00f3n de la pila de hasta 8 a\u00f1os es una gran ventaja en cuanto a controles y registros de temperatura a largo plazo.<\/p>\n","protected":false},"featured_media":1728,"comment_status":"open","ping_status":"closed","template":"","meta":{"_joinchat":[]},"product_brand":[],"product_cat":[15],"product_tag":[],"class_list":{"0":"post-1720","1":"product","2":"type-product","3":"status-publish","4":"has-post-thumbnail","6":"product_cat-sin-categorizar","8":"first","9":"instock","10":"shipping-taxable","11":"product-type-simple"},"yoast_head":"<!-- This site is optimized with the Yoast SEO plugin v26.4 - https:\/\/yoast.com\/wordpress\/plugins\/seo\/ -->\n<title>testo 176 T1 - Data logger de temperatura de altas prestaciones - Abaa tienda online<\/title>\n<meta name=\"robots\" content=\"index, follow, max-snippet:-1, max-image-preview:large, max-video-preview:-1\" \/>\n<link rel=\"canonical\" href=\"https:\/\/abaa.mx\/tienda\/testo-176-t1-data-logger-de-temperatura-de-altas-prestaciones\/\" \/>\n<meta property=\"og:locale\" content=\"es_MX\" \/>\n<meta property=\"og:type\" content=\"article\" \/>\n<meta property=\"og:title\" content=\"testo 176 T1 - Data logger de temperatura de altas prestaciones - Abaa tienda online\" \/>\n<meta property=\"og:description\" content=\"El registrador de datos de 1 canal testo 176 T1 es perfecto para el control de alta precisi\u00f3n de la temperatura. Con su sensor interno, registra la temperatura del aire ambiente, por ejemplo, en almacenes frigor\u00edficos y congeladores de forma continua y segura. Como se trata de un sensor de temperatura Pt100, la temperatura se mide y se documenta con mucha precisi\u00f3n porque el sensor de temperatura Pt100 logra una exactitud de hasta 0.2 \u00b0C.  Se pueden almacenar hasta 2 millones de valores de medici\u00f3n en la memoria de gran capacidad del data logger de temperatura. De esta manera, es posible controlar la temperatura durante un largo per\u00edodo de tiempo sin que sea necesario leer con frecuencia el registrador de datos. Adem\u00e1s, la duraci\u00f3n de la pila de hasta 8 a\u00f1os es una gran ventaja en cuanto a controles y registros de temperatura a largo plazo.\" \/>\n<meta property=\"og:url\" content=\"https:\/\/abaa.mx\/tienda\/testo-176-t1-data-logger-de-temperatura-de-altas-prestaciones\/\" \/>\n<meta property=\"og:site_name\" content=\"Abaa tienda online\" \/>\n<meta property=\"article:modified_time\" content=\"2023-09-15T17:25:44+00:00\" \/>\n<meta property=\"og:image\" content=\"https:\/\/abaa.mx\/tienda\/wp-content\/uploads\/2023\/09\/testo-176-T1.jpg\" \/>\n\t<meta property=\"og:image:width\" content=\"660\" \/>\n\t<meta property=\"og:image:height\" content=\"495\" \/>\n\t<meta property=\"og:image:type\" content=\"image\/jpeg\" \/>\n<meta name=\"twitter:card\" content=\"summary_large_image\" \/>\n<meta name=\"twitter:label1\" content=\"Tiempo de lectura\" \/>\n\t<meta name=\"twitter:data1\" content=\"4 minutos\" \/>\n<script type=\"application\/ld+json\" class=\"yoast-schema-graph\">{\"@context\":\"https:\/\/schema.org\",\"@graph\":[{\"@type\":\"WebPage\",\"@id\":\"https:\/\/abaa.mx\/tienda\/testo-176-t1-data-logger-de-temperatura-de-altas-prestaciones\/\",\"url\":\"https:\/\/abaa.mx\/tienda\/testo-176-t1-data-logger-de-temperatura-de-altas-prestaciones\/\",\"name\":\"testo 176 T1 - Data logger de temperatura de altas prestaciones - Abaa tienda online\",\"isPartOf\":{\"@id\":\"https:\/\/abaa.mx\/tienda\/#website\"},\"primaryImageOfPage\":{\"@id\":\"https:\/\/abaa.mx\/tienda\/testo-176-t1-data-logger-de-temperatura-de-altas-prestaciones\/#primaryimage\"},\"image\":{\"@id\":\"https:\/\/abaa.mx\/tienda\/testo-176-t1-data-logger-de-temperatura-de-altas-prestaciones\/#primaryimage\"},\"thumbnailUrl\":\"https:\/\/abaa.mx\/tienda\/wp-content\/uploads\/2023\/09\/testo-176-T1.jpg\",\"datePublished\":\"2023-09-15T17:25:43+00:00\",\"dateModified\":\"2023-09-15T17:25:44+00:00\",\"breadcrumb\":{\"@id\":\"https:\/\/abaa.mx\/tienda\/testo-176-t1-data-logger-de-temperatura-de-altas-prestaciones\/#breadcrumb\"},\"inLanguage\":\"es\",\"potentialAction\":[{\"@type\":\"ReadAction\",\"target\":[\"https:\/\/abaa.mx\/tienda\/testo-176-t1-data-logger-de-temperatura-de-altas-prestaciones\/\"]}]},{\"@type\":\"ImageObject\",\"inLanguage\":\"es\",\"@id\":\"https:\/\/abaa.mx\/tienda\/testo-176-t1-data-logger-de-temperatura-de-altas-prestaciones\/#primaryimage\",\"url\":\"https:\/\/abaa.mx\/tienda\/wp-content\/uploads\/2023\/09\/testo-176-T1.jpg\",\"contentUrl\":\"https:\/\/abaa.mx\/tienda\/wp-content\/uploads\/2023\/09\/testo-176-T1.jpg\",\"width\":660,\"height\":495,\"caption\":\"testo-176 T1\"},{\"@type\":\"BreadcrumbList\",\"@id\":\"https:\/\/abaa.mx\/tienda\/testo-176-t1-data-logger-de-temperatura-de-altas-prestaciones\/#breadcrumb\",\"itemListElement\":[{\"@type\":\"ListItem\",\"position\":1,\"name\":\"Inicio\",\"item\":\"https:\/\/abaa.mx\/tienda\/\"},{\"@type\":\"ListItem\",\"position\":2,\"name\":\"Tienda\",\"item\":\"https:\/\/abaa.mx\/tienda\/\"},{\"@type\":\"ListItem\",\"position\":3,\"name\":\"testo 176 T1 &#8211; Data logger de temperatura de altas prestaciones\"}]},{\"@type\":\"WebSite\",\"@id\":\"https:\/\/abaa.mx\/tienda\/#website\",\"url\":\"https:\/\/abaa.mx\/tienda\/\",\"name\":\"Abaa tienda online\",\"description\":\"Instrumentos de medici\u00f3n\",\"publisher\":{\"@id\":\"https:\/\/abaa.mx\/tienda\/#organization\"},\"potentialAction\":[{\"@type\":\"SearchAction\",\"target\":{\"@type\":\"EntryPoint\",\"urlTemplate\":\"https:\/\/abaa.mx\/tienda\/?s={search_term_string}\"},\"query-input\":{\"@type\":\"PropertyValueSpecification\",\"valueRequired\":true,\"valueName\":\"search_term_string\"}}],\"inLanguage\":\"es\"},{\"@type\":\"Organization\",\"@id\":\"https:\/\/abaa.mx\/tienda\/#organization\",\"name\":\"Abaa tienda online\",\"url\":\"https:\/\/abaa.mx\/tienda\/\",\"logo\":{\"@type\":\"ImageObject\",\"inLanguage\":\"es\",\"@id\":\"https:\/\/abaa.mx\/tienda\/#\/schema\/logo\/image\/\",\"url\":\"https:\/\/abaa.mx\/tienda\/wp-content\/uploads\/2024\/01\/abaa-metrologia-tienda.png\",\"contentUrl\":\"https:\/\/abaa.mx\/tienda\/wp-content\/uploads\/2024\/01\/abaa-metrologia-tienda.png\",\"width\":300,\"height\":141,\"caption\":\"Abaa tienda online\"},\"image\":{\"@id\":\"https:\/\/abaa.mx\/tienda\/#\/schema\/logo\/image\/\"}}]}<\/script>\n<!-- \/ Yoast SEO plugin. -->","yoast_head_json":{"title":"testo 176 T1 - Data logger de temperatura de altas prestaciones - Abaa tienda online","robots":{"index":"index","follow":"follow","max-snippet":"max-snippet:-1","max-image-preview":"max-image-preview:large","max-video-preview":"max-video-preview:-1"},"canonical":"https:\/\/abaa.mx\/tienda\/testo-176-t1-data-logger-de-temperatura-de-altas-prestaciones\/","og_locale":"es_MX","og_type":"article","og_title":"testo 176 T1 - Data logger de temperatura de altas prestaciones - Abaa tienda online","og_description":"El registrador de datos de 1 canal testo 176 T1 es perfecto para el control de alta precisi\u00f3n de la temperatura. Con su sensor interno, registra la temperatura del aire ambiente, por ejemplo, en almacenes frigor\u00edficos y congeladores de forma continua y segura. Como se trata de un sensor de temperatura Pt100, la temperatura se mide y se documenta con mucha precisi\u00f3n porque el sensor de temperatura Pt100 logra una exactitud de hasta 0.2 \u00b0C.  Se pueden almacenar hasta 2 millones de valores de medici\u00f3n en la memoria de gran capacidad del data logger de temperatura. De esta manera, es posible controlar la temperatura durante un largo per\u00edodo de tiempo sin que sea necesario leer con frecuencia el registrador de datos. Adem\u00e1s, la duraci\u00f3n de la pila de hasta 8 a\u00f1os es una gran ventaja en cuanto a controles y registros de temperatura a largo plazo.","og_url":"https:\/\/abaa.mx\/tienda\/testo-176-t1-data-logger-de-temperatura-de-altas-prestaciones\/","og_site_name":"Abaa tienda online","article_modified_time":"2023-09-15T17:25:44+00:00","og_image":[{"width":660,"height":495,"url":"https:\/\/abaa.mx\/tienda\/wp-content\/uploads\/2023\/09\/testo-176-T1.jpg","type":"image\/jpeg"}],"twitter_card":"summary_large_image","twitter_misc":{"Tiempo de lectura":"4 minutos"},"schema":{"@context":"https:\/\/schema.org","@graph":[{"@type":"WebPage","@id":"https:\/\/abaa.mx\/tienda\/testo-176-t1-data-logger-de-temperatura-de-altas-prestaciones\/","url":"https:\/\/abaa.mx\/tienda\/testo-176-t1-data-logger-de-temperatura-de-altas-prestaciones\/","name":"testo 176 T1 - Data logger de temperatura de altas prestaciones - Abaa tienda online","isPartOf":{"@id":"https:\/\/abaa.mx\/tienda\/#website"},"primaryImageOfPage":{"@id":"https:\/\/abaa.mx\/tienda\/testo-176-t1-data-logger-de-temperatura-de-altas-prestaciones\/#primaryimage"},"image":{"@id":"https:\/\/abaa.mx\/tienda\/testo-176-t1-data-logger-de-temperatura-de-altas-prestaciones\/#primaryimage"},"thumbnailUrl":"https:\/\/abaa.mx\/tienda\/wp-content\/uploads\/2023\/09\/testo-176-T1.jpg","datePublished":"2023-09-15T17:25:43+00:00","dateModified":"2023-09-15T17:25:44+00:00","breadcrumb":{"@id":"https:\/\/abaa.mx\/tienda\/testo-176-t1-data-logger-de-temperatura-de-altas-prestaciones\/#breadcrumb"},"inLanguage":"es","potentialAction":[{"@type":"ReadAction","target":["https:\/\/abaa.mx\/tienda\/testo-176-t1-data-logger-de-temperatura-de-altas-prestaciones\/"]}]},{"@type":"ImageObject","inLanguage":"es","@id":"https:\/\/abaa.mx\/tienda\/testo-176-t1-data-logger-de-temperatura-de-altas-prestaciones\/#primaryimage","url":"https:\/\/abaa.mx\/tienda\/wp-content\/uploads\/2023\/09\/testo-176-T1.jpg","contentUrl":"https:\/\/abaa.mx\/tienda\/wp-content\/uploads\/2023\/09\/testo-176-T1.jpg","width":660,"height":495,"caption":"testo-176 T1"},{"@type":"BreadcrumbList","@id":"https:\/\/abaa.mx\/tienda\/testo-176-t1-data-logger-de-temperatura-de-altas-prestaciones\/#breadcrumb","itemListElement":[{"@type":"ListItem","position":1,"name":"Inicio","item":"https:\/\/abaa.mx\/tienda\/"},{"@type":"ListItem","position":2,"name":"Tienda","item":"https:\/\/abaa.mx\/tienda\/"},{"@type":"ListItem","position":3,"name":"testo 176 T1 &#8211; Data logger de temperatura de altas prestaciones"}]},{"@type":"WebSite","@id":"https:\/\/abaa.mx\/tienda\/#website","url":"https:\/\/abaa.mx\/tienda\/","name":"Abaa tienda online","description":"Instrumentos de medici\u00f3n","publisher":{"@id":"https:\/\/abaa.mx\/tienda\/#organization"},"potentialAction":[{"@type":"SearchAction","target":{"@type":"EntryPoint","urlTemplate":"https:\/\/abaa.mx\/tienda\/?s={search_term_string}"},"query-input":{"@type":"PropertyValueSpecification","valueRequired":true,"valueName":"search_term_string"}}],"inLanguage":"es"},{"@type":"Organization","@id":"https:\/\/abaa.mx\/tienda\/#organization","name":"Abaa tienda online","url":"https:\/\/abaa.mx\/tienda\/","logo":{"@type":"ImageObject","inLanguage":"es","@id":"https:\/\/abaa.mx\/tienda\/#\/schema\/logo\/image\/","url":"https:\/\/abaa.mx\/tienda\/wp-content\/uploads\/2024\/01\/abaa-metrologia-tienda.png","contentUrl":"https:\/\/abaa.mx\/tienda\/wp-content\/uploads\/2024\/01\/abaa-metrologia-tienda.png","width":300,"height":141,"caption":"Abaa tienda online"},"image":{"@id":"https:\/\/abaa.mx\/tienda\/#\/schema\/logo\/image\/"}}]}},"_links":{"self":[{"href":"https:\/\/abaa.mx\/tienda\/wp-json\/wp\/v2\/product\/1720","targetHints":{"allow":["GET"]}}],"collection":[{"href":"https:\/\/abaa.mx\/tienda\/wp-json\/wp\/v2\/product"}],"about":[{"href":"https:\/\/abaa.mx\/tienda\/wp-json\/wp\/v2\/types\/product"}],"replies":[{"embeddable":true,"href":"https:\/\/abaa.mx\/tienda\/wp-json\/wp\/v2\/comments?post=1720"}],"wp:featuredmedia":[{"embeddable":true,"href":"https:\/\/abaa.mx\/tienda\/wp-json\/wp\/v2\/media\/1728"}],"wp:attachment":[{"href":"https:\/\/abaa.mx\/tienda\/wp-json\/wp\/v2\/media?parent=1720"}],"wp:term":[{"taxonomy":"product_brand","embeddable":true,"href":"https:\/\/abaa.mx\/tienda\/wp-json\/wp\/v2\/product_brand?post=1720"},{"taxonomy":"product_cat","embeddable":true,"href":"https:\/\/abaa.mx\/tienda\/wp-json\/wp\/v2\/product_cat?post=1720"},{"taxonomy":"product_tag","embeddable":true,"href":"https:\/\/abaa.mx\/tienda\/wp-json\/wp\/v2\/product_tag?post=1720"}],"curies":[{"name":"wp","href":"https:\/\/api.w.org\/{rel}","templated":true}]}}