{"id":1702,"date":"2023-09-15T16:49:18","date_gmt":"2023-09-15T16:49:18","guid":{"rendered":"https:\/\/abaa.mx\/tienda\/?post_type=product&#038;p=1702"},"modified":"2023-09-15T16:49:18","modified_gmt":"2023-09-15T16:49:18","slug":"testo-175-t2-data-logger-de-temperatura-de-dos-canales","status":"publish","type":"product","link":"https:\/\/abaa.mx\/tienda\/testo-175-t2-data-logger-de-temperatura-de-dos-canales\/","title":{"rendered":"testo 175 T2 &#8211; Data logger de temperatura de dos canales"},"content":{"rendered":"<p>El registrador de datos de temperatura testo 175 T2 dispone de un sensor interno y una conexi\u00f3n para una sonda de temperatura externa. Esto le permite usarlo de forma ideal si desea registrar no solo la temperatura del aire ambiente, sino tambi\u00e9n llevar a cabo otro control de la temperatura (p. ej., una muestra de la temperatura interior del producto).<\/p>\n<p>Esto es particularmente pr\u00e1ctico durante el almacenamiento y procesamiento de alimentos: medir en almacenes o c\u00e1maras frigor\u00edficas las condiciones ambientales de las mercanc\u00edas y comprobar al mismo tiempo cu\u00e1l es la temperatura del producto en s\u00ed; por ejemplo, con una sonda de penetraci\u00f3n (opcional). Adem\u00e1s, es posible el control de la temperatura entre los envases. Los resultados de medici\u00f3n de ambos canales se almacenan de forma segura en el data logger de temperatura.<\/p>\n<div class=\"m-list\">\n<ul class=\"list-elements\">\n<li>Para mediciones de larga duraci\u00f3n: se pueden almacenar hasta 1 mill\u00f3n de valores, duraci\u00f3n de la pila de hasta 3 a\u00f1os<\/li>\n<li>Se incluye soporte para pared<\/li>\n<li>Conforme a APPCC, certificado seg\u00fan EN 12830, grado de protecci\u00f3n IP 65<\/li>\n<li>Evaluaci\u00f3n de datos: tres versiones del programa disponibles, la descarga de la versi\u00f3n b\u00e1sica es gratuita<\/li>\n<\/ul>\n<\/div>\n<p class=\"text\">El data logger de temperatura testo 175 T2 es adecuado si desea supervisar la temperatura ambiente con un dispositivo y, al mismo tiempo, registrar en un segundo canal m\u00e1s valores de temperatura (p.ej. temperatura interior). Especialmente para el almacenamiento de los alimentos, se recomienda efectuar un control paralelo de temperatura de las condiciones ambiente y del producto en s\u00ed.<\/p>\n<p>&nbsp;<\/p>\n<div class=\"c2a-tabSection m-tabs\">\n<div id=\"tab-details\" class=\"large-12 column m-tab-pdp\">\n<div class=\"medium-8\">\n<article class=\"child-1 paragraph\">\n<h3>\u00daltima tecnolog\u00eda de medici\u00f3n, alta protecci\u00f3n de datos<\/h3>\n<p>La sonda de temperatura instalada en el registrador de datos es un sensor NTC de gran exactitud (\u00b10.5 \u00b0C). El rango de medici\u00f3n de la sonda de temperatura interna comprende -35 \u00b0C hasta +55 \u00b0C; por lo que el registrador de datos de temperatura se puede utilizar sin problemas en almacenes frigor\u00edficos o salas de congelaci\u00f3n.<\/p>\n<p>La exactitud y el rango de medici\u00f3n de la sonda NTC conectable dependen del modelo de sonda seleccionado. Por ejemplo, con la sonda de temperatura apropiada tambi\u00e9n son posibles las mediciones en rangos de alta temperatura (hasta +120 \u00b0C).<\/p>\n<p>En la amplia pantalla del data logger de temperatura, se pueden leer los valores de medici\u00f3n actuales, los valores m\u00ednimo y m\u00e1ximo, los valores l\u00edmites establecidos, los incumplimientos de los valores l\u00edmites y la duraci\u00f3n de la pila restante. As\u00ed puede comprobar los datos m\u00e1s importantes en cualquier momento sin tener que leer el registrador de datos de temperatura desde el ordenador. Incluso con ciclo de medici\u00f3n m\u00e1s corto no es necesario leer con frecuencia las lecturas. Esto se debe a su gran capacidad de memoria (hasta 1 mill\u00f3n de valores) y la duraci\u00f3n de la pila de hasta 3 a\u00f1os. Las pilas est\u00e1ndar (AAA) pueden ser reemplazadas en cualquier momento por el usuario.<\/p>\n<p>Cuando use el registrador de datos de temperatura testo 175 T2, puede confiar en la alta protecci\u00f3n de los datos. Incluso con la pila vac\u00eda o al cambiarla, los datos de medici\u00f3n almacenados no se pierden.<\/p>\n<p>&nbsp;<\/p>\n<h3>Programaci\u00f3n y evaluaci\u00f3n del data logger de temperatura<\/h3>\n<p>Para la programaci\u00f3n y la lectura de su registrador de datos de temperatura, as\u00ed como para la evaluaci\u00f3n de los datos de medici\u00f3n en un ordenador, necesita un programa. Le ofrecemos tres versiones diferentes del programa:<\/p>\n<ul>\n<li><strong>ComSoft B\u00e1sico<\/strong>\u00a0\u2013 disponible para su descarga gratuita &#8211; permite una programaci\u00f3n r\u00e1pida del registrador de datos as\u00ed como un an\u00e1lisis f\u00e1cil de los datos de medici\u00f3n<\/li>\n<li><strong>ComSoft Profesional<\/strong>\u00a0\u2013 disponible opcionalmente &#8211; ofrece varias posibilidades para la evaluaci\u00f3n detallada de los resultados de medici\u00f3n<\/li>\n<li><strong>ComSoft CFR 21 Parte 11<\/strong>\u00a0\u2013 disponible opcionalmente &#8211; se puede utilizar para los requisitos especiales de acuerdo con CFR 21 parte 11 en el sector farmac\u00e9utico<\/li>\n<\/ul>\n<p>&nbsp;<\/p>\n<h3>Aprobado y certificado para su uso en la industria alimentaria<\/h3>\n<ul>\n<li>Aprobado seg\u00fan EN 12830 (por la secci\u00f3n de comprobaci\u00f3n ATP del T\u00dcV S\u00fcd)<\/li>\n<li>Conforme a APPCC y certificado por HACCP International<\/li>\n<li>Resistente a salpicaduras o chorros de agua de conformidad con el grado de protecci\u00f3n IP 65: As\u00ed el data logger de temperatura puede permanecer en el lugar de medici\u00f3n durante la limpieza de la nave de almacenamiento, almac\u00e9n frigor\u00edfico, etc.<\/li>\n<\/ul>\n<\/article>\n<h3>Volumen de suministro<\/h3>\n<article class=\"child-2 paragraph\">\n<div>Registrador de datos de temperatura testo 175 T2 con sonda de temperatura interna (NTC) y conexi\u00f3n para sensor externo (para sonda NTC), soporte de pared, candado, pilas y protocolo de calibraci\u00f3n.<\/div>\n<div><\/div>\n<div>Atenci\u00f3n: Para la programaci\u00f3n del registrador de datos es necesario un cable USB que no est\u00e1 incluido. Tambi\u00e9n puede solicitarlo adicionalmente. La transferencia de datos de medici\u00f3n al ordenador puede realizarse con el cable USB o con una tarjeta SD (se vende por separado).<\/div>\n<\/article>\n<\/div>\n<div class=\"medium-4\">\n<div class=\"m-cert large-12 column\"><\/div>\n<\/div>\n<\/div>\n<\/div>\n<hr \/>\n<div class=\"c2a-tabSection m-tabs\">\n<div id=\"tab-technicalData\" class=\"large-12 column m-data-tab\">\n<h2>Datos t\u00e9cnicos<\/h2>\n<table>\n<colgroup>\n<col class=\"colWidth25\" \/>\n<col \/><\/colgroup>\n<thead>\n<tr>\n<th colspan=\"2\">Datos t\u00e9cnicos generales<\/th>\n<\/tr>\n<\/thead>\n<tbody>\n<tr>\n<td class=\"table-bold\">Peso<\/td>\n<td>130 g<\/td>\n<\/tr>\n<tr>\n<td class=\"table-bold\">Medidas<\/td>\n<td>89 X 53 X 27 mm<\/td>\n<\/tr>\n<tr>\n<td class=\"table-bold\">Temperatura de funcionamiento<\/td>\n<td>-35 hasta +55 \u00baC<\/td>\n<\/tr>\n<tr>\n<td class=\"table-bold\">Material de la carcasa \/ del producto<\/td>\n<td>Pl\u00e1stico<\/td>\n<\/tr>\n<tr>\n<td class=\"table-bold\">Clase de protecci\u00f3n<\/td>\n<td>IP65<\/td>\n<\/tr>\n<tr>\n<td class=\"table-bold\">Canales<\/td>\n<td>1 externo; 1 interno<\/td>\n<\/tr>\n<tr>\n<td class=\"table-bold\">Color del producto<\/td>\n<td>blanco<\/td>\n<\/tr>\n<tr>\n<td class=\"table-bold\">Norma<\/td>\n<td>Directriz UE 2014\/30\/EU; 2011\/65\/EU; DIN EN 12830<\/td>\n<\/tr>\n<tr>\n<td class=\"table-bold\">Intervalo de medici\u00f3n<\/td>\n<td>10 seg &#8211; 24 h<\/td>\n<\/tr>\n<tr>\n<td class=\"table-bold\">Tipo de bater\u00eda<\/td>\n<td>3 pilas AAA (AlMn o Energizer)<\/td>\n<\/tr>\n<tr>\n<td class=\"table-bold\">Autonom\u00eda<\/td>\n<td>3 a\u00f1os (15\u2019 intervalo de medici\u00f3n a +25 \u00b0C)<\/td>\n<\/tr>\n<tr>\n<td class=\"table-bold\">Interfaces<\/td>\n<td>mini usb, ranura para tarjeta SD<\/td>\n<\/tr>\n<tr>\n<td class=\"table-bold\">Memoria<\/td>\n<td>1.000.000 valor medido<\/td>\n<\/tr>\n<tr>\n<td class=\"table-bold\">Temperatura de almacenamiento<\/td>\n<td>-35 hasta +55 \u00baC<\/td>\n<\/tr>\n<\/tbody>\n<\/table>\n<table>\n<colgroup>\n<col class=\"colWidth25\" \/>\n<col \/><\/colgroup>\n<thead>\n<tr>\n<th colspan=\"2\">NTC<\/th>\n<\/tr>\n<\/thead>\n<tbody>\n<tr>\n<td class=\"table-bold\">Rango<\/td>\n<td>-35 hasta +55 \u00baC interno<\/p>\n<p>-40 hasta +120 \u00baC externo<\/td>\n<\/tr>\n<tr>\n<td class=\"table-bold\">Exactitud<\/td>\n<td>interno: \u00b10,5 \u00baC (-35 hasta +55 \u00baC) \u00b11 Digito<\/p>\n<p>externo: \u00b10,3 \u00baC (-40 hasta +120 \u00baC) \u00b11 Digito<\/td>\n<\/tr>\n<tr>\n<td class=\"table-bold\">Resoluci\u00f3n<\/td>\n<td>0,1 \u00baC<\/td>\n<\/tr>\n<\/tbody>\n<\/table>\n<\/div>\n<\/div>\n","protected":false},"excerpt":{"rendered":"<p>El registrador de datos de temperatura testo 175 T2 dispone de un sensor interno y una conexi\u00f3n para una sonda de temperatura externa. Esto le permite usarlo de forma ideal si desea registrar no solo la temperatura del aire ambiente, sino tambi\u00e9n llevar a cabo otro control de la temperatura (p. ej., una muestra de la temperatura interior del producto).<\/p>\n<p>Esto es particularmente pr\u00e1ctico durante el almacenamiento y procesamiento de alimentos: medir en almacenes o c\u00e1maras frigor\u00edficas las condiciones ambientales de las mercanc\u00edas y comprobar al mismo tiempo cu\u00e1l es la temperatura del producto en s\u00ed; por ejemplo, con una sonda de penetraci\u00f3n (opcional). Adem\u00e1s, es posible el control de la temperatura entre los envases. Los resultados de medici\u00f3n de ambos canales se almacenan de forma segura en el data logger de temperatura.<\/p>\n","protected":false},"featured_media":1706,"comment_status":"open","ping_status":"closed","template":"","meta":{"_joinchat":[]},"product_brand":[],"product_cat":[15],"product_tag":[],"class_list":{"0":"post-1702","1":"product","2":"type-product","3":"status-publish","4":"has-post-thumbnail","6":"product_cat-sin-categorizar","8":"first","9":"instock","10":"shipping-taxable","11":"product-type-simple"},"yoast_head":"<!-- This site is optimized with the Yoast SEO plugin v26.4 - https:\/\/yoast.com\/wordpress\/plugins\/seo\/ -->\n<title>testo 175 T2 - Data logger de temperatura de dos canales - Abaa tienda online<\/title>\n<meta name=\"robots\" content=\"index, follow, max-snippet:-1, max-image-preview:large, max-video-preview:-1\" \/>\n<link rel=\"canonical\" href=\"https:\/\/abaa.mx\/tienda\/testo-175-t2-data-logger-de-temperatura-de-dos-canales\/\" \/>\n<meta property=\"og:locale\" content=\"es_MX\" \/>\n<meta property=\"og:type\" content=\"article\" \/>\n<meta property=\"og:title\" content=\"testo 175 T2 - Data logger de temperatura de dos canales - Abaa tienda online\" \/>\n<meta property=\"og:description\" content=\"El registrador de datos de temperatura testo 175 T2 dispone de un sensor interno y una conexi\u00f3n para una sonda de temperatura externa. Esto le permite usarlo de forma ideal si desea registrar no solo la temperatura del aire ambiente, sino tambi\u00e9n llevar a cabo otro control de la temperatura (p. ej., una muestra de la temperatura interior del producto).  Esto es particularmente pr\u00e1ctico durante el almacenamiento y procesamiento de alimentos: medir en almacenes o c\u00e1maras frigor\u00edficas las condiciones ambientales de las mercanc\u00edas y comprobar al mismo tiempo cu\u00e1l es la temperatura del producto en s\u00ed; por ejemplo, con una sonda de penetraci\u00f3n (opcional). Adem\u00e1s, es posible el control de la temperatura entre los envases. Los resultados de medici\u00f3n de ambos canales se almacenan de forma segura en el data logger de temperatura.\" \/>\n<meta property=\"og:url\" content=\"https:\/\/abaa.mx\/tienda\/testo-175-t2-data-logger-de-temperatura-de-dos-canales\/\" \/>\n<meta property=\"og:site_name\" content=\"Abaa tienda online\" \/>\n<meta property=\"og:image\" content=\"https:\/\/abaa.mx\/tienda\/wp-content\/uploads\/2023\/09\/testo-175-t2.jpg\" \/>\n\t<meta property=\"og:image:width\" content=\"660\" \/>\n\t<meta property=\"og:image:height\" content=\"495\" \/>\n\t<meta property=\"og:image:type\" content=\"image\/jpeg\" \/>\n<meta name=\"twitter:card\" content=\"summary_large_image\" \/>\n<meta name=\"twitter:label1\" content=\"Tiempo de lectura\" \/>\n\t<meta name=\"twitter:data1\" content=\"5 minutos\" \/>\n<script type=\"application\/ld+json\" class=\"yoast-schema-graph\">{\"@context\":\"https:\/\/schema.org\",\"@graph\":[{\"@type\":\"WebPage\",\"@id\":\"https:\/\/abaa.mx\/tienda\/testo-175-t2-data-logger-de-temperatura-de-dos-canales\/\",\"url\":\"https:\/\/abaa.mx\/tienda\/testo-175-t2-data-logger-de-temperatura-de-dos-canales\/\",\"name\":\"testo 175 T2 - Data logger de temperatura de dos canales - Abaa tienda online\",\"isPartOf\":{\"@id\":\"https:\/\/abaa.mx\/tienda\/#website\"},\"primaryImageOfPage\":{\"@id\":\"https:\/\/abaa.mx\/tienda\/testo-175-t2-data-logger-de-temperatura-de-dos-canales\/#primaryimage\"},\"image\":{\"@id\":\"https:\/\/abaa.mx\/tienda\/testo-175-t2-data-logger-de-temperatura-de-dos-canales\/#primaryimage\"},\"thumbnailUrl\":\"https:\/\/abaa.mx\/tienda\/wp-content\/uploads\/2023\/09\/testo-175-t2.jpg\",\"datePublished\":\"2023-09-15T16:49:18+00:00\",\"breadcrumb\":{\"@id\":\"https:\/\/abaa.mx\/tienda\/testo-175-t2-data-logger-de-temperatura-de-dos-canales\/#breadcrumb\"},\"inLanguage\":\"es\",\"potentialAction\":[{\"@type\":\"ReadAction\",\"target\":[\"https:\/\/abaa.mx\/tienda\/testo-175-t2-data-logger-de-temperatura-de-dos-canales\/\"]}]},{\"@type\":\"ImageObject\",\"inLanguage\":\"es\",\"@id\":\"https:\/\/abaa.mx\/tienda\/testo-175-t2-data-logger-de-temperatura-de-dos-canales\/#primaryimage\",\"url\":\"https:\/\/abaa.mx\/tienda\/wp-content\/uploads\/2023\/09\/testo-175-t2.jpg\",\"contentUrl\":\"https:\/\/abaa.mx\/tienda\/wp-content\/uploads\/2023\/09\/testo-175-t2.jpg\",\"width\":660,\"height\":495,\"caption\":\"testo 175 t2\"},{\"@type\":\"BreadcrumbList\",\"@id\":\"https:\/\/abaa.mx\/tienda\/testo-175-t2-data-logger-de-temperatura-de-dos-canales\/#breadcrumb\",\"itemListElement\":[{\"@type\":\"ListItem\",\"position\":1,\"name\":\"Inicio\",\"item\":\"https:\/\/abaa.mx\/tienda\/\"},{\"@type\":\"ListItem\",\"position\":2,\"name\":\"Tienda\",\"item\":\"https:\/\/abaa.mx\/tienda\/\"},{\"@type\":\"ListItem\",\"position\":3,\"name\":\"testo 175 T2 &#8211; Data logger de temperatura de dos canales\"}]},{\"@type\":\"WebSite\",\"@id\":\"https:\/\/abaa.mx\/tienda\/#website\",\"url\":\"https:\/\/abaa.mx\/tienda\/\",\"name\":\"Abaa tienda online\",\"description\":\"Instrumentos de medici\u00f3n\",\"publisher\":{\"@id\":\"https:\/\/abaa.mx\/tienda\/#organization\"},\"potentialAction\":[{\"@type\":\"SearchAction\",\"target\":{\"@type\":\"EntryPoint\",\"urlTemplate\":\"https:\/\/abaa.mx\/tienda\/?s={search_term_string}\"},\"query-input\":{\"@type\":\"PropertyValueSpecification\",\"valueRequired\":true,\"valueName\":\"search_term_string\"}}],\"inLanguage\":\"es\"},{\"@type\":\"Organization\",\"@id\":\"https:\/\/abaa.mx\/tienda\/#organization\",\"name\":\"Abaa tienda online\",\"url\":\"https:\/\/abaa.mx\/tienda\/\",\"logo\":{\"@type\":\"ImageObject\",\"inLanguage\":\"es\",\"@id\":\"https:\/\/abaa.mx\/tienda\/#\/schema\/logo\/image\/\",\"url\":\"https:\/\/abaa.mx\/tienda\/wp-content\/uploads\/2024\/01\/abaa-metrologia-tienda.png\",\"contentUrl\":\"https:\/\/abaa.mx\/tienda\/wp-content\/uploads\/2024\/01\/abaa-metrologia-tienda.png\",\"width\":300,\"height\":141,\"caption\":\"Abaa tienda online\"},\"image\":{\"@id\":\"https:\/\/abaa.mx\/tienda\/#\/schema\/logo\/image\/\"}}]}<\/script>\n<!-- \/ Yoast SEO plugin. -->","yoast_head_json":{"title":"testo 175 T2 - Data logger de temperatura de dos canales - Abaa tienda online","robots":{"index":"index","follow":"follow","max-snippet":"max-snippet:-1","max-image-preview":"max-image-preview:large","max-video-preview":"max-video-preview:-1"},"canonical":"https:\/\/abaa.mx\/tienda\/testo-175-t2-data-logger-de-temperatura-de-dos-canales\/","og_locale":"es_MX","og_type":"article","og_title":"testo 175 T2 - Data logger de temperatura de dos canales - Abaa tienda online","og_description":"El registrador de datos de temperatura testo 175 T2 dispone de un sensor interno y una conexi\u00f3n para una sonda de temperatura externa. Esto le permite usarlo de forma ideal si desea registrar no solo la temperatura del aire ambiente, sino tambi\u00e9n llevar a cabo otro control de la temperatura (p. ej., una muestra de la temperatura interior del producto).  Esto es particularmente pr\u00e1ctico durante el almacenamiento y procesamiento de alimentos: medir en almacenes o c\u00e1maras frigor\u00edficas las condiciones ambientales de las mercanc\u00edas y comprobar al mismo tiempo cu\u00e1l es la temperatura del producto en s\u00ed; por ejemplo, con una sonda de penetraci\u00f3n (opcional). Adem\u00e1s, es posible el control de la temperatura entre los envases. Los resultados de medici\u00f3n de ambos canales se almacenan de forma segura en el data logger de temperatura.","og_url":"https:\/\/abaa.mx\/tienda\/testo-175-t2-data-logger-de-temperatura-de-dos-canales\/","og_site_name":"Abaa tienda online","og_image":[{"width":660,"height":495,"url":"https:\/\/abaa.mx\/tienda\/wp-content\/uploads\/2023\/09\/testo-175-t2.jpg","type":"image\/jpeg"}],"twitter_card":"summary_large_image","twitter_misc":{"Tiempo de lectura":"5 minutos"},"schema":{"@context":"https:\/\/schema.org","@graph":[{"@type":"WebPage","@id":"https:\/\/abaa.mx\/tienda\/testo-175-t2-data-logger-de-temperatura-de-dos-canales\/","url":"https:\/\/abaa.mx\/tienda\/testo-175-t2-data-logger-de-temperatura-de-dos-canales\/","name":"testo 175 T2 - Data logger de temperatura de dos canales - Abaa tienda online","isPartOf":{"@id":"https:\/\/abaa.mx\/tienda\/#website"},"primaryImageOfPage":{"@id":"https:\/\/abaa.mx\/tienda\/testo-175-t2-data-logger-de-temperatura-de-dos-canales\/#primaryimage"},"image":{"@id":"https:\/\/abaa.mx\/tienda\/testo-175-t2-data-logger-de-temperatura-de-dos-canales\/#primaryimage"},"thumbnailUrl":"https:\/\/abaa.mx\/tienda\/wp-content\/uploads\/2023\/09\/testo-175-t2.jpg","datePublished":"2023-09-15T16:49:18+00:00","breadcrumb":{"@id":"https:\/\/abaa.mx\/tienda\/testo-175-t2-data-logger-de-temperatura-de-dos-canales\/#breadcrumb"},"inLanguage":"es","potentialAction":[{"@type":"ReadAction","target":["https:\/\/abaa.mx\/tienda\/testo-175-t2-data-logger-de-temperatura-de-dos-canales\/"]}]},{"@type":"ImageObject","inLanguage":"es","@id":"https:\/\/abaa.mx\/tienda\/testo-175-t2-data-logger-de-temperatura-de-dos-canales\/#primaryimage","url":"https:\/\/abaa.mx\/tienda\/wp-content\/uploads\/2023\/09\/testo-175-t2.jpg","contentUrl":"https:\/\/abaa.mx\/tienda\/wp-content\/uploads\/2023\/09\/testo-175-t2.jpg","width":660,"height":495,"caption":"testo 175 t2"},{"@type":"BreadcrumbList","@id":"https:\/\/abaa.mx\/tienda\/testo-175-t2-data-logger-de-temperatura-de-dos-canales\/#breadcrumb","itemListElement":[{"@type":"ListItem","position":1,"name":"Inicio","item":"https:\/\/abaa.mx\/tienda\/"},{"@type":"ListItem","position":2,"name":"Tienda","item":"https:\/\/abaa.mx\/tienda\/"},{"@type":"ListItem","position":3,"name":"testo 175 T2 &#8211; Data logger de temperatura de dos canales"}]},{"@type":"WebSite","@id":"https:\/\/abaa.mx\/tienda\/#website","url":"https:\/\/abaa.mx\/tienda\/","name":"Abaa tienda online","description":"Instrumentos de medici\u00f3n","publisher":{"@id":"https:\/\/abaa.mx\/tienda\/#organization"},"potentialAction":[{"@type":"SearchAction","target":{"@type":"EntryPoint","urlTemplate":"https:\/\/abaa.mx\/tienda\/?s={search_term_string}"},"query-input":{"@type":"PropertyValueSpecification","valueRequired":true,"valueName":"search_term_string"}}],"inLanguage":"es"},{"@type":"Organization","@id":"https:\/\/abaa.mx\/tienda\/#organization","name":"Abaa tienda online","url":"https:\/\/abaa.mx\/tienda\/","logo":{"@type":"ImageObject","inLanguage":"es","@id":"https:\/\/abaa.mx\/tienda\/#\/schema\/logo\/image\/","url":"https:\/\/abaa.mx\/tienda\/wp-content\/uploads\/2024\/01\/abaa-metrologia-tienda.png","contentUrl":"https:\/\/abaa.mx\/tienda\/wp-content\/uploads\/2024\/01\/abaa-metrologia-tienda.png","width":300,"height":141,"caption":"Abaa tienda online"},"image":{"@id":"https:\/\/abaa.mx\/tienda\/#\/schema\/logo\/image\/"}}]}},"_links":{"self":[{"href":"https:\/\/abaa.mx\/tienda\/wp-json\/wp\/v2\/product\/1702","targetHints":{"allow":["GET"]}}],"collection":[{"href":"https:\/\/abaa.mx\/tienda\/wp-json\/wp\/v2\/product"}],"about":[{"href":"https:\/\/abaa.mx\/tienda\/wp-json\/wp\/v2\/types\/product"}],"replies":[{"embeddable":true,"href":"https:\/\/abaa.mx\/tienda\/wp-json\/wp\/v2\/comments?post=1702"}],"wp:featuredmedia":[{"embeddable":true,"href":"https:\/\/abaa.mx\/tienda\/wp-json\/wp\/v2\/media\/1706"}],"wp:attachment":[{"href":"https:\/\/abaa.mx\/tienda\/wp-json\/wp\/v2\/media?parent=1702"}],"wp:term":[{"taxonomy":"product_brand","embeddable":true,"href":"https:\/\/abaa.mx\/tienda\/wp-json\/wp\/v2\/product_brand?post=1702"},{"taxonomy":"product_cat","embeddable":true,"href":"https:\/\/abaa.mx\/tienda\/wp-json\/wp\/v2\/product_cat?post=1702"},{"taxonomy":"product_tag","embeddable":true,"href":"https:\/\/abaa.mx\/tienda\/wp-json\/wp\/v2\/product_tag?post=1702"}],"curies":[{"name":"wp","href":"https:\/\/api.w.org\/{rel}","templated":true}]}}