{"id":1698,"date":"2023-09-15T16:46:51","date_gmt":"2023-09-15T16:46:51","guid":{"rendered":"https:\/\/abaa.mx\/tienda\/?post_type=product&#038;p=1698"},"modified":"2023-09-15T16:46:52","modified_gmt":"2023-09-15T16:46:52","slug":"set-testo-174-t-mini-registrador-de-datos-de-temperatura","status":"publish","type":"product","link":"https:\/\/abaa.mx\/tienda\/set-testo-174-t-mini-registrador-de-datos-de-temperatura\/","title":{"rendered":"Set testo 174 T &#8211; Mini registrador de datos de temperatura"},"content":{"rendered":"<p>Durante el almacenamiento de los medicamentos o alimentos siempre es preciso determinar que la temperatura no excede los valores l\u00edmites establecidos. Con el mini registrador de datos de temperatura testo 174 T, puede efectuar un control continuo de la temperatura sin importar si sus mercanc\u00edas se encuentran en la estanter\u00eda, en el mostrador o en la nevera \/ c\u00e1mara frigor\u00edfica. As\u00ed puede comprobar en cualquier momento si se mantiene el rango de temperatura.<\/p>\n<div class=\"m-list\">\n<ul class=\"list-elements\">\n<li>Memoria de datos para 16\u202f000 valores de temperatura, aprox. 500 d\u00edas de duraci\u00f3n de la pila<\/li>\n<li>Ventaja del set: se incluye interfaz USB para la transferencia de datos al ordenador<\/li>\n<li>Estanco seg\u00fan IP 65, conforme a APPCC y certificado seg\u00fan la norma EN 12830<\/li>\n<li>Evaluaci\u00f3n de los datos: tres posibles versiones del programa para elegir, la versi\u00f3n b\u00e1sica est\u00e1 disponible gratuitamente para su descarga<\/li>\n<\/ul>\n<\/div>\n<p class=\"text\">El data logger de temperatura testo 174 T es su pr\u00e1ctico ayudante para las mediciones continuas de temperatura (p.ej. la temperatura de almacenamiento de medicamentos o alimentos). Al comprar este set recibir\u00e1 tambi\u00e9n una interfaz USB para la transferencia de datos al ordenador.<\/p>\n<div class=\"c2a-tabSection m-tabs\">\n<div id=\"tab-details\" class=\"large-12 column m-tab-pdp\">\n<div class=\"medium-8\">\n<article class=\"child-1 paragraph\">\n<h3>Estas son las prestaciones del mini data logger de temperatura testo 174 T<\/h3>\n<p>El mini registrador de datos para temperatura testo 174 T tiene una memoria con capacidad para 16\u202f000 valores. Incluso con la pila vac\u00eda o al cambiarla, los datos de medici\u00f3n almacenados no se pierden. Tanto el valor medido actual, as\u00ed como los posibles incumplimientos de los valores l\u00edmites se indican claramente en la pantalla de gran tama\u00f1o. El sensor de temperatura instalado en el registrador de datos es un sensor NTC de gran exactitud. El rango de medici\u00f3n del registrador de datos para temperatura comprende desde -30 hasta +70 \u00b0C; por tanto, se puede emplear incluso a temperaturas muy bajas y es especialmente adecuado para controlar la temperatura en congeladores o en c\u00e1maras frigor\u00edficas.<br \/>\nEs particularmente \u00fatil para aplicaciones relacionadas con los alimentos (p. ej., la medici\u00f3n de la temperatura de almacenamiento): el registrador de datos para temperatura testo 174 T est\u00e1 certificado seg\u00fan la norma EN 12830, es conforme a APPCC y est\u00e1 certificado por HACCP International. Adem\u00e1s, es resistente a salpicaduras o chorros de agua seg\u00fan la protecci\u00f3n IP 65. De esta manera, el data logger de temperatura puede permanecer en el lugar de la medici\u00f3n durante la limpieza de los almacenes.<\/p>\n<h3>Programaci\u00f3n y evaluaci\u00f3n del data logger de temperatura<\/h3>\n<p>Gracias a un programa, puede programar y leer el registrador de datos de temperatura y efectuar una evaluaci\u00f3n de los datos de medici\u00f3n en un ordenador. Para estas funciones, Testo ofrece tres versiones diferentes del programa:<\/p>\n<ul>\n<li><strong>ComSoft B\u00e1sico\u00a0<\/strong>\u2013 disponible para su descarga gratuita &#8211; para la programaci\u00f3n r\u00e1pida del mini registrador de datos de temperatura y una evaluaci\u00f3n f\u00e1cil de los datos de medici\u00f3n<\/li>\n<li><strong>ComSoft Profesional<\/strong>\u00a0\u2013 disponible opcionalmente &#8211; ofrece varias posibilidades para el an\u00e1lisis detallado de los valores de medici\u00f3n<\/li>\n<li><strong>ComSoft CFR 21 Parte 11\u00a0<\/strong>\u2013 disponible opcionalmente &#8211; ideal para los requisitos especiales de acuerdo con CFR 21 parte 11 en el sector farmac\u00e9utico<\/li>\n<\/ul>\n<h3>Ventaja del set: el registrador de datos est\u00e1 listo para usarse<\/h3>\n<p>Para programar y leer su data logger de temperatura testo 174 T se requiere una interfaz USB. Al comprar este set, la interfaz USB ya viene incluida. \u00a1As\u00ed podr\u00e1 comenzar el registro de la temperatura de inmediato!<\/p>\n<p><strong>Atenci\u00f3n:<\/strong>\u00a0Antes de poner en marcha la interfaz USB descargue la versi\u00f3n actual del software. Esta se encuentra en el \u00e1rea de descarga.<\/article>\n<h3>Volumen de suministro<\/h3>\n<article class=\"child-2 paragraph\">Mini registrador de datos para temperatura testo 174 T, interfaz USB para la programaci\u00f3n y lectura del mini registrador de datos, soporte para pared, pilas (2 \u00d7 CR 2032 de litio) y protocolo de calibraci\u00f3n.<\/p>\n<\/article>\n<\/div>\n<div class=\"medium-4\">\n<div class=\"m-cert large-12 column\"><\/div>\n<\/div>\n<\/div>\n<\/div>\n<hr \/>\n<div class=\"c2a-tabSection m-tabs\">\n<div id=\"tab-technicalData\" class=\"large-12 column m-data-tab\">\n<h2>Datos t\u00e9cnicos<\/h2>\n<table>\n<colgroup>\n<col class=\"colWidth25\" \/>\n<col \/><\/colgroup>\n<thead>\n<tr>\n<th colspan=\"2\">Datos t\u00e9cnicos generales<\/th>\n<\/tr>\n<\/thead>\n<tbody>\n<tr>\n<td class=\"table-bold\">Peso<\/td>\n<td>35 g<\/td>\n<\/tr>\n<tr>\n<td class=\"table-bold\">Medidas<\/td>\n<td>60 X 38 X 18,5 mm ((L x A x H))<\/td>\n<\/tr>\n<tr>\n<td class=\"table-bold\">Temperatura de funcionamiento<\/td>\n<td>-30 hasta +70 \u00baC<\/td>\n<\/tr>\n<tr>\n<td class=\"table-bold\">Material de la carcasa \/ del producto<\/td>\n<td>Pl\u00e1stico<\/td>\n<\/tr>\n<tr>\n<td class=\"table-bold\">Clase de protecci\u00f3n<\/td>\n<td>IP65<\/td>\n<\/tr>\n<tr>\n<td class=\"table-bold\">Canales<\/td>\n<td>1 externo<\/td>\n<\/tr>\n<tr>\n<td class=\"table-bold\">Color del producto<\/td>\n<td>blanco<\/td>\n<\/tr>\n<tr>\n<td class=\"table-bold\">Norma<\/td>\n<td>EN 12830; 2011\/65\/EU<\/td>\n<\/tr>\n<tr>\n<td class=\"table-bold\">Directiva UE\/CE<\/td>\n<td>Directriz UE 2014\/30\/EU<\/td>\n<\/tr>\n<tr>\n<td class=\"table-bold\">Intervalo de medici\u00f3n<\/td>\n<td>1 min &#8211; 24 h<\/td>\n<\/tr>\n<tr>\n<td class=\"table-bold\">Tipo de bater\u00eda<\/td>\n<td>2 pilas bot\u00f3n (3 V, CR 2032)<\/td>\n<\/tr>\n<tr>\n<td class=\"table-bold\">Autonom\u00eda<\/td>\n<td>500 d\u00edas (15&#8242; ciclo de medici\u00f3n a +25\u00b0C)<\/td>\n<\/tr>\n<tr>\n<td class=\"table-bold\">Memoria<\/td>\n<td>16.000 valor medido<\/td>\n<\/tr>\n<tr>\n<td class=\"table-bold\">Temperatura de almacenamiento<\/td>\n<td>-40 hasta +70 \u00baC<\/td>\n<\/tr>\n<\/tbody>\n<\/table>\n<table>\n<colgroup>\n<col class=\"colWidth25\" \/>\n<col \/><\/colgroup>\n<thead>\n<tr>\n<th colspan=\"2\">NTC<\/th>\n<\/tr>\n<\/thead>\n<tbody>\n<tr>\n<td class=\"table-bold\">Rango<\/td>\n<td>-30 hasta +70 \u00baC<\/td>\n<\/tr>\n<tr>\n<td class=\"table-bold\">Exactitud<\/td>\n<td>\u00b10,5 \u00baC (-30 hasta +70 \u00baC)<\/td>\n<\/tr>\n<tr>\n<td class=\"table-bold\">Resoluci\u00f3n<\/td>\n<td>0,1 \u00baC<\/td>\n<\/tr>\n<\/tbody>\n<\/table>\n<\/div>\n<\/div>\n","protected":false},"excerpt":{"rendered":"<p>Durante el almacenamiento de los medicamentos o alimentos siempre es preciso determinar que la temperatura no excede los valores l\u00edmites establecidos. Con el mini registrador de datos de temperatura testo 174 T, puede efectuar un control continuo de la temperatura sin importar si sus mercanc\u00edas se encuentran en la estanter\u00eda, en el mostrador o en la nevera \/ c\u00e1mara frigor\u00edfica. As\u00ed puede comprobar en cualquier momento si se mantiene el rango de temperatura<\/p>\n","protected":false},"featured_media":1704,"comment_status":"open","ping_status":"closed","template":"","meta":{"_joinchat":[]},"product_brand":[],"product_cat":[15],"product_tag":[],"class_list":{"0":"post-1698","1":"product","2":"type-product","3":"status-publish","4":"has-post-thumbnail","6":"product_cat-sin-categorizar","8":"first","9":"instock","10":"shipping-taxable","11":"product-type-simple"},"yoast_head":"<!-- This site is optimized with the Yoast SEO plugin v26.4 - https:\/\/yoast.com\/wordpress\/plugins\/seo\/ -->\n<title>Set testo 174 T - Mini registrador de datos de temperatura - Abaa tienda online<\/title>\n<meta name=\"robots\" content=\"index, follow, max-snippet:-1, max-image-preview:large, max-video-preview:-1\" \/>\n<link rel=\"canonical\" href=\"https:\/\/abaa.mx\/tienda\/set-testo-174-t-mini-registrador-de-datos-de-temperatura\/\" \/>\n<meta property=\"og:locale\" content=\"es_MX\" \/>\n<meta property=\"og:type\" content=\"article\" \/>\n<meta property=\"og:title\" content=\"Set testo 174 T - Mini registrador de datos de temperatura - Abaa tienda online\" \/>\n<meta property=\"og:description\" content=\"Durante el almacenamiento de los medicamentos o alimentos siempre es preciso determinar que la temperatura no excede los valores l\u00edmites establecidos. Con el mini registrador de datos de temperatura testo 174 T, puede efectuar un control continuo de la temperatura sin importar si sus mercanc\u00edas se encuentran en la estanter\u00eda, en el mostrador o en la nevera \/ c\u00e1mara frigor\u00edfica. As\u00ed puede comprobar en cualquier momento si se mantiene el rango de temperatura\" \/>\n<meta property=\"og:url\" content=\"https:\/\/abaa.mx\/tienda\/set-testo-174-t-mini-registrador-de-datos-de-temperatura\/\" \/>\n<meta property=\"og:site_name\" content=\"Abaa tienda online\" \/>\n<meta property=\"article:modified_time\" content=\"2023-09-15T16:46:52+00:00\" \/>\n<meta property=\"og:image\" content=\"https:\/\/abaa.mx\/tienda\/wp-content\/uploads\/2023\/09\/set-testo-174-t-1.jpg\" \/>\n\t<meta property=\"og:image:width\" content=\"660\" \/>\n\t<meta property=\"og:image:height\" content=\"495\" \/>\n\t<meta property=\"og:image:type\" content=\"image\/jpeg\" \/>\n<meta name=\"twitter:card\" content=\"summary_large_image\" \/>\n<meta name=\"twitter:label1\" content=\"Tiempo de lectura\" \/>\n\t<meta name=\"twitter:data1\" content=\"4 minutos\" \/>\n<script type=\"application\/ld+json\" class=\"yoast-schema-graph\">{\"@context\":\"https:\/\/schema.org\",\"@graph\":[{\"@type\":\"WebPage\",\"@id\":\"https:\/\/abaa.mx\/tienda\/set-testo-174-t-mini-registrador-de-datos-de-temperatura\/\",\"url\":\"https:\/\/abaa.mx\/tienda\/set-testo-174-t-mini-registrador-de-datos-de-temperatura\/\",\"name\":\"Set testo 174 T - Mini registrador de datos de temperatura - Abaa tienda online\",\"isPartOf\":{\"@id\":\"https:\/\/abaa.mx\/tienda\/#website\"},\"primaryImageOfPage\":{\"@id\":\"https:\/\/abaa.mx\/tienda\/set-testo-174-t-mini-registrador-de-datos-de-temperatura\/#primaryimage\"},\"image\":{\"@id\":\"https:\/\/abaa.mx\/tienda\/set-testo-174-t-mini-registrador-de-datos-de-temperatura\/#primaryimage\"},\"thumbnailUrl\":\"https:\/\/abaa.mx\/tienda\/wp-content\/uploads\/2023\/09\/set-testo-174-t-1.jpg\",\"datePublished\":\"2023-09-15T16:46:51+00:00\",\"dateModified\":\"2023-09-15T16:46:52+00:00\",\"breadcrumb\":{\"@id\":\"https:\/\/abaa.mx\/tienda\/set-testo-174-t-mini-registrador-de-datos-de-temperatura\/#breadcrumb\"},\"inLanguage\":\"es\",\"potentialAction\":[{\"@type\":\"ReadAction\",\"target\":[\"https:\/\/abaa.mx\/tienda\/set-testo-174-t-mini-registrador-de-datos-de-temperatura\/\"]}]},{\"@type\":\"ImageObject\",\"inLanguage\":\"es\",\"@id\":\"https:\/\/abaa.mx\/tienda\/set-testo-174-t-mini-registrador-de-datos-de-temperatura\/#primaryimage\",\"url\":\"https:\/\/abaa.mx\/tienda\/wp-content\/uploads\/2023\/09\/set-testo-174-t-1.jpg\",\"contentUrl\":\"https:\/\/abaa.mx\/tienda\/wp-content\/uploads\/2023\/09\/set-testo-174-t-1.jpg\",\"width\":660,\"height\":495,\"caption\":\"set testo 174 t\"},{\"@type\":\"BreadcrumbList\",\"@id\":\"https:\/\/abaa.mx\/tienda\/set-testo-174-t-mini-registrador-de-datos-de-temperatura\/#breadcrumb\",\"itemListElement\":[{\"@type\":\"ListItem\",\"position\":1,\"name\":\"Inicio\",\"item\":\"https:\/\/abaa.mx\/tienda\/\"},{\"@type\":\"ListItem\",\"position\":2,\"name\":\"Tienda\",\"item\":\"https:\/\/abaa.mx\/tienda\/\"},{\"@type\":\"ListItem\",\"position\":3,\"name\":\"Set testo 174 T &#8211; Mini registrador de datos de temperatura\"}]},{\"@type\":\"WebSite\",\"@id\":\"https:\/\/abaa.mx\/tienda\/#website\",\"url\":\"https:\/\/abaa.mx\/tienda\/\",\"name\":\"Abaa tienda online\",\"description\":\"Instrumentos de medici\u00f3n\",\"publisher\":{\"@id\":\"https:\/\/abaa.mx\/tienda\/#organization\"},\"potentialAction\":[{\"@type\":\"SearchAction\",\"target\":{\"@type\":\"EntryPoint\",\"urlTemplate\":\"https:\/\/abaa.mx\/tienda\/?s={search_term_string}\"},\"query-input\":{\"@type\":\"PropertyValueSpecification\",\"valueRequired\":true,\"valueName\":\"search_term_string\"}}],\"inLanguage\":\"es\"},{\"@type\":\"Organization\",\"@id\":\"https:\/\/abaa.mx\/tienda\/#organization\",\"name\":\"Abaa tienda online\",\"url\":\"https:\/\/abaa.mx\/tienda\/\",\"logo\":{\"@type\":\"ImageObject\",\"inLanguage\":\"es\",\"@id\":\"https:\/\/abaa.mx\/tienda\/#\/schema\/logo\/image\/\",\"url\":\"https:\/\/abaa.mx\/tienda\/wp-content\/uploads\/2024\/01\/abaa-metrologia-tienda.png\",\"contentUrl\":\"https:\/\/abaa.mx\/tienda\/wp-content\/uploads\/2024\/01\/abaa-metrologia-tienda.png\",\"width\":300,\"height\":141,\"caption\":\"Abaa tienda online\"},\"image\":{\"@id\":\"https:\/\/abaa.mx\/tienda\/#\/schema\/logo\/image\/\"}}]}<\/script>\n<!-- \/ Yoast SEO plugin. -->","yoast_head_json":{"title":"Set testo 174 T - Mini registrador de datos de temperatura - Abaa tienda online","robots":{"index":"index","follow":"follow","max-snippet":"max-snippet:-1","max-image-preview":"max-image-preview:large","max-video-preview":"max-video-preview:-1"},"canonical":"https:\/\/abaa.mx\/tienda\/set-testo-174-t-mini-registrador-de-datos-de-temperatura\/","og_locale":"es_MX","og_type":"article","og_title":"Set testo 174 T - Mini registrador de datos de temperatura - Abaa tienda online","og_description":"Durante el almacenamiento de los medicamentos o alimentos siempre es preciso determinar que la temperatura no excede los valores l\u00edmites establecidos. Con el mini registrador de datos de temperatura testo 174 T, puede efectuar un control continuo de la temperatura sin importar si sus mercanc\u00edas se encuentran en la estanter\u00eda, en el mostrador o en la nevera \/ c\u00e1mara frigor\u00edfica. As\u00ed puede comprobar en cualquier momento si se mantiene el rango de temperatura","og_url":"https:\/\/abaa.mx\/tienda\/set-testo-174-t-mini-registrador-de-datos-de-temperatura\/","og_site_name":"Abaa tienda online","article_modified_time":"2023-09-15T16:46:52+00:00","og_image":[{"width":660,"height":495,"url":"https:\/\/abaa.mx\/tienda\/wp-content\/uploads\/2023\/09\/set-testo-174-t-1.jpg","type":"image\/jpeg"}],"twitter_card":"summary_large_image","twitter_misc":{"Tiempo de lectura":"4 minutos"},"schema":{"@context":"https:\/\/schema.org","@graph":[{"@type":"WebPage","@id":"https:\/\/abaa.mx\/tienda\/set-testo-174-t-mini-registrador-de-datos-de-temperatura\/","url":"https:\/\/abaa.mx\/tienda\/set-testo-174-t-mini-registrador-de-datos-de-temperatura\/","name":"Set testo 174 T - Mini registrador de datos de temperatura - Abaa tienda online","isPartOf":{"@id":"https:\/\/abaa.mx\/tienda\/#website"},"primaryImageOfPage":{"@id":"https:\/\/abaa.mx\/tienda\/set-testo-174-t-mini-registrador-de-datos-de-temperatura\/#primaryimage"},"image":{"@id":"https:\/\/abaa.mx\/tienda\/set-testo-174-t-mini-registrador-de-datos-de-temperatura\/#primaryimage"},"thumbnailUrl":"https:\/\/abaa.mx\/tienda\/wp-content\/uploads\/2023\/09\/set-testo-174-t-1.jpg","datePublished":"2023-09-15T16:46:51+00:00","dateModified":"2023-09-15T16:46:52+00:00","breadcrumb":{"@id":"https:\/\/abaa.mx\/tienda\/set-testo-174-t-mini-registrador-de-datos-de-temperatura\/#breadcrumb"},"inLanguage":"es","potentialAction":[{"@type":"ReadAction","target":["https:\/\/abaa.mx\/tienda\/set-testo-174-t-mini-registrador-de-datos-de-temperatura\/"]}]},{"@type":"ImageObject","inLanguage":"es","@id":"https:\/\/abaa.mx\/tienda\/set-testo-174-t-mini-registrador-de-datos-de-temperatura\/#primaryimage","url":"https:\/\/abaa.mx\/tienda\/wp-content\/uploads\/2023\/09\/set-testo-174-t-1.jpg","contentUrl":"https:\/\/abaa.mx\/tienda\/wp-content\/uploads\/2023\/09\/set-testo-174-t-1.jpg","width":660,"height":495,"caption":"set testo 174 t"},{"@type":"BreadcrumbList","@id":"https:\/\/abaa.mx\/tienda\/set-testo-174-t-mini-registrador-de-datos-de-temperatura\/#breadcrumb","itemListElement":[{"@type":"ListItem","position":1,"name":"Inicio","item":"https:\/\/abaa.mx\/tienda\/"},{"@type":"ListItem","position":2,"name":"Tienda","item":"https:\/\/abaa.mx\/tienda\/"},{"@type":"ListItem","position":3,"name":"Set testo 174 T &#8211; Mini registrador de datos de temperatura"}]},{"@type":"WebSite","@id":"https:\/\/abaa.mx\/tienda\/#website","url":"https:\/\/abaa.mx\/tienda\/","name":"Abaa tienda online","description":"Instrumentos de medici\u00f3n","publisher":{"@id":"https:\/\/abaa.mx\/tienda\/#organization"},"potentialAction":[{"@type":"SearchAction","target":{"@type":"EntryPoint","urlTemplate":"https:\/\/abaa.mx\/tienda\/?s={search_term_string}"},"query-input":{"@type":"PropertyValueSpecification","valueRequired":true,"valueName":"search_term_string"}}],"inLanguage":"es"},{"@type":"Organization","@id":"https:\/\/abaa.mx\/tienda\/#organization","name":"Abaa tienda online","url":"https:\/\/abaa.mx\/tienda\/","logo":{"@type":"ImageObject","inLanguage":"es","@id":"https:\/\/abaa.mx\/tienda\/#\/schema\/logo\/image\/","url":"https:\/\/abaa.mx\/tienda\/wp-content\/uploads\/2024\/01\/abaa-metrologia-tienda.png","contentUrl":"https:\/\/abaa.mx\/tienda\/wp-content\/uploads\/2024\/01\/abaa-metrologia-tienda.png","width":300,"height":141,"caption":"Abaa tienda online"},"image":{"@id":"https:\/\/abaa.mx\/tienda\/#\/schema\/logo\/image\/"}}]}},"_links":{"self":[{"href":"https:\/\/abaa.mx\/tienda\/wp-json\/wp\/v2\/product\/1698","targetHints":{"allow":["GET"]}}],"collection":[{"href":"https:\/\/abaa.mx\/tienda\/wp-json\/wp\/v2\/product"}],"about":[{"href":"https:\/\/abaa.mx\/tienda\/wp-json\/wp\/v2\/types\/product"}],"replies":[{"embeddable":true,"href":"https:\/\/abaa.mx\/tienda\/wp-json\/wp\/v2\/comments?post=1698"}],"wp:featuredmedia":[{"embeddable":true,"href":"https:\/\/abaa.mx\/tienda\/wp-json\/wp\/v2\/media\/1704"}],"wp:attachment":[{"href":"https:\/\/abaa.mx\/tienda\/wp-json\/wp\/v2\/media?parent=1698"}],"wp:term":[{"taxonomy":"product_brand","embeddable":true,"href":"https:\/\/abaa.mx\/tienda\/wp-json\/wp\/v2\/product_brand?post=1698"},{"taxonomy":"product_cat","embeddable":true,"href":"https:\/\/abaa.mx\/tienda\/wp-json\/wp\/v2\/product_cat?post=1698"},{"taxonomy":"product_tag","embeddable":true,"href":"https:\/\/abaa.mx\/tienda\/wp-json\/wp\/v2\/product_tag?post=1698"}],"curies":[{"name":"wp","href":"https:\/\/api.w.org\/{rel}","templated":true}]}}