{"id":1684,"date":"2023-09-15T16:17:26","date_gmt":"2023-09-15T16:17:26","guid":{"rendered":"https:\/\/abaa.mx\/tienda\/?post_type=product&#038;p=1684"},"modified":"2023-09-15T16:17:27","modified_gmt":"2023-09-15T16:17:27","slug":"flashlink-rtl-3g-registrador-de-datos-reutilizable-de-temperatura-y-humedad-modelo-22371","status":"publish","type":"product","link":"https:\/\/abaa.mx\/tienda\/flashlink-rtl-3g-registrador-de-datos-reutilizable-de-temperatura-y-humedad-modelo-22371\/","title":{"rendered":"Flashlink rtl 3g registrador de datos reutilizable de temperatura y humedad Modelo 22371"},"content":{"rendered":"<h1>Flashlink\u00a0rtl 3g registrador de datos reutilizable de temperatura y humedad<\/h1>\n<h3><strong>Modelo\u00a022371<\/strong><\/h3>\n<ul>\n<li>Controle la temperatura, la humedad y la ubicaci\u00f3n durante el almacenamiento y el transporte.<\/li>\n<li>No es necesario abrir cajas o puertas para leer datos.<\/li>\n<li>Datos de ubicaci\u00f3n trazados en Google Maps.<\/li>\n<li>Los datos se cargan autom\u00e1ticamente al servicio en la nube 24\/7.<\/li>\n<li>La memoria integrada registra datos cada 5 minutos.<\/li>\n<li>Opci\u00f3n para descargar informe PDF a PC con cable USB.<\/li>\n<\/ul>\n<p><b>Aplicaciones:<\/b>\u00a0Monitoreo en tiempo real para almacenamiento y transporte de productos sensibles a la temperatura y la humedad.<\/p>\n<p>Este registrador de datos reutilizable de temperatura y humedad FlashLink RTL 3G monitorea e informa la temperatura, la humedad y la ubicaci\u00f3n durante el transporte de productos perecederos sensibles a la temperatura. Realice un seguimiento de las entregas utilizando un servicio basado en la nube para ver la informaci\u00f3n y las condiciones de la ruta en tiempo real en un cami\u00f3n o avi\u00f3n.<\/p>\n<p>El registrador de datos reutilizable RTL 3G ofrece informes en tiempo real y una copia de seguridad en PDF cuando no hay servicio celular disponible. Este registrador de datos reutilizable confiable env\u00eda datos, a intervalos regulares, a la nube, donde siempre est\u00e1 disponible.<\/p>\n<p>La copia de seguridad de PDF y una nueva funci\u00f3n de modo de vuelo le dan a este registrador la capacidad l\u00edder en su clase para rastrear env\u00edos \u00a1en cualquier lugar! Un tablero en l\u00ednea pone los datos a disposici\u00f3n de los remitentes en todo momento, incluso antes de que un env\u00edo llegue al muelle de recepci\u00f3n.<\/p>\n<h2 class=\"rl_tabs-title nn_tabs-title\"><span>Modelos<\/span><\/h2>\n<table>\n<thead>\n<tr>\n<th scope=\"col\">Modelo<\/th>\n<th scope=\"col\"><\/th>\n<\/tr>\n<\/thead>\n<tbody>\n<tr>\n<td>22371-01<\/td>\n<td>Incluye 1 a\u00f1o de servicio en la nube FlashTrak RU<\/td>\n<\/tr>\n<tr>\n<td>22371-02<\/td>\n<td><span>Incluye servicio en la nube FlashTrak RU de 2 a\u00f1os<\/span><\/td>\n<\/tr>\n<\/tbody>\n<\/table>\n<p>&nbsp;<\/p>\n<table>\n<caption><span>FlashLink RTL 3G Registrador de datos reutilizable de temperatura y humedad<\/span><\/caption>\n<thead>\n<tr>\n<th scope=\"col\">Caracter\u00edstica<\/th>\n<th scope=\"col\">Especificaci\u00f3n<\/th>\n<\/tr>\n<\/thead>\n<tfoot>\n<tr>\n<td colspan=\"2\"><\/td>\n<\/tr>\n<\/tfoot>\n<tbody>\n<tr>\n<td>Rango de medici\u00f3n de temperatura<\/td>\n<td>-30\u00b0C a 70\u00b0C (-22\u00b0F a 158\u00b0F)<\/td>\n<\/tr>\n<tr>\n<td>Precisi\u00f3n de temperatura<\/td>\n<td>\u00b10.5\u00b0C -10\u00b0C a 45\u00b0C (\u00b10.9\u00b0F 14\u00b0F a 113\u00b0F)\u00b11\u00b0C (\u00b12\u00b0F)<br \/>\notros<\/td>\n<\/tr>\n<tr>\n<td>Resoluci\u00f3n de temperatura<\/td>\n<td>0.1 \u00baC\/\u00baF<\/td>\n<\/tr>\n<tr>\n<td>Rango de medici\u00f3n de humedad<\/td>\n<td>5% a 95% HR<\/td>\n<\/tr>\n<tr>\n<td>Precisi\u00f3n de humedad<\/td>\n<td>\u00b15% de 20% a 80% HR, \u00b17% &lt;20% y &gt;80%<\/td>\n<\/tr>\n<tr>\n<td>Capacidad de datos<\/td>\n<td>50.000 puntos de datos<\/td>\n<\/tr>\n<tr>\n<td>Intervalo de registro<\/td>\n<td>5 minutos<\/td>\n<\/tr>\n<tr>\n<td>Intervalo de carga de datos<\/td>\n<td>15 minutos<\/td>\n<\/tr>\n<tr>\n<td>Duraci\u00f3n del registro<\/td>\n<td>Registro perpetuo cuando se alimenta con un cable USB (incluido) y 15 d\u00edas con carga completa de la bater\u00eda (sin fuente de alimentaci\u00f3n externa)<\/td>\n<\/tr>\n<tr>\n<td>Rojo GSM<\/td>\n<td>3G: Banda 1\/2\/4\/5\/8 Cobertura global 2G: Cuatribanda GSM 850\/900\/1800\/1900 MHz<\/td>\n<\/tr>\n<tr>\n<td>S\u00cd<\/td>\n<td>Integrado interno (roaming global de datos)<\/td>\n<\/tr>\n<tr>\n<td>Fuente de alimentaci\u00f3n<\/td>\n<td>Bater\u00eda de iones de litio, cumple con UN38.3<\/td>\n<\/tr>\n<tr>\n<td>Duraci\u00f3n de la bater\u00eda<\/td>\n<td>15 d\u00edas con una carga completa<\/td>\n<\/tr>\n<tr>\n<td>Peso del registrador<\/td>\n<td>3,63 onzas (103 gramos)<\/td>\n<\/tr>\n<tr>\n<td>Dimensiones del registrador<\/td>\n<td>65,5 mm x 103 mm x 18,5 mm<br \/>\n(2,58 pulgadas x 4,01 pulgadas x 0,73 pulgadas)<\/td>\n<\/tr>\n<tr>\n<td>Clasificaci\u00f3n impermeable<\/td>\n<td>IP64<\/td>\n<\/tr>\n<tr>\n<td>Calibraci\u00f3n<\/td>\n<td>Certificado de calibraci\u00f3n NIST de 1 a\u00f1o y Certificado de cumplimiento del fabricante disponible Opci\u00f3n: Certificado de calibraci\u00f3n ISO 17025 (A2LA)<\/td>\n<\/tr>\n<tr>\n<td>Certificaci\u00f3n<\/td>\n<td>Precisi\u00f3n de temperatura rastreable FCC, marca CE, RoHS, WEEE, NIST<\/td>\n<\/tr>\n<tr>\n<td>Requisitos del sistema<\/td>\n<td>El registrador requiere una conexi\u00f3n de red celular para enviar datos a una aplicaci\u00f3n en la nube segura. El usuario requiere una PC u otro dispositivo habilitado para Internet para ver los datos en l\u00ednea<\/td>\n<\/tr>\n<tr>\n<td>Requisitos de descarga<\/td>\n<td>Cable micro USB a USB para descargar a PC u otro dispositivo habilitado para USB que pueda leer archivos PDF<\/td>\n<\/tr>\n<tr>\n<td>Accesorios<\/td>\n<td>\u2022 Impresora<br \/>\nFlashLink BLE 22375\u2022 Certificado de calibraci\u00f3n ISO 21048 17025<\/td>\n<\/tr>\n<\/tbody>\n<\/table>\n","protected":false},"excerpt":{"rendered":"<ul>\n<li>Controle la temperatura, la humedad y la ubicaci\u00f3n durante el almacenamiento y el transporte<\/li>\n<li>No es necesario abrir cajas o puertas para leer datos<\/li>\n<li>Datos de ubicaci\u00f3n trazados en Google Maps<\/li>\n<li>Los datos se cargan autom\u00e1ticamente al servicio en la nube 24\/7<\/li>\n<li>La memoria integrada registra datos cada 5 minutos<\/li>\n<li>Opci\u00f3n para descargar informe PDF a PC con cable USB<\/li>\n<\/ul>\n","protected":false},"featured_media":1687,"comment_status":"open","ping_status":"closed","template":"","meta":{"_joinchat":[]},"product_brand":[],"product_cat":[15],"product_tag":[],"class_list":{"0":"post-1684","1":"product","2":"type-product","3":"status-publish","4":"has-post-thumbnail","6":"product_cat-sin-categorizar","8":"first","9":"instock","10":"shipping-taxable","11":"product-type-simple"},"yoast_head":"<!-- This site is optimized with the Yoast SEO plugin v26.4 - https:\/\/yoast.com\/wordpress\/plugins\/seo\/ -->\n<title>Flashlink rtl 3g registrador de datos reutilizable de temperatura y humedad Modelo 22371 - Abaa tienda online<\/title>\n<meta name=\"robots\" content=\"index, follow, max-snippet:-1, max-image-preview:large, max-video-preview:-1\" \/>\n<link rel=\"canonical\" href=\"https:\/\/abaa.mx\/tienda\/flashlink-rtl-3g-registrador-de-datos-reutilizable-de-temperatura-y-humedad-modelo-22371\/\" \/>\n<meta property=\"og:locale\" content=\"es_MX\" \/>\n<meta property=\"og:type\" content=\"article\" \/>\n<meta property=\"og:title\" content=\"Flashlink rtl 3g registrador de datos reutilizable de temperatura y humedad Modelo 22371 - Abaa tienda online\" \/>\n<meta property=\"og:description\" content=\"Controle la temperatura, la humedad y la ubicaci\u00f3n durante el almacenamiento y el transporte  No es necesario abrir cajas o puertas para leer datos  Datos de ubicaci\u00f3n trazados en Google Maps  Los datos se cargan autom\u00e1ticamente al servicio en la nube 24\/7  La memoria integrada registra datos cada 5 minutos  Opci\u00f3n para descargar informe PDF a PC con cable USB\" \/>\n<meta property=\"og:url\" content=\"https:\/\/abaa.mx\/tienda\/flashlink-rtl-3g-registrador-de-datos-reutilizable-de-temperatura-y-humedad-modelo-22371\/\" \/>\n<meta property=\"og:site_name\" content=\"Abaa tienda online\" \/>\n<meta property=\"article:modified_time\" content=\"2023-09-15T16:17:27+00:00\" \/>\n<meta property=\"og:image\" content=\"https:\/\/abaa.mx\/tienda\/wp-content\/uploads\/2023\/09\/22371.jpg\" \/>\n\t<meta property=\"og:image:width\" content=\"474\" \/>\n\t<meta property=\"og:image:height\" content=\"654\" \/>\n\t<meta property=\"og:image:type\" content=\"image\/jpeg\" \/>\n<meta name=\"twitter:card\" content=\"summary_large_image\" \/>\n<meta name=\"twitter:label1\" content=\"Tiempo de lectura\" \/>\n\t<meta name=\"twitter:data1\" content=\"3 minutos\" \/>\n<script type=\"application\/ld+json\" class=\"yoast-schema-graph\">{\"@context\":\"https:\/\/schema.org\",\"@graph\":[{\"@type\":\"WebPage\",\"@id\":\"https:\/\/abaa.mx\/tienda\/flashlink-rtl-3g-registrador-de-datos-reutilizable-de-temperatura-y-humedad-modelo-22371\/\",\"url\":\"https:\/\/abaa.mx\/tienda\/flashlink-rtl-3g-registrador-de-datos-reutilizable-de-temperatura-y-humedad-modelo-22371\/\",\"name\":\"Flashlink rtl 3g registrador de datos reutilizable de temperatura y humedad Modelo 22371 - Abaa tienda online\",\"isPartOf\":{\"@id\":\"https:\/\/abaa.mx\/tienda\/#website\"},\"primaryImageOfPage\":{\"@id\":\"https:\/\/abaa.mx\/tienda\/flashlink-rtl-3g-registrador-de-datos-reutilizable-de-temperatura-y-humedad-modelo-22371\/#primaryimage\"},\"image\":{\"@id\":\"https:\/\/abaa.mx\/tienda\/flashlink-rtl-3g-registrador-de-datos-reutilizable-de-temperatura-y-humedad-modelo-22371\/#primaryimage\"},\"thumbnailUrl\":\"https:\/\/abaa.mx\/tienda\/wp-content\/uploads\/2023\/09\/22371.jpg\",\"datePublished\":\"2023-09-15T16:17:26+00:00\",\"dateModified\":\"2023-09-15T16:17:27+00:00\",\"breadcrumb\":{\"@id\":\"https:\/\/abaa.mx\/tienda\/flashlink-rtl-3g-registrador-de-datos-reutilizable-de-temperatura-y-humedad-modelo-22371\/#breadcrumb\"},\"inLanguage\":\"es\",\"potentialAction\":[{\"@type\":\"ReadAction\",\"target\":[\"https:\/\/abaa.mx\/tienda\/flashlink-rtl-3g-registrador-de-datos-reutilizable-de-temperatura-y-humedad-modelo-22371\/\"]}]},{\"@type\":\"ImageObject\",\"inLanguage\":\"es\",\"@id\":\"https:\/\/abaa.mx\/tienda\/flashlink-rtl-3g-registrador-de-datos-reutilizable-de-temperatura-y-humedad-modelo-22371\/#primaryimage\",\"url\":\"https:\/\/abaa.mx\/tienda\/wp-content\/uploads\/2023\/09\/22371.jpg\",\"contentUrl\":\"https:\/\/abaa.mx\/tienda\/wp-content\/uploads\/2023\/09\/22371.jpg\",\"width\":474,\"height\":654,\"caption\":\"flashlink-rtl-3g-registrador-de-datos-reutilizable-de-temperatura-y-humedad-modelo-22371\"},{\"@type\":\"BreadcrumbList\",\"@id\":\"https:\/\/abaa.mx\/tienda\/flashlink-rtl-3g-registrador-de-datos-reutilizable-de-temperatura-y-humedad-modelo-22371\/#breadcrumb\",\"itemListElement\":[{\"@type\":\"ListItem\",\"position\":1,\"name\":\"Inicio\",\"item\":\"https:\/\/abaa.mx\/tienda\/\"},{\"@type\":\"ListItem\",\"position\":2,\"name\":\"Tienda\",\"item\":\"https:\/\/abaa.mx\/tienda\/\"},{\"@type\":\"ListItem\",\"position\":3,\"name\":\"Flashlink rtl 3g registrador de datos reutilizable de temperatura y humedad Modelo 22371\"}]},{\"@type\":\"WebSite\",\"@id\":\"https:\/\/abaa.mx\/tienda\/#website\",\"url\":\"https:\/\/abaa.mx\/tienda\/\",\"name\":\"Abaa tienda online\",\"description\":\"Instrumentos de medici\u00f3n\",\"publisher\":{\"@id\":\"https:\/\/abaa.mx\/tienda\/#organization\"},\"potentialAction\":[{\"@type\":\"SearchAction\",\"target\":{\"@type\":\"EntryPoint\",\"urlTemplate\":\"https:\/\/abaa.mx\/tienda\/?s={search_term_string}\"},\"query-input\":{\"@type\":\"PropertyValueSpecification\",\"valueRequired\":true,\"valueName\":\"search_term_string\"}}],\"inLanguage\":\"es\"},{\"@type\":\"Organization\",\"@id\":\"https:\/\/abaa.mx\/tienda\/#organization\",\"name\":\"Abaa tienda online\",\"url\":\"https:\/\/abaa.mx\/tienda\/\",\"logo\":{\"@type\":\"ImageObject\",\"inLanguage\":\"es\",\"@id\":\"https:\/\/abaa.mx\/tienda\/#\/schema\/logo\/image\/\",\"url\":\"https:\/\/abaa.mx\/tienda\/wp-content\/uploads\/2024\/01\/abaa-metrologia-tienda.png\",\"contentUrl\":\"https:\/\/abaa.mx\/tienda\/wp-content\/uploads\/2024\/01\/abaa-metrologia-tienda.png\",\"width\":300,\"height\":141,\"caption\":\"Abaa tienda online\"},\"image\":{\"@id\":\"https:\/\/abaa.mx\/tienda\/#\/schema\/logo\/image\/\"}}]}<\/script>\n<!-- \/ Yoast SEO plugin. -->","yoast_head_json":{"title":"Flashlink rtl 3g registrador de datos reutilizable de temperatura y humedad Modelo 22371 - Abaa tienda online","robots":{"index":"index","follow":"follow","max-snippet":"max-snippet:-1","max-image-preview":"max-image-preview:large","max-video-preview":"max-video-preview:-1"},"canonical":"https:\/\/abaa.mx\/tienda\/flashlink-rtl-3g-registrador-de-datos-reutilizable-de-temperatura-y-humedad-modelo-22371\/","og_locale":"es_MX","og_type":"article","og_title":"Flashlink rtl 3g registrador de datos reutilizable de temperatura y humedad Modelo 22371 - Abaa tienda online","og_description":"Controle la temperatura, la humedad y la ubicaci\u00f3n durante el almacenamiento y el transporte  No es necesario abrir cajas o puertas para leer datos  Datos de ubicaci\u00f3n trazados en Google Maps  Los datos se cargan autom\u00e1ticamente al servicio en la nube 24\/7  La memoria integrada registra datos cada 5 minutos  Opci\u00f3n para descargar informe PDF a PC con cable USB","og_url":"https:\/\/abaa.mx\/tienda\/flashlink-rtl-3g-registrador-de-datos-reutilizable-de-temperatura-y-humedad-modelo-22371\/","og_site_name":"Abaa tienda online","article_modified_time":"2023-09-15T16:17:27+00:00","og_image":[{"width":474,"height":654,"url":"https:\/\/abaa.mx\/tienda\/wp-content\/uploads\/2023\/09\/22371.jpg","type":"image\/jpeg"}],"twitter_card":"summary_large_image","twitter_misc":{"Tiempo de lectura":"3 minutos"},"schema":{"@context":"https:\/\/schema.org","@graph":[{"@type":"WebPage","@id":"https:\/\/abaa.mx\/tienda\/flashlink-rtl-3g-registrador-de-datos-reutilizable-de-temperatura-y-humedad-modelo-22371\/","url":"https:\/\/abaa.mx\/tienda\/flashlink-rtl-3g-registrador-de-datos-reutilizable-de-temperatura-y-humedad-modelo-22371\/","name":"Flashlink rtl 3g registrador de datos reutilizable de temperatura y humedad Modelo 22371 - Abaa tienda online","isPartOf":{"@id":"https:\/\/abaa.mx\/tienda\/#website"},"primaryImageOfPage":{"@id":"https:\/\/abaa.mx\/tienda\/flashlink-rtl-3g-registrador-de-datos-reutilizable-de-temperatura-y-humedad-modelo-22371\/#primaryimage"},"image":{"@id":"https:\/\/abaa.mx\/tienda\/flashlink-rtl-3g-registrador-de-datos-reutilizable-de-temperatura-y-humedad-modelo-22371\/#primaryimage"},"thumbnailUrl":"https:\/\/abaa.mx\/tienda\/wp-content\/uploads\/2023\/09\/22371.jpg","datePublished":"2023-09-15T16:17:26+00:00","dateModified":"2023-09-15T16:17:27+00:00","breadcrumb":{"@id":"https:\/\/abaa.mx\/tienda\/flashlink-rtl-3g-registrador-de-datos-reutilizable-de-temperatura-y-humedad-modelo-22371\/#breadcrumb"},"inLanguage":"es","potentialAction":[{"@type":"ReadAction","target":["https:\/\/abaa.mx\/tienda\/flashlink-rtl-3g-registrador-de-datos-reutilizable-de-temperatura-y-humedad-modelo-22371\/"]}]},{"@type":"ImageObject","inLanguage":"es","@id":"https:\/\/abaa.mx\/tienda\/flashlink-rtl-3g-registrador-de-datos-reutilizable-de-temperatura-y-humedad-modelo-22371\/#primaryimage","url":"https:\/\/abaa.mx\/tienda\/wp-content\/uploads\/2023\/09\/22371.jpg","contentUrl":"https:\/\/abaa.mx\/tienda\/wp-content\/uploads\/2023\/09\/22371.jpg","width":474,"height":654,"caption":"flashlink-rtl-3g-registrador-de-datos-reutilizable-de-temperatura-y-humedad-modelo-22371"},{"@type":"BreadcrumbList","@id":"https:\/\/abaa.mx\/tienda\/flashlink-rtl-3g-registrador-de-datos-reutilizable-de-temperatura-y-humedad-modelo-22371\/#breadcrumb","itemListElement":[{"@type":"ListItem","position":1,"name":"Inicio","item":"https:\/\/abaa.mx\/tienda\/"},{"@type":"ListItem","position":2,"name":"Tienda","item":"https:\/\/abaa.mx\/tienda\/"},{"@type":"ListItem","position":3,"name":"Flashlink rtl 3g registrador de datos reutilizable de temperatura y humedad Modelo 22371"}]},{"@type":"WebSite","@id":"https:\/\/abaa.mx\/tienda\/#website","url":"https:\/\/abaa.mx\/tienda\/","name":"Abaa tienda online","description":"Instrumentos de medici\u00f3n","publisher":{"@id":"https:\/\/abaa.mx\/tienda\/#organization"},"potentialAction":[{"@type":"SearchAction","target":{"@type":"EntryPoint","urlTemplate":"https:\/\/abaa.mx\/tienda\/?s={search_term_string}"},"query-input":{"@type":"PropertyValueSpecification","valueRequired":true,"valueName":"search_term_string"}}],"inLanguage":"es"},{"@type":"Organization","@id":"https:\/\/abaa.mx\/tienda\/#organization","name":"Abaa tienda online","url":"https:\/\/abaa.mx\/tienda\/","logo":{"@type":"ImageObject","inLanguage":"es","@id":"https:\/\/abaa.mx\/tienda\/#\/schema\/logo\/image\/","url":"https:\/\/abaa.mx\/tienda\/wp-content\/uploads\/2024\/01\/abaa-metrologia-tienda.png","contentUrl":"https:\/\/abaa.mx\/tienda\/wp-content\/uploads\/2024\/01\/abaa-metrologia-tienda.png","width":300,"height":141,"caption":"Abaa tienda online"},"image":{"@id":"https:\/\/abaa.mx\/tienda\/#\/schema\/logo\/image\/"}}]}},"_links":{"self":[{"href":"https:\/\/abaa.mx\/tienda\/wp-json\/wp\/v2\/product\/1684","targetHints":{"allow":["GET"]}}],"collection":[{"href":"https:\/\/abaa.mx\/tienda\/wp-json\/wp\/v2\/product"}],"about":[{"href":"https:\/\/abaa.mx\/tienda\/wp-json\/wp\/v2\/types\/product"}],"replies":[{"embeddable":true,"href":"https:\/\/abaa.mx\/tienda\/wp-json\/wp\/v2\/comments?post=1684"}],"wp:featuredmedia":[{"embeddable":true,"href":"https:\/\/abaa.mx\/tienda\/wp-json\/wp\/v2\/media\/1687"}],"wp:attachment":[{"href":"https:\/\/abaa.mx\/tienda\/wp-json\/wp\/v2\/media?parent=1684"}],"wp:term":[{"taxonomy":"product_brand","embeddable":true,"href":"https:\/\/abaa.mx\/tienda\/wp-json\/wp\/v2\/product_brand?post=1684"},{"taxonomy":"product_cat","embeddable":true,"href":"https:\/\/abaa.mx\/tienda\/wp-json\/wp\/v2\/product_cat?post=1684"},{"taxonomy":"product_tag","embeddable":true,"href":"https:\/\/abaa.mx\/tienda\/wp-json\/wp\/v2\/product_tag?post=1684"}],"curies":[{"name":"wp","href":"https:\/\/api.w.org\/{rel}","templated":true}]}}