{"id":1671,"date":"2023-09-15T16:03:57","date_gmt":"2023-09-15T16:03:57","guid":{"rendered":"https:\/\/abaa.mx\/tienda\/?post_type=product&#038;p=1671"},"modified":"2023-12-11T15:29:50","modified_gmt":"2023-12-11T15:29:50","slug":"flashlink-now-4g-5g-registrador-en-transito-en-tiempo-real-modelo-22392","status":"publish","type":"product","link":"https:\/\/abaa.mx\/tienda\/flashlink-now-4g-5g-registrador-en-transito-en-tiempo-real-modelo-22392\/","title":{"rendered":"Flashlink now 4g-5g registrador en tr\u00e1nsito en tiempo real Modelo 22392"},"content":{"rendered":"<h4 style=\"text-align: center;\">Flashlink now 4g-5g registrador en tr\u00e1nsito en tiempo real<\/h4>\n<h3><strong>Modelo\u00a022392<\/strong><\/h3>\n<ul>\n<li>Pr\u00f3xima generaci\u00f3n de registradores en tiempo real de comunicaciones celulares globales con LCD usando 4G\/5G LTE con respaldo 2G<\/li>\n<li>Supervisa la ubicaci\u00f3n, la temperatura, la humedad, la luz y los golpes.<\/li>\n<li>Administre de manera proactiva la ubicaci\u00f3n y las condiciones del env\u00edo para reducir el riesgo de p\u00e9rdida de productos debido a variaciones de temperatura<\/li>\n<li>La plataforma FlashTrak Cloud Service ofrece diferentes niveles de acceso para optimizar la experiencia del usuario y la integraci\u00f3n de la API en los sistemas del cliente.<\/li>\n<li>El programa receptor FlashTrak permite a los remitentes personalizar el acceso a las alertas y las condiciones de env\u00edo<\/li>\n<li>Opci\u00f3n USB para descargar datos de viaje en PDF en caso de que la red GSM no est\u00e9 disponible<\/li>\n<li>Los sensores de luz lo alertan sobre accesos de seguridad no planificados que reducen y evitan posibles robos de productos durante el transporte Las opciones de servicio de seguimiento a\u00e9reo y mar\u00edtimo garantizan el acceso a diferentes modos de datos integrados de la cadena de suministro\n<div class=\"prod-top\">\n<div class=\"prod-left\">\n<div><\/div>\n<div class=\"prod-app\"><b>Aplicaciones:<\/b> Monitoreo en tiempo real de env\u00edos de exportaci\u00f3n, duraci\u00f3n del viaje hasta 120 d\u00edas.<\/div>\n<div>\n<p>El registrador en tr\u00e1nsito en tiempo real FlashLink NOW 4G\/5G utiliza la \u00faltima tecnolog\u00eda para proteger los env\u00edos nacionales y de exportaci\u00f3n de productos sensibles a la temperatura. Los dispositivos en tiempo real de DeltaTrak brindan los datos que los remitentes y los receptores necesitan para tomar medidas inmediatas si ocurre una excursi\u00f3n de temperatura. Con un solo dispositivo, los usuarios pueden capturar m\u00faltiples tipos de datos de sensores, incluida la ubicaci\u00f3n, la temperatura, la humedad, la luz y los golpes.<\/p>\n<p>FlashLink NOW incorpora varias funciones mejoradas que ofrecen nuevas opciones para acceder a los datos y contribuyen a una mayor facilidad de uso. La adici\u00f3n de una pantalla LCD permite a los usuarios ver los datos de viaje almacenados en la memoria de la unidad. Una duraci\u00f3n extendida del viaje de hasta 120 d\u00edas garantiza que los env\u00edos exportados permanecer\u00e1n protegidos durante el transporte al exterior. El rango de medici\u00f3n de temperatura m\u00e1s amplio de -30 \u00b0C a 70 \u00b0C (-22 \u00b0F a 158 \u00b0F) permite monitorear productos con diversos requisitos.<\/p>\n<table>\n<caption>Registrador en tr\u00e1nsito FlashLink RTL Prime<\/caption>\n<thead>\n<tr>\n<th scope=\"col\">Funci\u00f3n<\/th>\n<th scope=\"col\">Especificaci\u00f3n<\/th>\n<\/tr>\n<\/thead>\n<tfoot>\n<tr>\n<td colspan=\"2\"><\/td>\n<\/tr>\n<\/tfoot>\n<tbody>\n<tr>\n<td>Rango de temperatura<\/td>\n<td>-30 \u00b0C a 70 \u00b0C (-22 \u00b0F a 158 \u00b0F)<\/td>\n<\/tr>\n<tr>\n<td>Precisi\u00f3n de temperatura<\/td>\n<td>\u00b10.5\u00b0C -10\u00b0C a 45\u00b0C (\u00b10.9\u00b0F 14\u00b0F a 113\u00b0F),<br \/>\n\u00b11.0\u00b0C<br \/>\n(2.0\u00b0F) Otros<\/td>\n<\/tr>\n<tr>\n<td>Resoluci\u00f3n de temperatura<\/td>\n<td>0.1\u00b0C\/\u00b0F<\/td>\n<\/tr>\n<tr>\n<td>Tipo de sensor de temperatura<\/td>\n<td>Sensor de temperatura digital interno (trazable por NIST)<\/td>\n<\/tr>\n<tr>\n<td>Rango de humedad<\/td>\n<td>5% a 95% HR<\/td>\n<\/tr>\n<tr>\n<td>Precisi\u00f3n de humedad<\/td>\n<td>\u00b13% de 20% a 80%HR \u00b15% para otros<\/td>\n<\/tr>\n<tr>\n<td>Gama de sensores de luz<\/td>\n<td>0 a 52000 lux<\/td>\n<\/tr>\n<tr>\n<td>Precisi\u00f3n de detecci\u00f3n de luz<\/td>\n<td>0,01 lux<\/td>\n<\/tr>\n<tr>\n<td>Sensor de choque<\/td>\n<td>0-8g Altura: 5-10cm<\/td>\n<\/tr>\n<tr>\n<td>Tipo de uso<\/td>\n<td>De un solo uso<\/td>\n<\/tr>\n<tr>\n<td>Capacidad de datos<\/td>\n<td>Max 28800 lecturas<\/td>\n<\/tr>\n<tr>\n<td>Intervalo de registro<\/td>\n<td>10 min.<\/td>\n<\/tr>\n<tr>\n<td>Intervalo de carga de datos<\/td>\n<td>120 min.<\/td>\n<\/tr>\n<tr>\n<td>Duraci\u00f3n del viaje<\/td>\n<td>120 d\u00edas (basado en intervalos de registro y carga)<\/td>\n<\/tr>\n<tr>\n<td>Tel\u00e9fono celular<\/td>\n<td>Red global LTE Cat-1 4G\/5G, con respaldo 2G<\/td>\n<\/tr>\n<tr>\n<td>S\u00cd<\/td>\n<td>Integrado interno (itinerancia global de datos)<\/td>\n<\/tr>\n<tr>\n<td>Fuente de alimentaci\u00f3n<\/td>\n<td>Bater\u00eda de iones de litio, cumple con UN38.3<\/td>\n<\/tr>\n<tr>\n<td>Vida \u00fatil de la bater\u00eda<\/td>\n<td>1 a\u00f1o<\/td>\n<\/tr>\n<tr>\n<td>Dimensiones del registrador<\/td>\n<td>103mm x 61.3mm x 30mm(4,05 pulgadas x 2,41 pulgadas x 1,18 pulgadas)<\/td>\n<\/tr>\n<tr>\n<td>Peso<\/td>\n<td>4,9 onzas (140 g)<\/td>\n<\/tr>\n<tr>\n<td>Clasificaci\u00f3n impermeable<\/td>\n<td>IP64<\/td>\n<\/tr>\n<tr>\n<td>Certificaci\u00f3n<\/td>\n<td>Precisi\u00f3n de temperatura rastreable FCC, RoHS, NIST<\/td>\n<\/tr>\n<tr>\n<td>Respaldo informes en PDF<\/td>\n<td>Cable micro USB a USB para descargar el informe completo del viaje en PDF<\/td>\n<\/tr>\n<\/tbody>\n<\/table>\n<\/div>\n<\/div>\n<\/div>\n<div class=\"prod-bottom\">\n<div class=\"prod-desc\"><\/div>\n<\/div>\n<\/li>\n<\/ul>\n","protected":false},"excerpt":{"rendered":"<h3><strong>Caracter\u00edsticas\u00a0<\/strong><\/h3>\n<ul>\n<li>Pr\u00f3xima generaci\u00f3n de registradores en tiempo real de comunicaciones celulares globales con LCD usando 4G\/5G LTE con respaldo 2G<\/li>\n<li>Supervisa la ubicaci\u00f3n, la temperatura, la humedad, la luz y los golpes.<\/li>\n<li>Administre de manera proactiva la ubicaci\u00f3n y las condiciones del env\u00edo para reducir el riesgo de p\u00e9rdida de productos debido a variaciones de temperatura<\/li>\n<li>La plataforma FlashTrak Cloud Service ofrece diferentes niveles de acceso para optimizar la experiencia del usuario y la integraci\u00f3n de la API en los sistemas del cliente.<\/li>\n<li>El programa receptor FlashTrak permite a los remitentes personalizar el acceso a las alertas y las condiciones de env\u00edo<\/li>\n<li>Opci\u00f3n USB para descargar datos de viaje en PDF en caso de que la red GSM no est\u00e9 disponible<\/li>\n<li>Los sensores de luz lo alertan sobre accesos de seguridad no planificados que reducen y evitan posibles robos de productos durante el transporte Las opciones de servicio de seguimiento a\u00e9reo y mar\u00edtimo garantizan el acceso a diferentes modos de datos integrados de la cadena de suministro<\/li>\n<\/ul>\n","protected":false},"featured_media":1673,"comment_status":"open","ping_status":"closed","template":"","meta":{"_joinchat":[]},"product_brand":[],"product_cat":[15],"product_tag":[],"class_list":{"0":"post-1671","1":"product","2":"type-product","3":"status-publish","4":"has-post-thumbnail","6":"product_cat-sin-categorizar","8":"first","9":"instock","10":"shipping-taxable","11":"product-type-simple"},"yoast_head":"<!-- This site is optimized with the Yoast SEO plugin v26.4 - https:\/\/yoast.com\/wordpress\/plugins\/seo\/ -->\n<title>Flashlink now 4g-5g registrador en tr\u00e1nsito en tiempo real Modelo 22392 - Abaa tienda online<\/title>\n<meta name=\"robots\" content=\"index, follow, max-snippet:-1, max-image-preview:large, max-video-preview:-1\" \/>\n<link rel=\"canonical\" href=\"https:\/\/abaa.mx\/tienda\/flashlink-now-4g-5g-registrador-en-transito-en-tiempo-real-modelo-22392\/\" \/>\n<meta property=\"og:locale\" content=\"es_MX\" \/>\n<meta property=\"og:type\" content=\"article\" \/>\n<meta property=\"og:title\" content=\"Flashlink now 4g-5g registrador en tr\u00e1nsito en tiempo real Modelo 22392 - Abaa tienda online\" \/>\n<meta property=\"og:description\" content=\"Caracter\u00edsticas\u00a0   Pr\u00f3xima generaci\u00f3n de registradores en tiempo real de comunicaciones celulares globales con LCD usando 4G\/5G LTE con respaldo 2G  Supervisa la ubicaci\u00f3n, la temperatura, la humedad, la luz y los golpes.  Administre de manera proactiva la ubicaci\u00f3n y las condiciones del env\u00edo para reducir el riesgo de p\u00e9rdida de productos debido a variaciones de temperatura  La plataforma FlashTrak Cloud Service ofrece diferentes niveles de acceso para optimizar la experiencia del usuario y la integraci\u00f3n de la API en los sistemas del cliente.  El programa receptor FlashTrak permite a los remitentes personalizar el acceso a las alertas y las condiciones de env\u00edo  Opci\u00f3n USB para descargar datos de viaje en PDF en caso de que la red GSM no est\u00e9 disponible  Los sensores de luz lo alertan sobre accesos de seguridad no planificados que reducen y evitan posibles robos de productos durante el transporte Las opciones de servicio de seguimiento a\u00e9reo y mar\u00edtimo garantizan el acceso a diferentes modos de datos integrados de la cadena de suministro\" \/>\n<meta property=\"og:url\" content=\"https:\/\/abaa.mx\/tienda\/flashlink-now-4g-5g-registrador-en-transito-en-tiempo-real-modelo-22392\/\" \/>\n<meta property=\"og:site_name\" content=\"Abaa tienda online\" \/>\n<meta property=\"article:modified_time\" content=\"2023-12-11T15:29:50+00:00\" \/>\n<meta property=\"og:image\" content=\"https:\/\/abaa.mx\/tienda\/wp-content\/uploads\/2023\/09\/22392.jpg\" \/>\n\t<meta property=\"og:image:width\" content=\"452\" \/>\n\t<meta property=\"og:image:height\" content=\"452\" \/>\n\t<meta property=\"og:image:type\" content=\"image\/jpeg\" \/>\n<meta name=\"twitter:card\" content=\"summary_large_image\" \/>\n<meta name=\"twitter:label1\" content=\"Tiempo de lectura\" \/>\n\t<meta name=\"twitter:data1\" content=\"3 minutos\" \/>\n<script type=\"application\/ld+json\" class=\"yoast-schema-graph\">{\"@context\":\"https:\/\/schema.org\",\"@graph\":[{\"@type\":\"WebPage\",\"@id\":\"https:\/\/abaa.mx\/tienda\/flashlink-now-4g-5g-registrador-en-transito-en-tiempo-real-modelo-22392\/\",\"url\":\"https:\/\/abaa.mx\/tienda\/flashlink-now-4g-5g-registrador-en-transito-en-tiempo-real-modelo-22392\/\",\"name\":\"Flashlink now 4g-5g registrador en tr\u00e1nsito en tiempo real Modelo 22392 - Abaa tienda online\",\"isPartOf\":{\"@id\":\"https:\/\/abaa.mx\/tienda\/#website\"},\"primaryImageOfPage\":{\"@id\":\"https:\/\/abaa.mx\/tienda\/flashlink-now-4g-5g-registrador-en-transito-en-tiempo-real-modelo-22392\/#primaryimage\"},\"image\":{\"@id\":\"https:\/\/abaa.mx\/tienda\/flashlink-now-4g-5g-registrador-en-transito-en-tiempo-real-modelo-22392\/#primaryimage\"},\"thumbnailUrl\":\"https:\/\/abaa.mx\/tienda\/wp-content\/uploads\/2023\/09\/22392.jpg\",\"datePublished\":\"2023-09-15T16:03:57+00:00\",\"dateModified\":\"2023-12-11T15:29:50+00:00\",\"breadcrumb\":{\"@id\":\"https:\/\/abaa.mx\/tienda\/flashlink-now-4g-5g-registrador-en-transito-en-tiempo-real-modelo-22392\/#breadcrumb\"},\"inLanguage\":\"es\",\"potentialAction\":[{\"@type\":\"ReadAction\",\"target\":[\"https:\/\/abaa.mx\/tienda\/flashlink-now-4g-5g-registrador-en-transito-en-tiempo-real-modelo-22392\/\"]}]},{\"@type\":\"ImageObject\",\"inLanguage\":\"es\",\"@id\":\"https:\/\/abaa.mx\/tienda\/flashlink-now-4g-5g-registrador-en-transito-en-tiempo-real-modelo-22392\/#primaryimage\",\"url\":\"https:\/\/abaa.mx\/tienda\/wp-content\/uploads\/2023\/09\/22392.jpg\",\"contentUrl\":\"https:\/\/abaa.mx\/tienda\/wp-content\/uploads\/2023\/09\/22392.jpg\",\"width\":452,\"height\":452,\"caption\":\"flashlink-now-4g-5g-registrador-en-transito-en-tiempo-real-modelo-22392\"},{\"@type\":\"BreadcrumbList\",\"@id\":\"https:\/\/abaa.mx\/tienda\/flashlink-now-4g-5g-registrador-en-transito-en-tiempo-real-modelo-22392\/#breadcrumb\",\"itemListElement\":[{\"@type\":\"ListItem\",\"position\":1,\"name\":\"Inicio\",\"item\":\"https:\/\/abaa.mx\/tienda\/\"},{\"@type\":\"ListItem\",\"position\":2,\"name\":\"Tienda\",\"item\":\"https:\/\/abaa.mx\/tienda\/\"},{\"@type\":\"ListItem\",\"position\":3,\"name\":\"Flashlink now 4g-5g registrador en tr\u00e1nsito en tiempo real Modelo 22392\"}]},{\"@type\":\"WebSite\",\"@id\":\"https:\/\/abaa.mx\/tienda\/#website\",\"url\":\"https:\/\/abaa.mx\/tienda\/\",\"name\":\"Abaa tienda online\",\"description\":\"Instrumentos de medici\u00f3n\",\"publisher\":{\"@id\":\"https:\/\/abaa.mx\/tienda\/#organization\"},\"potentialAction\":[{\"@type\":\"SearchAction\",\"target\":{\"@type\":\"EntryPoint\",\"urlTemplate\":\"https:\/\/abaa.mx\/tienda\/?s={search_term_string}\"},\"query-input\":{\"@type\":\"PropertyValueSpecification\",\"valueRequired\":true,\"valueName\":\"search_term_string\"}}],\"inLanguage\":\"es\"},{\"@type\":\"Organization\",\"@id\":\"https:\/\/abaa.mx\/tienda\/#organization\",\"name\":\"Abaa tienda online\",\"url\":\"https:\/\/abaa.mx\/tienda\/\",\"logo\":{\"@type\":\"ImageObject\",\"inLanguage\":\"es\",\"@id\":\"https:\/\/abaa.mx\/tienda\/#\/schema\/logo\/image\/\",\"url\":\"https:\/\/abaa.mx\/tienda\/wp-content\/uploads\/2024\/01\/abaa-metrologia-tienda.png\",\"contentUrl\":\"https:\/\/abaa.mx\/tienda\/wp-content\/uploads\/2024\/01\/abaa-metrologia-tienda.png\",\"width\":300,\"height\":141,\"caption\":\"Abaa tienda online\"},\"image\":{\"@id\":\"https:\/\/abaa.mx\/tienda\/#\/schema\/logo\/image\/\"}}]}<\/script>\n<!-- \/ Yoast SEO plugin. -->","yoast_head_json":{"title":"Flashlink now 4g-5g registrador en tr\u00e1nsito en tiempo real Modelo 22392 - Abaa tienda online","robots":{"index":"index","follow":"follow","max-snippet":"max-snippet:-1","max-image-preview":"max-image-preview:large","max-video-preview":"max-video-preview:-1"},"canonical":"https:\/\/abaa.mx\/tienda\/flashlink-now-4g-5g-registrador-en-transito-en-tiempo-real-modelo-22392\/","og_locale":"es_MX","og_type":"article","og_title":"Flashlink now 4g-5g registrador en tr\u00e1nsito en tiempo real Modelo 22392 - Abaa tienda online","og_description":"Caracter\u00edsticas\u00a0   Pr\u00f3xima generaci\u00f3n de registradores en tiempo real de comunicaciones celulares globales con LCD usando 4G\/5G LTE con respaldo 2G  Supervisa la ubicaci\u00f3n, la temperatura, la humedad, la luz y los golpes.  Administre de manera proactiva la ubicaci\u00f3n y las condiciones del env\u00edo para reducir el riesgo de p\u00e9rdida de productos debido a variaciones de temperatura  La plataforma FlashTrak Cloud Service ofrece diferentes niveles de acceso para optimizar la experiencia del usuario y la integraci\u00f3n de la API en los sistemas del cliente.  El programa receptor FlashTrak permite a los remitentes personalizar el acceso a las alertas y las condiciones de env\u00edo  Opci\u00f3n USB para descargar datos de viaje en PDF en caso de que la red GSM no est\u00e9 disponible  Los sensores de luz lo alertan sobre accesos de seguridad no planificados que reducen y evitan posibles robos de productos durante el transporte Las opciones de servicio de seguimiento a\u00e9reo y mar\u00edtimo garantizan el acceso a diferentes modos de datos integrados de la cadena de suministro","og_url":"https:\/\/abaa.mx\/tienda\/flashlink-now-4g-5g-registrador-en-transito-en-tiempo-real-modelo-22392\/","og_site_name":"Abaa tienda online","article_modified_time":"2023-12-11T15:29:50+00:00","og_image":[{"width":452,"height":452,"url":"https:\/\/abaa.mx\/tienda\/wp-content\/uploads\/2023\/09\/22392.jpg","type":"image\/jpeg"}],"twitter_card":"summary_large_image","twitter_misc":{"Tiempo de lectura":"3 minutos"},"schema":{"@context":"https:\/\/schema.org","@graph":[{"@type":"WebPage","@id":"https:\/\/abaa.mx\/tienda\/flashlink-now-4g-5g-registrador-en-transito-en-tiempo-real-modelo-22392\/","url":"https:\/\/abaa.mx\/tienda\/flashlink-now-4g-5g-registrador-en-transito-en-tiempo-real-modelo-22392\/","name":"Flashlink now 4g-5g registrador en tr\u00e1nsito en tiempo real Modelo 22392 - Abaa tienda online","isPartOf":{"@id":"https:\/\/abaa.mx\/tienda\/#website"},"primaryImageOfPage":{"@id":"https:\/\/abaa.mx\/tienda\/flashlink-now-4g-5g-registrador-en-transito-en-tiempo-real-modelo-22392\/#primaryimage"},"image":{"@id":"https:\/\/abaa.mx\/tienda\/flashlink-now-4g-5g-registrador-en-transito-en-tiempo-real-modelo-22392\/#primaryimage"},"thumbnailUrl":"https:\/\/abaa.mx\/tienda\/wp-content\/uploads\/2023\/09\/22392.jpg","datePublished":"2023-09-15T16:03:57+00:00","dateModified":"2023-12-11T15:29:50+00:00","breadcrumb":{"@id":"https:\/\/abaa.mx\/tienda\/flashlink-now-4g-5g-registrador-en-transito-en-tiempo-real-modelo-22392\/#breadcrumb"},"inLanguage":"es","potentialAction":[{"@type":"ReadAction","target":["https:\/\/abaa.mx\/tienda\/flashlink-now-4g-5g-registrador-en-transito-en-tiempo-real-modelo-22392\/"]}]},{"@type":"ImageObject","inLanguage":"es","@id":"https:\/\/abaa.mx\/tienda\/flashlink-now-4g-5g-registrador-en-transito-en-tiempo-real-modelo-22392\/#primaryimage","url":"https:\/\/abaa.mx\/tienda\/wp-content\/uploads\/2023\/09\/22392.jpg","contentUrl":"https:\/\/abaa.mx\/tienda\/wp-content\/uploads\/2023\/09\/22392.jpg","width":452,"height":452,"caption":"flashlink-now-4g-5g-registrador-en-transito-en-tiempo-real-modelo-22392"},{"@type":"BreadcrumbList","@id":"https:\/\/abaa.mx\/tienda\/flashlink-now-4g-5g-registrador-en-transito-en-tiempo-real-modelo-22392\/#breadcrumb","itemListElement":[{"@type":"ListItem","position":1,"name":"Inicio","item":"https:\/\/abaa.mx\/tienda\/"},{"@type":"ListItem","position":2,"name":"Tienda","item":"https:\/\/abaa.mx\/tienda\/"},{"@type":"ListItem","position":3,"name":"Flashlink now 4g-5g registrador en tr\u00e1nsito en tiempo real Modelo 22392"}]},{"@type":"WebSite","@id":"https:\/\/abaa.mx\/tienda\/#website","url":"https:\/\/abaa.mx\/tienda\/","name":"Abaa tienda online","description":"Instrumentos de medici\u00f3n","publisher":{"@id":"https:\/\/abaa.mx\/tienda\/#organization"},"potentialAction":[{"@type":"SearchAction","target":{"@type":"EntryPoint","urlTemplate":"https:\/\/abaa.mx\/tienda\/?s={search_term_string}"},"query-input":{"@type":"PropertyValueSpecification","valueRequired":true,"valueName":"search_term_string"}}],"inLanguage":"es"},{"@type":"Organization","@id":"https:\/\/abaa.mx\/tienda\/#organization","name":"Abaa tienda online","url":"https:\/\/abaa.mx\/tienda\/","logo":{"@type":"ImageObject","inLanguage":"es","@id":"https:\/\/abaa.mx\/tienda\/#\/schema\/logo\/image\/","url":"https:\/\/abaa.mx\/tienda\/wp-content\/uploads\/2024\/01\/abaa-metrologia-tienda.png","contentUrl":"https:\/\/abaa.mx\/tienda\/wp-content\/uploads\/2024\/01\/abaa-metrologia-tienda.png","width":300,"height":141,"caption":"Abaa tienda online"},"image":{"@id":"https:\/\/abaa.mx\/tienda\/#\/schema\/logo\/image\/"}}]}},"_links":{"self":[{"href":"https:\/\/abaa.mx\/tienda\/wp-json\/wp\/v2\/product\/1671","targetHints":{"allow":["GET"]}}],"collection":[{"href":"https:\/\/abaa.mx\/tienda\/wp-json\/wp\/v2\/product"}],"about":[{"href":"https:\/\/abaa.mx\/tienda\/wp-json\/wp\/v2\/types\/product"}],"replies":[{"embeddable":true,"href":"https:\/\/abaa.mx\/tienda\/wp-json\/wp\/v2\/comments?post=1671"}],"wp:featuredmedia":[{"embeddable":true,"href":"https:\/\/abaa.mx\/tienda\/wp-json\/wp\/v2\/media\/1673"}],"wp:attachment":[{"href":"https:\/\/abaa.mx\/tienda\/wp-json\/wp\/v2\/media?parent=1671"}],"wp:term":[{"taxonomy":"product_brand","embeddable":true,"href":"https:\/\/abaa.mx\/tienda\/wp-json\/wp\/v2\/product_brand?post=1671"},{"taxonomy":"product_cat","embeddable":true,"href":"https:\/\/abaa.mx\/tienda\/wp-json\/wp\/v2\/product_cat?post=1671"},{"taxonomy":"product_tag","embeddable":true,"href":"https:\/\/abaa.mx\/tienda\/wp-json\/wp\/v2\/product_tag?post=1671"}],"curies":[{"name":"wp","href":"https:\/\/api.w.org\/{rel}","templated":true}]}}