{"id":1668,"date":"2023-09-15T15:58:21","date_gmt":"2023-09-15T15:58:21","guid":{"rendered":"https:\/\/abaa.mx\/tienda\/?post_type=product&#038;p=1668"},"modified":"2023-11-28T17:11:54","modified_gmt":"2023-11-28T17:11:54","slug":"flashlink-now-4g-5g-registrador-en-transito-en-tiempo-real-modelo-22390-03","status":"publish","type":"product","link":"https:\/\/abaa.mx\/tienda\/flashlink-now-4g-5g-registrador-en-transito-en-tiempo-real-modelo-22390-03\/","title":{"rendered":"Flashlink now 4g-5g registrador en tr\u00e1nsito en tiempo real Modelo 22390-03"},"content":{"rendered":"<h1>Flashlink\u00a0now 4g\/5g registrador en tr\u00e1nsito en tiempo real<\/h1>\n<h3><strong>Modelo\u00a022390-03<\/strong><\/h3>\n<ul>\n<li>Pr\u00f3xima generaci\u00f3n de registradores en tiempo real de comunicaciones celulares globales con LCD que utilizan 4G\/5G LTE con respaldo 2G.<\/li>\n<li>Supervisa la ubicaci\u00f3n, la temperatura y la luz.<\/li>\n<li>Administre de manera proactiva la ubicaci\u00f3n y las condiciones del env\u00edo para reducir el riesgo de p\u00e9rdida de productos debido a variaciones de temperatura.<\/li>\n<li>La plataforma FlashTrak Cloud Service ofrece diferentes niveles de acceso para optimizar la experiencia del usuario y la integraci\u00f3n de la API en los sistemas del cliente.<\/li>\n<li>El programa receptor FlashTrak permite a los remitentes personalizar el acceso a las alertas y las condiciones de env\u00edo.<\/li>\n<li>Opci\u00f3n USB para descargar datos de viaje en PDF en caso de que la red GSM no est\u00e9 disponible.<\/li>\n<li>Los sensores de luz lo alertan sobre accesos de seguridad no planificados que reducen y evitan posibles robos de productos durante el transporte.<\/li>\n<li>Las opciones de servicio de seguimiento a\u00e9reo y mar\u00edtimo garantizan el acceso a diferentes modos de datos integrados de la cadena de suministro.<\/li>\n<\/ul>\n<div class=\"prod-top\">\n<div class=\"prod-left\">\n<div class=\"prod-app\"><b>Aplicaciones:<\/b> <span style=\"font-family: NonBreakingSpaceOverride, 'Hoefler Text', Garamond, 'Times New Roman', serif; letter-spacing: normal;\">Monitoreo en tiempo real de embarques locales y de exportaci\u00f3n, duraci\u00f3n del viaje hasta 15 d\u00edas.<\/span><\/div>\n<div>\n<p>FlashLink NOW 4G\/5G es el primer registrador en tr\u00e1nsito en tiempo real que cuenta con una gran pantalla LCD, lo que permite a los usuarios ver los datos de viaje almacenados en el dispositivo. Este registrador avanzado utiliza la \u00faltima tecnolog\u00eda para controlar la ubicaci\u00f3n, la temperatura y la luz. Ya sea nacional o de exportaci\u00f3n, este dispositivo permitir\u00e1 a los remitentes y destinatarios ubicar la carga y estimar la llegada. El sensor de luz alerta a las partes interesadas sobre el acceso no autorizado a la carga, lo que reduce la probabilidad de robo durante el transporte.<\/p>\n<p>Con una duraci\u00f3n prolongada de la bater\u00eda, un rango de medici\u00f3n m\u00e1s amplio y una mayor capacidad de memoria, FlashLink NOW supera las expectativas. El dispositivo se puede usar para monitorear productos sensibles a la temperatura con diversos par\u00e1metros y ofrece la opci\u00f3n de descargar un PDF de datos de viaje cuando la se\u00f1al celular no est\u00e1 disponible.<\/p>\n<table>\n<caption>Registrador en tr\u00e1nsito FlashLink RTL Prime<\/caption>\n<thead>\n<tr>\n<th scope=\"col\">Funci\u00f3n<\/th>\n<th scope=\"col\">Especificaci\u00f3n<\/th>\n<\/tr>\n<\/thead>\n<tfoot>\n<tr>\n<td colspan=\"2\"><\/td>\n<\/tr>\n<\/tfoot>\n<tbody>\n<tr>\n<td>Rango de temperatura<\/td>\n<td>-22\u00b0F a 158\u00b0F (-30\u00b0C a 70\u00b0C)<\/td>\n<\/tr>\n<tr>\n<td>Precisi\u00f3n de temperatura<\/td>\n<td>\u00b10.5\u00b0C -10\u00b0C a 45\u00b0C (\u00b10.9\u00b0F 14\u00b0F a 113\u00b0F),<br \/>\n\u00b11.0\u00b0C<br \/>\n(2.0\u00b0F) Otros<\/td>\n<\/tr>\n<tr>\n<td>Resoluci\u00f3n de temperatura<\/td>\n<td>0.1\u00b0F\/\u00b0C<\/td>\n<\/tr>\n<tr>\n<td>Tipo de sensor de temperatura<\/td>\n<td>Sensor de temperatura digital interno (trazable por NIST)<\/td>\n<\/tr>\n<tr>\n<td>Gama de sensores de luz<\/td>\n<td>0 a 52000 lux<\/td>\n<\/tr>\n<tr>\n<td>Precisi\u00f3n de detecci\u00f3n de luz<\/td>\n<td>0,01 lux<\/td>\n<\/tr>\n<tr>\n<td>Tipo de uso<\/td>\n<td>De un solo uso<\/td>\n<\/tr>\n<tr>\n<td>Capacidad de datos<\/td>\n<td>Max 28800 lecturas<\/td>\n<\/tr>\n<tr>\n<td>Intervalo de registro<\/td>\n<td>5 min.<\/td>\n<\/tr>\n<tr>\n<td>Intervalo de carga de datos<\/td>\n<td>15 min.<\/td>\n<\/tr>\n<tr>\n<td>Duraci\u00f3n del viaje<\/td>\n<td>15 d\u00edas (basado en intervalos de registro y carga)<\/td>\n<\/tr>\n<tr>\n<td>Tel\u00e9fono celular<\/td>\n<td>Global LTE Cat-1 para red 4G\/5G, con respaldo 2G<\/td>\n<\/tr>\n<tr>\n<td>S\u00cd<\/td>\n<td>Integrado interno (itinerancia global de datos)<\/td>\n<\/tr>\n<tr>\n<td>Fuente de alimentaci\u00f3n<\/td>\n<td>Bater\u00eda de iones de litio, cumple con UN38.3<\/td>\n<\/tr>\n<tr>\n<td>Vida \u00fatil de la bater\u00eda<\/td>\n<td>1 a\u00f1o<\/td>\n<\/tr>\n<tr>\n<td>Dimensiones del registrador<\/td>\n<td>4,05 pulgadas x 2,41 pulgadas x 1,18 pulgadas (103 mm x 61,3 mm x 30 mm)<\/td>\n<\/tr>\n<tr>\n<td>Peso<\/td>\n<td>130 gramos\u00a0(4,6 onzas)<\/td>\n<\/tr>\n<tr>\n<td>Clasificaci\u00f3n impermeable<\/td>\n<td>IP64<\/td>\n<\/tr>\n<tr>\n<td>Certificaci\u00f3n<\/td>\n<td>Precisi\u00f3n de temperatura rastreable FCC, RoHS, NIST<\/td>\n<\/tr>\n<tr>\n<td>Copia de seguridad de informes en PDF<\/td>\n<td>Cable micro USB a USB para descargar el informe completo del viaje en PDF<\/td>\n<\/tr>\n<\/tbody>\n<\/table>\n<\/div>\n<\/div>\n<\/div>\n<div class=\"prod-bottom\">\n<div class=\"prod-desc\"><\/div>\n<\/div>\n","protected":false},"excerpt":{"rendered":"<h3><strong>Caracter\u00edsticas\u00a0<\/strong><\/h3>\n<ul>\n<li>Pr\u00f3xima generaci\u00f3n de registradores en tiempo real de comunicaciones celulares globales con LCD que utilizan 4G\/5G LTE con respaldo 2G.<\/li>\n<li>Supervisa la ubicaci\u00f3n, la temperatura y la luz.<\/li>\n<li>Administre de manera proactiva la ubicaci\u00f3n y las condiciones del env\u00edo para reducir el riesgo de p\u00e9rdida de productos debido a variaciones de temperatura.<\/li>\n<li>La plataforma FlashTrak Cloud Service ofrece diferentes niveles de acceso para optimizar la experiencia del usuario y la integraci\u00f3n de la API en los sistemas del cliente.<\/li>\n<li>El programa receptor FlashTrak permite a los remitentes personalizar el acceso a las alertas y las condiciones de env\u00edo.<\/li>\n<li>Opci\u00f3n USB para descargar datos de viaje en PDF en caso de que la red GSM no est\u00e9 disponible.<\/li>\n<li>Los sensores de luz lo alertan sobre accesos de seguridad no planificados que reducen y evitan posibles robos de productos durante el transporte.<\/li>\n<li>Las opciones de servicio de seguimiento a\u00e9reo y mar\u00edtimo garantizan el acceso a diferentes modos de datos integrados de la cadena de suministro.<\/li>\n<\/ul>\n","protected":false},"featured_media":1670,"comment_status":"open","ping_status":"closed","template":"","meta":{"_joinchat":[]},"product_brand":[],"product_cat":[15],"product_tag":[],"class_list":{"0":"post-1668","1":"product","2":"type-product","3":"status-publish","4":"has-post-thumbnail","6":"product_cat-sin-categorizar","8":"first","9":"instock","10":"shipping-taxable","11":"product-type-simple"},"yoast_head":"<!-- This site is optimized with the Yoast SEO plugin v26.4 - https:\/\/yoast.com\/wordpress\/plugins\/seo\/ -->\n<title>Flashlink now 4g-5g registrador en tr\u00e1nsito en tiempo real Modelo 22390-03 - Abaa tienda online<\/title>\n<meta name=\"robots\" content=\"index, follow, max-snippet:-1, max-image-preview:large, max-video-preview:-1\" \/>\n<link rel=\"canonical\" href=\"https:\/\/abaa.mx\/tienda\/flashlink-now-4g-5g-registrador-en-transito-en-tiempo-real-modelo-22390-03\/\" \/>\n<meta property=\"og:locale\" content=\"es_MX\" \/>\n<meta property=\"og:type\" content=\"article\" \/>\n<meta property=\"og:title\" content=\"Flashlink now 4g-5g registrador en tr\u00e1nsito en tiempo real Modelo 22390-03 - Abaa tienda online\" \/>\n<meta property=\"og:description\" content=\"Caracter\u00edsticas\u00a0   Pr\u00f3xima generaci\u00f3n de registradores en tiempo real de comunicaciones celulares globales con LCD que utilizan 4G\/5G LTE con respaldo 2G.  Supervisa la ubicaci\u00f3n, la temperatura y la luz.  Administre de manera proactiva la ubicaci\u00f3n y las condiciones del env\u00edo para reducir el riesgo de p\u00e9rdida de productos debido a variaciones de temperatura.  La plataforma FlashTrak Cloud Service ofrece diferentes niveles de acceso para optimizar la experiencia del usuario y la integraci\u00f3n de la API en los sistemas del cliente.  El programa receptor FlashTrak permite a los remitentes personalizar el acceso a las alertas y las condiciones de env\u00edo.  Opci\u00f3n USB para descargar datos de viaje en PDF en caso de que la red GSM no est\u00e9 disponible.  Los sensores de luz lo alertan sobre accesos de seguridad no planificados que reducen y evitan posibles robos de productos durante el transporte.  Las opciones de servicio de seguimiento a\u00e9reo y mar\u00edtimo garantizan el acceso a diferentes modos de datos integrados de la cadena de suministro.\" \/>\n<meta property=\"og:url\" content=\"https:\/\/abaa.mx\/tienda\/flashlink-now-4g-5g-registrador-en-transito-en-tiempo-real-modelo-22390-03\/\" \/>\n<meta property=\"og:site_name\" content=\"Abaa tienda online\" \/>\n<meta property=\"article:modified_time\" content=\"2023-11-28T17:11:54+00:00\" \/>\n<meta property=\"og:image\" content=\"https:\/\/abaa.mx\/tienda\/wp-content\/uploads\/2023\/09\/22390-03.jpg\" \/>\n\t<meta property=\"og:image:width\" content=\"800\" \/>\n\t<meta property=\"og:image:height\" content=\"800\" \/>\n\t<meta property=\"og:image:type\" content=\"image\/jpeg\" \/>\n<meta name=\"twitter:card\" content=\"summary_large_image\" \/>\n<meta name=\"twitter:label1\" content=\"Tiempo de lectura\" \/>\n\t<meta name=\"twitter:data1\" content=\"3 minutos\" \/>\n<script type=\"application\/ld+json\" class=\"yoast-schema-graph\">{\"@context\":\"https:\/\/schema.org\",\"@graph\":[{\"@type\":\"WebPage\",\"@id\":\"https:\/\/abaa.mx\/tienda\/flashlink-now-4g-5g-registrador-en-transito-en-tiempo-real-modelo-22390-03\/\",\"url\":\"https:\/\/abaa.mx\/tienda\/flashlink-now-4g-5g-registrador-en-transito-en-tiempo-real-modelo-22390-03\/\",\"name\":\"Flashlink now 4g-5g registrador en tr\u00e1nsito en tiempo real Modelo 22390-03 - Abaa tienda online\",\"isPartOf\":{\"@id\":\"https:\/\/abaa.mx\/tienda\/#website\"},\"primaryImageOfPage\":{\"@id\":\"https:\/\/abaa.mx\/tienda\/flashlink-now-4g-5g-registrador-en-transito-en-tiempo-real-modelo-22390-03\/#primaryimage\"},\"image\":{\"@id\":\"https:\/\/abaa.mx\/tienda\/flashlink-now-4g-5g-registrador-en-transito-en-tiempo-real-modelo-22390-03\/#primaryimage\"},\"thumbnailUrl\":\"https:\/\/abaa.mx\/tienda\/wp-content\/uploads\/2023\/09\/22390-03.jpg\",\"datePublished\":\"2023-09-15T15:58:21+00:00\",\"dateModified\":\"2023-11-28T17:11:54+00:00\",\"breadcrumb\":{\"@id\":\"https:\/\/abaa.mx\/tienda\/flashlink-now-4g-5g-registrador-en-transito-en-tiempo-real-modelo-22390-03\/#breadcrumb\"},\"inLanguage\":\"es\",\"potentialAction\":[{\"@type\":\"ReadAction\",\"target\":[\"https:\/\/abaa.mx\/tienda\/flashlink-now-4g-5g-registrador-en-transito-en-tiempo-real-modelo-22390-03\/\"]}]},{\"@type\":\"ImageObject\",\"inLanguage\":\"es\",\"@id\":\"https:\/\/abaa.mx\/tienda\/flashlink-now-4g-5g-registrador-en-transito-en-tiempo-real-modelo-22390-03\/#primaryimage\",\"url\":\"https:\/\/abaa.mx\/tienda\/wp-content\/uploads\/2023\/09\/22390-03.jpg\",\"contentUrl\":\"https:\/\/abaa.mx\/tienda\/wp-content\/uploads\/2023\/09\/22390-03.jpg\",\"width\":800,\"height\":800,\"caption\":\"flashlink-now-4g-5g-registrador-en-transito-en-tiempo-real-modelo-22390-03\"},{\"@type\":\"BreadcrumbList\",\"@id\":\"https:\/\/abaa.mx\/tienda\/flashlink-now-4g-5g-registrador-en-transito-en-tiempo-real-modelo-22390-03\/#breadcrumb\",\"itemListElement\":[{\"@type\":\"ListItem\",\"position\":1,\"name\":\"Inicio\",\"item\":\"https:\/\/abaa.mx\/tienda\/\"},{\"@type\":\"ListItem\",\"position\":2,\"name\":\"Tienda\",\"item\":\"https:\/\/abaa.mx\/tienda\/\"},{\"@type\":\"ListItem\",\"position\":3,\"name\":\"Flashlink now 4g-5g registrador en tr\u00e1nsito en tiempo real Modelo 22390-03\"}]},{\"@type\":\"WebSite\",\"@id\":\"https:\/\/abaa.mx\/tienda\/#website\",\"url\":\"https:\/\/abaa.mx\/tienda\/\",\"name\":\"Abaa tienda online\",\"description\":\"Instrumentos de medici\u00f3n\",\"publisher\":{\"@id\":\"https:\/\/abaa.mx\/tienda\/#organization\"},\"potentialAction\":[{\"@type\":\"SearchAction\",\"target\":{\"@type\":\"EntryPoint\",\"urlTemplate\":\"https:\/\/abaa.mx\/tienda\/?s={search_term_string}\"},\"query-input\":{\"@type\":\"PropertyValueSpecification\",\"valueRequired\":true,\"valueName\":\"search_term_string\"}}],\"inLanguage\":\"es\"},{\"@type\":\"Organization\",\"@id\":\"https:\/\/abaa.mx\/tienda\/#organization\",\"name\":\"Abaa tienda online\",\"url\":\"https:\/\/abaa.mx\/tienda\/\",\"logo\":{\"@type\":\"ImageObject\",\"inLanguage\":\"es\",\"@id\":\"https:\/\/abaa.mx\/tienda\/#\/schema\/logo\/image\/\",\"url\":\"https:\/\/abaa.mx\/tienda\/wp-content\/uploads\/2024\/01\/abaa-metrologia-tienda.png\",\"contentUrl\":\"https:\/\/abaa.mx\/tienda\/wp-content\/uploads\/2024\/01\/abaa-metrologia-tienda.png\",\"width\":300,\"height\":141,\"caption\":\"Abaa tienda online\"},\"image\":{\"@id\":\"https:\/\/abaa.mx\/tienda\/#\/schema\/logo\/image\/\"}}]}<\/script>\n<!-- \/ Yoast SEO plugin. -->","yoast_head_json":{"title":"Flashlink now 4g-5g registrador en tr\u00e1nsito en tiempo real Modelo 22390-03 - Abaa tienda online","robots":{"index":"index","follow":"follow","max-snippet":"max-snippet:-1","max-image-preview":"max-image-preview:large","max-video-preview":"max-video-preview:-1"},"canonical":"https:\/\/abaa.mx\/tienda\/flashlink-now-4g-5g-registrador-en-transito-en-tiempo-real-modelo-22390-03\/","og_locale":"es_MX","og_type":"article","og_title":"Flashlink now 4g-5g registrador en tr\u00e1nsito en tiempo real Modelo 22390-03 - Abaa tienda online","og_description":"Caracter\u00edsticas\u00a0   Pr\u00f3xima generaci\u00f3n de registradores en tiempo real de comunicaciones celulares globales con LCD que utilizan 4G\/5G LTE con respaldo 2G.  Supervisa la ubicaci\u00f3n, la temperatura y la luz.  Administre de manera proactiva la ubicaci\u00f3n y las condiciones del env\u00edo para reducir el riesgo de p\u00e9rdida de productos debido a variaciones de temperatura.  La plataforma FlashTrak Cloud Service ofrece diferentes niveles de acceso para optimizar la experiencia del usuario y la integraci\u00f3n de la API en los sistemas del cliente.  El programa receptor FlashTrak permite a los remitentes personalizar el acceso a las alertas y las condiciones de env\u00edo.  Opci\u00f3n USB para descargar datos de viaje en PDF en caso de que la red GSM no est\u00e9 disponible.  Los sensores de luz lo alertan sobre accesos de seguridad no planificados que reducen y evitan posibles robos de productos durante el transporte.  Las opciones de servicio de seguimiento a\u00e9reo y mar\u00edtimo garantizan el acceso a diferentes modos de datos integrados de la cadena de suministro.","og_url":"https:\/\/abaa.mx\/tienda\/flashlink-now-4g-5g-registrador-en-transito-en-tiempo-real-modelo-22390-03\/","og_site_name":"Abaa tienda online","article_modified_time":"2023-11-28T17:11:54+00:00","og_image":[{"width":800,"height":800,"url":"https:\/\/abaa.mx\/tienda\/wp-content\/uploads\/2023\/09\/22390-03.jpg","type":"image\/jpeg"}],"twitter_card":"summary_large_image","twitter_misc":{"Tiempo de lectura":"3 minutos"},"schema":{"@context":"https:\/\/schema.org","@graph":[{"@type":"WebPage","@id":"https:\/\/abaa.mx\/tienda\/flashlink-now-4g-5g-registrador-en-transito-en-tiempo-real-modelo-22390-03\/","url":"https:\/\/abaa.mx\/tienda\/flashlink-now-4g-5g-registrador-en-transito-en-tiempo-real-modelo-22390-03\/","name":"Flashlink now 4g-5g registrador en tr\u00e1nsito en tiempo real Modelo 22390-03 - Abaa tienda online","isPartOf":{"@id":"https:\/\/abaa.mx\/tienda\/#website"},"primaryImageOfPage":{"@id":"https:\/\/abaa.mx\/tienda\/flashlink-now-4g-5g-registrador-en-transito-en-tiempo-real-modelo-22390-03\/#primaryimage"},"image":{"@id":"https:\/\/abaa.mx\/tienda\/flashlink-now-4g-5g-registrador-en-transito-en-tiempo-real-modelo-22390-03\/#primaryimage"},"thumbnailUrl":"https:\/\/abaa.mx\/tienda\/wp-content\/uploads\/2023\/09\/22390-03.jpg","datePublished":"2023-09-15T15:58:21+00:00","dateModified":"2023-11-28T17:11:54+00:00","breadcrumb":{"@id":"https:\/\/abaa.mx\/tienda\/flashlink-now-4g-5g-registrador-en-transito-en-tiempo-real-modelo-22390-03\/#breadcrumb"},"inLanguage":"es","potentialAction":[{"@type":"ReadAction","target":["https:\/\/abaa.mx\/tienda\/flashlink-now-4g-5g-registrador-en-transito-en-tiempo-real-modelo-22390-03\/"]}]},{"@type":"ImageObject","inLanguage":"es","@id":"https:\/\/abaa.mx\/tienda\/flashlink-now-4g-5g-registrador-en-transito-en-tiempo-real-modelo-22390-03\/#primaryimage","url":"https:\/\/abaa.mx\/tienda\/wp-content\/uploads\/2023\/09\/22390-03.jpg","contentUrl":"https:\/\/abaa.mx\/tienda\/wp-content\/uploads\/2023\/09\/22390-03.jpg","width":800,"height":800,"caption":"flashlink-now-4g-5g-registrador-en-transito-en-tiempo-real-modelo-22390-03"},{"@type":"BreadcrumbList","@id":"https:\/\/abaa.mx\/tienda\/flashlink-now-4g-5g-registrador-en-transito-en-tiempo-real-modelo-22390-03\/#breadcrumb","itemListElement":[{"@type":"ListItem","position":1,"name":"Inicio","item":"https:\/\/abaa.mx\/tienda\/"},{"@type":"ListItem","position":2,"name":"Tienda","item":"https:\/\/abaa.mx\/tienda\/"},{"@type":"ListItem","position":3,"name":"Flashlink now 4g-5g registrador en tr\u00e1nsito en tiempo real Modelo 22390-03"}]},{"@type":"WebSite","@id":"https:\/\/abaa.mx\/tienda\/#website","url":"https:\/\/abaa.mx\/tienda\/","name":"Abaa tienda online","description":"Instrumentos de medici\u00f3n","publisher":{"@id":"https:\/\/abaa.mx\/tienda\/#organization"},"potentialAction":[{"@type":"SearchAction","target":{"@type":"EntryPoint","urlTemplate":"https:\/\/abaa.mx\/tienda\/?s={search_term_string}"},"query-input":{"@type":"PropertyValueSpecification","valueRequired":true,"valueName":"search_term_string"}}],"inLanguage":"es"},{"@type":"Organization","@id":"https:\/\/abaa.mx\/tienda\/#organization","name":"Abaa tienda online","url":"https:\/\/abaa.mx\/tienda\/","logo":{"@type":"ImageObject","inLanguage":"es","@id":"https:\/\/abaa.mx\/tienda\/#\/schema\/logo\/image\/","url":"https:\/\/abaa.mx\/tienda\/wp-content\/uploads\/2024\/01\/abaa-metrologia-tienda.png","contentUrl":"https:\/\/abaa.mx\/tienda\/wp-content\/uploads\/2024\/01\/abaa-metrologia-tienda.png","width":300,"height":141,"caption":"Abaa tienda online"},"image":{"@id":"https:\/\/abaa.mx\/tienda\/#\/schema\/logo\/image\/"}}]}},"_links":{"self":[{"href":"https:\/\/abaa.mx\/tienda\/wp-json\/wp\/v2\/product\/1668","targetHints":{"allow":["GET"]}}],"collection":[{"href":"https:\/\/abaa.mx\/tienda\/wp-json\/wp\/v2\/product"}],"about":[{"href":"https:\/\/abaa.mx\/tienda\/wp-json\/wp\/v2\/types\/product"}],"replies":[{"embeddable":true,"href":"https:\/\/abaa.mx\/tienda\/wp-json\/wp\/v2\/comments?post=1668"}],"wp:featuredmedia":[{"embeddable":true,"href":"https:\/\/abaa.mx\/tienda\/wp-json\/wp\/v2\/media\/1670"}],"wp:attachment":[{"href":"https:\/\/abaa.mx\/tienda\/wp-json\/wp\/v2\/media?parent=1668"}],"wp:term":[{"taxonomy":"product_brand","embeddable":true,"href":"https:\/\/abaa.mx\/tienda\/wp-json\/wp\/v2\/product_brand?post=1668"},{"taxonomy":"product_cat","embeddable":true,"href":"https:\/\/abaa.mx\/tienda\/wp-json\/wp\/v2\/product_cat?post=1668"},{"taxonomy":"product_tag","embeddable":true,"href":"https:\/\/abaa.mx\/tienda\/wp-json\/wp\/v2\/product_tag?post=1668"}],"curies":[{"name":"wp","href":"https:\/\/api.w.org\/{rel}","templated":true}]}}