{"id":1630,"date":"2023-09-14T21:54:18","date_gmt":"2023-09-14T21:54:18","guid":{"rendered":"https:\/\/abaa.mx\/tienda\/?post_type=product&#038;p=1630"},"modified":"2024-01-05T20:01:03","modified_gmt":"2024-01-05T20:01:03","slug":"registrador-de-graficos-circulares-de-temperatura-humedad-punto-de-rocio-modelo-14013-14014","status":"publish","type":"product","link":"https:\/\/abaa.mx\/tienda\/registrador-de-graficos-circulares-de-temperatura-humedad-punto-de-rocio-modelo-14013-14014\/","title":{"rendered":"Registrador de gr\u00e1ficos circulares de temperatura-humedad-punto de roc\u00edo Modelo 14013, 14014"},"content":{"rendered":"<h3><strong>Modelo\u00a014013, 14014<\/strong><\/h3>\n<ul>\n<li>Deltatrak tiene a disposici\u00f3n el registrador de 110V &#8211; Modelo 14013 y el registrador de 220V \u2013 Modelo 14014.<\/li>\n<li>Cuentan con una pantalla LCD de f\u00e1cil lectura muestra la temperatura y la humedad.<\/li>\n<li>Incluye una alarma de funci\u00f3n completa.<\/li>\n<li>Adem\u00e1s cuenta con un respaldo de la bater\u00eda por 48 horas en caso de fallo en la alimentaci\u00f3n.<\/li>\n<\/ul>\n<div class=\"prod-top\">\n<div class=\"prod-left\">\n<div class=\"prod-app\"><b>Aplicaciones:<\/b>\u00a0Instalaciones de Almacenamiento Refrigerado, Invernaderos, Instalaciones de Producci\u00f3n de Animales Vivos, Salas de Procesamiento, Laboratorios.<\/div>\n<div>\n<p>El Term\u00f3grafo Circular de Temperatura \/ Humedad \/ Punto de Roc\u00edo de DeltaTrak, Modelo 14013 (110V) y el Modelo 14014 (220V), proporcionan el monitoreo simultaneo de la temperatura y humedad relativa. Este term\u00f3grafo est\u00e1 disponible en cuatro velocidades de gr\u00e1ficos diferentes: 12 horas, 24 horas, 7 d\u00edas y 31 d\u00edas. Los gr\u00e1ficos est\u00e1n disponibles en escala \u00baF o \u00baC. El rango de grabaci\u00f3n del registrador gr\u00e1fico de temperatura es de\u00a0-30 \u00b0C ~ 50 \u00b0C (\u00a0-20 \u00b0F ~ 120 \u00b0F) y con 10%-90% HR. El term\u00f3grafo circular tambi\u00e9n calcula el punto de roc\u00edo. Hay una pantalla LCD de de f\u00e1cil lectura y una funci\u00f3n de alarma audible de funci\u00f3n completa para las variaciones de temperatura.<\/p>\n<p>El term\u00f3grafo circular utiliza un l\u00e1piz rojo para hacer el seguimiento de temperatura y un bol\u00edgrafo azul para rastrear la humedad, graba permanentemente estas medidas en un papel gr\u00e1fico de 6 pulgadas (165mm) de di\u00e1metro. La alimentaci\u00f3n se suministra al registrador de temperatura a trav\u00e9s de un adaptador de plug-in de 110V AC 50\/60 Hz para el Modelo 14013 y un adaptador de 220V AC para el Modelo 14014. La fuente de alimentaci\u00f3n externa puede ser suministrada desde cualquier fuente de 12V DC tales como las bater\u00edas para autom\u00f3viles, marinas u otra bater\u00eda.<\/p>\n<p>La copia de seguridad de la bater\u00eda de 48 horas proporciona energ\u00eda y asegura el funcionamiento del registrador de temperatura durante la p\u00e9rdida temporal de energ\u00eda.<\/p>\n<p>Las aplicaciones para este registrador gr\u00e1fico de temperatura incluyen a las instalaciones de almacenamiento refrigerado, invernaderos, instalaciones de producci\u00f3n de animales vivos, salas de proceso y laboratorios.<\/p>\n<table>\n<caption>Modelo 14013-14014 Registrador de gr\u00e1ficos con sensor de temperatura\/humedad\/punto de roc\u00edo<\/caption>\n<thead>\n<tr>\n<th scope=\"col\">Caracter\u00edstica<\/th>\n<th scope=\"col\">Especificaci\u00f3n<\/th>\n<\/tr>\n<\/thead>\n<tfoot>\n<tr>\n<td colspan=\"2\"><\/td>\n<\/tr>\n<\/tfoot>\n<tbody>\n<tr>\n<td>Rango de temperatura ambiente<\/td>\n<td>0 a +50\u00b0C (+32\u00b0F a +120\u00b0F)<\/td>\n<\/tr>\n<tr>\n<td>Temperatura de Almacenamiento<\/td>\n<td>-18\u00b0C a +50\u00b0C (0\u00b0F a +120\u00b0F)<\/td>\n<\/tr>\n<tr>\n<td>Energ\u00eda Primaria<\/td>\n<td>Modelo 14013 &#8211; 110VAC, 50\/60 Hz Adaptador enchufable. Modelo 14014 &#8211; 220-240VAC, adaptador de 50 Hz.<\/td>\n<\/tr>\n<tr>\n<td>Respaldo Opcional de Energ\u00eda<\/td>\n<td>8 bater\u00edas alcalinas AA (Aprox. 48 Horas)<\/td>\n<\/tr>\n<tr>\n<td>Precisi\u00f3n de la Temperatura<\/td>\n<td>+\/- 1\u00b0C\u00a0 (+\/- 2\u00b0F)<\/td>\n<\/tr>\n<tr>\n<td>Rango de Humedad Relativa<\/td>\n<td>10-90%<\/td>\n<\/tr>\n<tr>\n<td>Precisi\u00f3n de Humedad Relativa<\/td>\n<td>+\/- 3% de 20% a 80% @\u00a025\u00b0C (77.0\u00b0F)<\/td>\n<\/tr>\n<tr>\n<td>Intervalo del Punto de Roc\u00edo<\/td>\n<td>De 0 \u00b0C a +50 \u00b0C (de +32 \u00b0F a +130 \u00b0F)<\/td>\n<\/tr>\n<tr>\n<td>Sensor<\/td>\n<td>En combinaci\u00f3n con la Temperatura\/Humedad con un cable de 6 pies. (la extensi\u00f3n del cable est\u00e1 disponible)<\/td>\n<\/tr>\n<tr>\n<td>Gr\u00e1fico<\/td>\n<td>Gr\u00e1fico Circular de 6 pulg.<\/td>\n<\/tr>\n<tr>\n<td>Velocidades de Rotaci\u00f3n del Gr\u00e1fico<\/td>\n<td>31 D\u00edas, 7 D\u00edas, 24 Horas, 12 Horas, 6 Horas, 3 Horas \u00f3<br \/>\n1.5 Horas<\/td>\n<\/tr>\n<tr>\n<td>Modo de Rotaci\u00f3n de Gr\u00e1fico<\/td>\n<td>Seleccionable por el usuario \u2014 Una sola vuelta o Continuo<\/td>\n<\/tr>\n<tr>\n<td>Precisi\u00f3n de la Velocidad del Gr\u00e1fico<\/td>\n<td>+\/- 1%<\/td>\n<\/tr>\n<tr>\n<td>Pantalla<\/td>\n<td>Pantalla LCD alfanum\u00e9rica con luz de fondo, 16 caracteres y 2 l\u00edneas<\/td>\n<\/tr>\n<tr>\n<td>Intervalo de la Alarma de Temperatura<\/td>\n<td>-20\u00b0F a +120\u00b0F (-30\u00b0C a +50\u00b0C)<\/td>\n<\/tr>\n<tr>\n<td>Intervalo de Retraso de la Alarma<\/td>\n<td>Seleccionable por el usuario: Sin Retraso, 10 Min., 30 Min., 1 Hr. o 2 Hr.<\/td>\n<\/tr>\n<tr>\n<td>Conexi\u00f3n de Alarma Remota<\/td>\n<td>Contactos normalmente abiertos 48V AC\/ DC, 0.1 Amp., contactos secos<\/td>\n<\/tr>\n<tr>\n<td>Montaje<\/td>\n<td>Vertical u Horizontal; De pie o montado en la pared<\/td>\n<\/tr>\n<tr>\n<td>Dimensiones<\/td>\n<td>23,5 cm x 18,4 cm x 6,9 cm (9,25&#8243; x 7,25&#8243; x 2,75&#8243;)<\/td>\n<\/tr>\n<tr>\n<td>Peso<\/td>\n<td>1. 133 kg (2,5 lb)<\/td>\n<\/tr>\n<tr>\n<td>Consumo de Energ\u00eda<\/td>\n<td>3.5 Watts m\u00e1ximo<\/td>\n<\/tr>\n<\/tbody>\n<\/table>\n<\/div>\n<\/div>\n<\/div>\n<div class=\"prod-bottom\">\n<div class=\"prod-desc\"><\/div>\n<\/div>\n","protected":false},"excerpt":{"rendered":"<h3>Caracter\u00edsticas<\/h3>\n<ul>\n<li>Deltatrak tiene a disposici\u00f3n el registrador de 110V &#8211; Modelo 14013 y el registrador de 220V \u2013 Modelo 14014.<\/li>\n<li>Cuentan con una pantalla LCD de f\u00e1cil lectura muestra la temperatura y la humedad.<\/li>\n<li>Incluye una alarma de funci\u00f3n completa.<\/li>\n<li>Adem\u00e1s cuenta con un respaldo de la bater\u00eda por 48 horas en caso de fallo en la alimentaci\u00f3n.<\/li>\n<\/ul>\n","protected":false},"featured_media":1633,"comment_status":"open","ping_status":"closed","template":"","meta":{"_joinchat":[]},"product_brand":[],"product_cat":[15],"product_tag":[],"class_list":{"0":"post-1630","1":"product","2":"type-product","3":"status-publish","4":"has-post-thumbnail","6":"product_cat-sin-categorizar","8":"first","9":"instock","10":"shipping-taxable","11":"product-type-simple"},"yoast_head":"<!-- This site is optimized with the Yoast SEO plugin v26.4 - https:\/\/yoast.com\/wordpress\/plugins\/seo\/ -->\n<title>Registrador de gr\u00e1ficos circulares de temperatura-humedad-punto de roc\u00edo Modelo 14013, 14014 - Abaa tienda online<\/title>\n<meta name=\"robots\" content=\"index, follow, max-snippet:-1, max-image-preview:large, max-video-preview:-1\" \/>\n<link rel=\"canonical\" href=\"https:\/\/abaa.mx\/tienda\/registrador-de-graficos-circulares-de-temperatura-humedad-punto-de-rocio-modelo-14013-14014\/\" \/>\n<meta property=\"og:locale\" content=\"es_MX\" \/>\n<meta property=\"og:type\" content=\"article\" \/>\n<meta property=\"og:title\" content=\"Registrador de gr\u00e1ficos circulares de temperatura-humedad-punto de roc\u00edo Modelo 14013, 14014 - Abaa tienda online\" \/>\n<meta property=\"og:description\" content=\"Caracter\u00edsticas   Deltatrak tiene a disposici\u00f3n el registrador de 110V - Modelo 14013 y el registrador de 220V \u2013 Modelo 14014.  Cuentan con una pantalla LCD de f\u00e1cil lectura muestra la temperatura y la humedad.  Incluye una alarma de funci\u00f3n completa.  Adem\u00e1s cuenta con un respaldo de la bater\u00eda por 48 horas en caso de fallo en la alimentaci\u00f3n.\" \/>\n<meta property=\"og:url\" content=\"https:\/\/abaa.mx\/tienda\/registrador-de-graficos-circulares-de-temperatura-humedad-punto-de-rocio-modelo-14013-14014\/\" \/>\n<meta property=\"og:site_name\" content=\"Abaa tienda online\" \/>\n<meta property=\"article:modified_time\" content=\"2024-01-05T20:01:03+00:00\" \/>\n<meta property=\"og:image\" content=\"https:\/\/abaa.mx\/tienda\/wp-content\/uploads\/2023\/09\/14013-14014.jpg\" \/>\n\t<meta property=\"og:image:width\" content=\"397\" \/>\n\t<meta property=\"og:image:height\" content=\"397\" \/>\n\t<meta property=\"og:image:type\" content=\"image\/jpeg\" \/>\n<meta name=\"twitter:card\" content=\"summary_large_image\" \/>\n<meta name=\"twitter:label1\" content=\"Tiempo de lectura\" \/>\n\t<meta name=\"twitter:data1\" content=\"3 minutos\" \/>\n<script type=\"application\/ld+json\" class=\"yoast-schema-graph\">{\"@context\":\"https:\/\/schema.org\",\"@graph\":[{\"@type\":\"WebPage\",\"@id\":\"https:\/\/abaa.mx\/tienda\/registrador-de-graficos-circulares-de-temperatura-humedad-punto-de-rocio-modelo-14013-14014\/\",\"url\":\"https:\/\/abaa.mx\/tienda\/registrador-de-graficos-circulares-de-temperatura-humedad-punto-de-rocio-modelo-14013-14014\/\",\"name\":\"Registrador de gr\u00e1ficos circulares de temperatura-humedad-punto de roc\u00edo Modelo 14013, 14014 - Abaa tienda online\",\"isPartOf\":{\"@id\":\"https:\/\/abaa.mx\/tienda\/#website\"},\"primaryImageOfPage\":{\"@id\":\"https:\/\/abaa.mx\/tienda\/registrador-de-graficos-circulares-de-temperatura-humedad-punto-de-rocio-modelo-14013-14014\/#primaryimage\"},\"image\":{\"@id\":\"https:\/\/abaa.mx\/tienda\/registrador-de-graficos-circulares-de-temperatura-humedad-punto-de-rocio-modelo-14013-14014\/#primaryimage\"},\"thumbnailUrl\":\"https:\/\/abaa.mx\/tienda\/wp-content\/uploads\/2023\/09\/14013-14014.jpg\",\"datePublished\":\"2023-09-14T21:54:18+00:00\",\"dateModified\":\"2024-01-05T20:01:03+00:00\",\"breadcrumb\":{\"@id\":\"https:\/\/abaa.mx\/tienda\/registrador-de-graficos-circulares-de-temperatura-humedad-punto-de-rocio-modelo-14013-14014\/#breadcrumb\"},\"inLanguage\":\"es\",\"potentialAction\":[{\"@type\":\"ReadAction\",\"target\":[\"https:\/\/abaa.mx\/tienda\/registrador-de-graficos-circulares-de-temperatura-humedad-punto-de-rocio-modelo-14013-14014\/\"]}]},{\"@type\":\"ImageObject\",\"inLanguage\":\"es\",\"@id\":\"https:\/\/abaa.mx\/tienda\/registrador-de-graficos-circulares-de-temperatura-humedad-punto-de-rocio-modelo-14013-14014\/#primaryimage\",\"url\":\"https:\/\/abaa.mx\/tienda\/wp-content\/uploads\/2023\/09\/14013-14014.jpg\",\"contentUrl\":\"https:\/\/abaa.mx\/tienda\/wp-content\/uploads\/2023\/09\/14013-14014.jpg\",\"width\":397,\"height\":397,\"caption\":\"registrador-de-graficos-circulares-de-temperatura-humedad-punto-de-rocio-modelo-14013-14014\"},{\"@type\":\"BreadcrumbList\",\"@id\":\"https:\/\/abaa.mx\/tienda\/registrador-de-graficos-circulares-de-temperatura-humedad-punto-de-rocio-modelo-14013-14014\/#breadcrumb\",\"itemListElement\":[{\"@type\":\"ListItem\",\"position\":1,\"name\":\"Inicio\",\"item\":\"https:\/\/abaa.mx\/tienda\/\"},{\"@type\":\"ListItem\",\"position\":2,\"name\":\"Tienda\",\"item\":\"https:\/\/abaa.mx\/tienda\/\"},{\"@type\":\"ListItem\",\"position\":3,\"name\":\"Registrador de gr\u00e1ficos circulares de temperatura-humedad-punto de roc\u00edo Modelo 14013, 14014\"}]},{\"@type\":\"WebSite\",\"@id\":\"https:\/\/abaa.mx\/tienda\/#website\",\"url\":\"https:\/\/abaa.mx\/tienda\/\",\"name\":\"Abaa tienda online\",\"description\":\"Instrumentos de medici\u00f3n\",\"publisher\":{\"@id\":\"https:\/\/abaa.mx\/tienda\/#organization\"},\"potentialAction\":[{\"@type\":\"SearchAction\",\"target\":{\"@type\":\"EntryPoint\",\"urlTemplate\":\"https:\/\/abaa.mx\/tienda\/?s={search_term_string}\"},\"query-input\":{\"@type\":\"PropertyValueSpecification\",\"valueRequired\":true,\"valueName\":\"search_term_string\"}}],\"inLanguage\":\"es\"},{\"@type\":\"Organization\",\"@id\":\"https:\/\/abaa.mx\/tienda\/#organization\",\"name\":\"Abaa tienda online\",\"url\":\"https:\/\/abaa.mx\/tienda\/\",\"logo\":{\"@type\":\"ImageObject\",\"inLanguage\":\"es\",\"@id\":\"https:\/\/abaa.mx\/tienda\/#\/schema\/logo\/image\/\",\"url\":\"https:\/\/abaa.mx\/tienda\/wp-content\/uploads\/2024\/01\/abaa-metrologia-tienda.png\",\"contentUrl\":\"https:\/\/abaa.mx\/tienda\/wp-content\/uploads\/2024\/01\/abaa-metrologia-tienda.png\",\"width\":300,\"height\":141,\"caption\":\"Abaa tienda online\"},\"image\":{\"@id\":\"https:\/\/abaa.mx\/tienda\/#\/schema\/logo\/image\/\"}}]}<\/script>\n<!-- \/ Yoast SEO plugin. -->","yoast_head_json":{"title":"Registrador de gr\u00e1ficos circulares de temperatura-humedad-punto de roc\u00edo Modelo 14013, 14014 - Abaa tienda online","robots":{"index":"index","follow":"follow","max-snippet":"max-snippet:-1","max-image-preview":"max-image-preview:large","max-video-preview":"max-video-preview:-1"},"canonical":"https:\/\/abaa.mx\/tienda\/registrador-de-graficos-circulares-de-temperatura-humedad-punto-de-rocio-modelo-14013-14014\/","og_locale":"es_MX","og_type":"article","og_title":"Registrador de gr\u00e1ficos circulares de temperatura-humedad-punto de roc\u00edo Modelo 14013, 14014 - Abaa tienda online","og_description":"Caracter\u00edsticas   Deltatrak tiene a disposici\u00f3n el registrador de 110V - Modelo 14013 y el registrador de 220V \u2013 Modelo 14014.  Cuentan con una pantalla LCD de f\u00e1cil lectura muestra la temperatura y la humedad.  Incluye una alarma de funci\u00f3n completa.  Adem\u00e1s cuenta con un respaldo de la bater\u00eda por 48 horas en caso de fallo en la alimentaci\u00f3n.","og_url":"https:\/\/abaa.mx\/tienda\/registrador-de-graficos-circulares-de-temperatura-humedad-punto-de-rocio-modelo-14013-14014\/","og_site_name":"Abaa tienda online","article_modified_time":"2024-01-05T20:01:03+00:00","og_image":[{"width":397,"height":397,"url":"https:\/\/abaa.mx\/tienda\/wp-content\/uploads\/2023\/09\/14013-14014.jpg","type":"image\/jpeg"}],"twitter_card":"summary_large_image","twitter_misc":{"Tiempo de lectura":"3 minutos"},"schema":{"@context":"https:\/\/schema.org","@graph":[{"@type":"WebPage","@id":"https:\/\/abaa.mx\/tienda\/registrador-de-graficos-circulares-de-temperatura-humedad-punto-de-rocio-modelo-14013-14014\/","url":"https:\/\/abaa.mx\/tienda\/registrador-de-graficos-circulares-de-temperatura-humedad-punto-de-rocio-modelo-14013-14014\/","name":"Registrador de gr\u00e1ficos circulares de temperatura-humedad-punto de roc\u00edo Modelo 14013, 14014 - Abaa tienda online","isPartOf":{"@id":"https:\/\/abaa.mx\/tienda\/#website"},"primaryImageOfPage":{"@id":"https:\/\/abaa.mx\/tienda\/registrador-de-graficos-circulares-de-temperatura-humedad-punto-de-rocio-modelo-14013-14014\/#primaryimage"},"image":{"@id":"https:\/\/abaa.mx\/tienda\/registrador-de-graficos-circulares-de-temperatura-humedad-punto-de-rocio-modelo-14013-14014\/#primaryimage"},"thumbnailUrl":"https:\/\/abaa.mx\/tienda\/wp-content\/uploads\/2023\/09\/14013-14014.jpg","datePublished":"2023-09-14T21:54:18+00:00","dateModified":"2024-01-05T20:01:03+00:00","breadcrumb":{"@id":"https:\/\/abaa.mx\/tienda\/registrador-de-graficos-circulares-de-temperatura-humedad-punto-de-rocio-modelo-14013-14014\/#breadcrumb"},"inLanguage":"es","potentialAction":[{"@type":"ReadAction","target":["https:\/\/abaa.mx\/tienda\/registrador-de-graficos-circulares-de-temperatura-humedad-punto-de-rocio-modelo-14013-14014\/"]}]},{"@type":"ImageObject","inLanguage":"es","@id":"https:\/\/abaa.mx\/tienda\/registrador-de-graficos-circulares-de-temperatura-humedad-punto-de-rocio-modelo-14013-14014\/#primaryimage","url":"https:\/\/abaa.mx\/tienda\/wp-content\/uploads\/2023\/09\/14013-14014.jpg","contentUrl":"https:\/\/abaa.mx\/tienda\/wp-content\/uploads\/2023\/09\/14013-14014.jpg","width":397,"height":397,"caption":"registrador-de-graficos-circulares-de-temperatura-humedad-punto-de-rocio-modelo-14013-14014"},{"@type":"BreadcrumbList","@id":"https:\/\/abaa.mx\/tienda\/registrador-de-graficos-circulares-de-temperatura-humedad-punto-de-rocio-modelo-14013-14014\/#breadcrumb","itemListElement":[{"@type":"ListItem","position":1,"name":"Inicio","item":"https:\/\/abaa.mx\/tienda\/"},{"@type":"ListItem","position":2,"name":"Tienda","item":"https:\/\/abaa.mx\/tienda\/"},{"@type":"ListItem","position":3,"name":"Registrador de gr\u00e1ficos circulares de temperatura-humedad-punto de roc\u00edo Modelo 14013, 14014"}]},{"@type":"WebSite","@id":"https:\/\/abaa.mx\/tienda\/#website","url":"https:\/\/abaa.mx\/tienda\/","name":"Abaa tienda online","description":"Instrumentos de medici\u00f3n","publisher":{"@id":"https:\/\/abaa.mx\/tienda\/#organization"},"potentialAction":[{"@type":"SearchAction","target":{"@type":"EntryPoint","urlTemplate":"https:\/\/abaa.mx\/tienda\/?s={search_term_string}"},"query-input":{"@type":"PropertyValueSpecification","valueRequired":true,"valueName":"search_term_string"}}],"inLanguage":"es"},{"@type":"Organization","@id":"https:\/\/abaa.mx\/tienda\/#organization","name":"Abaa tienda online","url":"https:\/\/abaa.mx\/tienda\/","logo":{"@type":"ImageObject","inLanguage":"es","@id":"https:\/\/abaa.mx\/tienda\/#\/schema\/logo\/image\/","url":"https:\/\/abaa.mx\/tienda\/wp-content\/uploads\/2024\/01\/abaa-metrologia-tienda.png","contentUrl":"https:\/\/abaa.mx\/tienda\/wp-content\/uploads\/2024\/01\/abaa-metrologia-tienda.png","width":300,"height":141,"caption":"Abaa tienda online"},"image":{"@id":"https:\/\/abaa.mx\/tienda\/#\/schema\/logo\/image\/"}}]}},"_links":{"self":[{"href":"https:\/\/abaa.mx\/tienda\/wp-json\/wp\/v2\/product\/1630","targetHints":{"allow":["GET"]}}],"collection":[{"href":"https:\/\/abaa.mx\/tienda\/wp-json\/wp\/v2\/product"}],"about":[{"href":"https:\/\/abaa.mx\/tienda\/wp-json\/wp\/v2\/types\/product"}],"replies":[{"embeddable":true,"href":"https:\/\/abaa.mx\/tienda\/wp-json\/wp\/v2\/comments?post=1630"}],"wp:featuredmedia":[{"embeddable":true,"href":"https:\/\/abaa.mx\/tienda\/wp-json\/wp\/v2\/media\/1633"}],"wp:attachment":[{"href":"https:\/\/abaa.mx\/tienda\/wp-json\/wp\/v2\/media?parent=1630"}],"wp:term":[{"taxonomy":"product_brand","embeddable":true,"href":"https:\/\/abaa.mx\/tienda\/wp-json\/wp\/v2\/product_brand?post=1630"},{"taxonomy":"product_cat","embeddable":true,"href":"https:\/\/abaa.mx\/tienda\/wp-json\/wp\/v2\/product_cat?post=1630"},{"taxonomy":"product_tag","embeddable":true,"href":"https:\/\/abaa.mx\/tienda\/wp-json\/wp\/v2\/product_tag?post=1630"}],"curies":[{"name":"wp","href":"https:\/\/api.w.org\/{rel}","templated":true}]}}