{"id":1622,"date":"2023-09-14T21:35:02","date_gmt":"2023-09-14T21:35:02","guid":{"rendered":"https:\/\/abaa.mx\/tienda\/?post_type=product&#038;p=1622"},"modified":"2023-09-14T21:35:02","modified_gmt":"2023-09-14T21:35:02","slug":"termometro-para-refrigerador-y-congelador-modelo-29006","status":"publish","type":"product","link":"https:\/\/abaa.mx\/tienda\/termometro-para-refrigerador-y-congelador-modelo-29006\/","title":{"rendered":"Term\u00f3metro para refrigerador y congelador Modelo 29006"},"content":{"rendered":"<h1>Term\u00f3metro para refrigerador y congelador<\/h1>\n<h3><strong>Modelo\u00a029006<\/strong><\/h3>\n<ul>\n<li>acero inoxidable.<\/li>\n<li>Las lecturas en Fahrenheit o Celsius.<\/li>\n<li>F\u00e1cil de leer.<\/li>\n<\/ul>\n<div class=\"prod-top\">\n<div class=\"prod-left\">\n<div class=\"prod-app\"><b>Aplicaciones:<\/b> Establecimientos de Alimentos, Centros de Distribuci\u00f3n, Almacenamiento en Fr\u00edo, Instalaciones de Procesamiento.<\/div>\n<div>\n<p>El term\u00f3metro de refrigerador y congelador (modelo 29006) mide de -40\u00b0F a 80\u00b0F (-40\u00b0C a 27\u00b0C). Est\u00e1 hecho de acero inoxidable y es f\u00e1cil de leer. Los n\u00fameros que se utilizan para ajustar la temperatura en la mayor\u00eda de los refrigeradores y congeladores s\u00f3lo suben o bajan la temperatura. Por lo general, no reflejan las temperaturas reales en sus refrigeradores y congeladores. Una medida diferente puede ser necesaria para controlar y mantener la temperatura real. Utilice este term\u00f3metro, (con lecturas en Fahrenheit o Celsius) para asegurar que su refrigerador y el congelador est\u00e9n a la temperatura correcta.<\/p>\n<p>Aplicaciones: Los n\u00fameros que se utilizan para ajustar la temperatura en la mayor\u00eda de los refrigeradores s\u00f3lo suben o bajan la temperatura. Por lo general, no reflejan las temperaturas reales. Una medida diferente puede ser necesaria para controlar y mantener la temperatura real. El uso de un term\u00f3metro de refrigerador es la \u00fanica manera de asegurar que su refrigerador est\u00e9 a la temperatura correcta.<\/p>\n<div class=\"prod-desc\">\n<p>La temperatura del refrigerador a 40\u00b0F o m\u00e1s baja es la recomendada para retardar el crecimiento de bacterias y mantener la calidad de los alimentos. Por otro lado, se congela a 32\u00baF. En consecuencia ajustar el refrigerador entre 32\u00b0F y 40\u00b0F para evitar su congelaci\u00f3n, tales como la congelaci\u00f3n de la leche.<\/p>\n<table>\n<caption>Modelo 29006 Term\u00f3metro Frigor\u00edfico-Congelador<\/caption>\n<thead>\n<tr>\n<th scope=\"col\">Caracter\u00edstica<\/th>\n<th scope=\"col\">Especificaci\u00f3n<\/th>\n<\/tr>\n<\/thead>\n<tfoot>\n<tr>\n<td colspan=\"2\"><\/td>\n<\/tr>\n<\/tfoot>\n<tbody>\n<tr>\n<td>Rango de temperatura<\/td>\n<td>-40\u00b0F a 80\u00b0F<br \/>\n-40\u00b0C a 27\u00b0C<\/td>\n<\/tr>\n<tr>\n<td>Precisi\u00f3n de temperatura<\/td>\n<td>\u00b12\u00b0F (\u00b11\u00b0C)<\/td>\n<\/tr>\n<tr>\n<td>Dimensiones<\/td>\n<td>120 mm x 30 mm<\/td>\n<\/tr>\n<tr>\n<td>Material<\/td>\n<td>Polycarbonato (no-merc\u00farico)<\/td>\n<\/tr>\n<\/tbody>\n<\/table>\n<\/div>\n<\/div>\n<\/div>\n<\/div>\n<div class=\"prod-bottom\">\n<div class=\"prod-desc\"><\/div>\n<\/div>\n","protected":false},"excerpt":{"rendered":"<h3><strong>Caracter\u00edsticas\u00a0<\/strong><\/h3>\n<ul>\n<li>acero inoxidable<\/li>\n<li>Las lecturas en Fahrenheit o Celsius<\/li>\n<li>F\u00e1cil de leer<\/li>\n<\/ul>\n","protected":false},"featured_media":1625,"comment_status":"open","ping_status":"closed","template":"","meta":{"_joinchat":[]},"product_brand":[],"product_cat":[15],"product_tag":[],"class_list":{"0":"post-1622","1":"product","2":"type-product","3":"status-publish","4":"has-post-thumbnail","6":"product_cat-sin-categorizar","8":"first","9":"instock","10":"shipping-taxable","11":"product-type-simple"},"yoast_head":"<!-- This site is optimized with the Yoast SEO plugin v26.4 - https:\/\/yoast.com\/wordpress\/plugins\/seo\/ -->\n<title>Term\u00f3metro para refrigerador y congelador Modelo 29006 - Abaa tienda online<\/title>\n<meta name=\"robots\" content=\"index, follow, max-snippet:-1, max-image-preview:large, max-video-preview:-1\" \/>\n<link rel=\"canonical\" href=\"https:\/\/abaa.mx\/tienda\/termometro-para-refrigerador-y-congelador-modelo-29006\/\" \/>\n<meta property=\"og:locale\" content=\"es_MX\" \/>\n<meta property=\"og:type\" content=\"article\" \/>\n<meta property=\"og:title\" content=\"Term\u00f3metro para refrigerador y congelador Modelo 29006 - Abaa tienda online\" \/>\n<meta property=\"og:description\" content=\"Caracter\u00edsticas\u00a0   acero inoxidable  Las lecturas en Fahrenheit o Celsius  F\u00e1cil de leer\" \/>\n<meta property=\"og:url\" content=\"https:\/\/abaa.mx\/tienda\/termometro-para-refrigerador-y-congelador-modelo-29006\/\" \/>\n<meta property=\"og:site_name\" content=\"Abaa tienda online\" \/>\n<meta property=\"og:image\" content=\"https:\/\/abaa.mx\/tienda\/wp-content\/uploads\/2023\/09\/29006.jpg\" \/>\n\t<meta property=\"og:image:width\" content=\"300\" \/>\n\t<meta property=\"og:image:height\" content=\"300\" \/>\n\t<meta property=\"og:image:type\" content=\"image\/jpeg\" \/>\n<meta name=\"twitter:card\" content=\"summary_large_image\" \/>\n<meta name=\"twitter:label1\" content=\"Tiempo de lectura\" \/>\n\t<meta name=\"twitter:data1\" content=\"2 minutos\" \/>\n<script type=\"application\/ld+json\" class=\"yoast-schema-graph\">{\"@context\":\"https:\/\/schema.org\",\"@graph\":[{\"@type\":\"WebPage\",\"@id\":\"https:\/\/abaa.mx\/tienda\/termometro-para-refrigerador-y-congelador-modelo-29006\/\",\"url\":\"https:\/\/abaa.mx\/tienda\/termometro-para-refrigerador-y-congelador-modelo-29006\/\",\"name\":\"Term\u00f3metro para refrigerador y congelador Modelo 29006 - Abaa tienda online\",\"isPartOf\":{\"@id\":\"https:\/\/abaa.mx\/tienda\/#website\"},\"primaryImageOfPage\":{\"@id\":\"https:\/\/abaa.mx\/tienda\/termometro-para-refrigerador-y-congelador-modelo-29006\/#primaryimage\"},\"image\":{\"@id\":\"https:\/\/abaa.mx\/tienda\/termometro-para-refrigerador-y-congelador-modelo-29006\/#primaryimage\"},\"thumbnailUrl\":\"https:\/\/abaa.mx\/tienda\/wp-content\/uploads\/2023\/09\/29006.jpg\",\"datePublished\":\"2023-09-14T21:35:02+00:00\",\"breadcrumb\":{\"@id\":\"https:\/\/abaa.mx\/tienda\/termometro-para-refrigerador-y-congelador-modelo-29006\/#breadcrumb\"},\"inLanguage\":\"es\",\"potentialAction\":[{\"@type\":\"ReadAction\",\"target\":[\"https:\/\/abaa.mx\/tienda\/termometro-para-refrigerador-y-congelador-modelo-29006\/\"]}]},{\"@type\":\"ImageObject\",\"inLanguage\":\"es\",\"@id\":\"https:\/\/abaa.mx\/tienda\/termometro-para-refrigerador-y-congelador-modelo-29006\/#primaryimage\",\"url\":\"https:\/\/abaa.mx\/tienda\/wp-content\/uploads\/2023\/09\/29006.jpg\",\"contentUrl\":\"https:\/\/abaa.mx\/tienda\/wp-content\/uploads\/2023\/09\/29006.jpg\",\"width\":300,\"height\":300,\"caption\":\"termometro-para-refrigerador-y-congelador-modelo-29006\"},{\"@type\":\"BreadcrumbList\",\"@id\":\"https:\/\/abaa.mx\/tienda\/termometro-para-refrigerador-y-congelador-modelo-29006\/#breadcrumb\",\"itemListElement\":[{\"@type\":\"ListItem\",\"position\":1,\"name\":\"Inicio\",\"item\":\"https:\/\/abaa.mx\/tienda\/\"},{\"@type\":\"ListItem\",\"position\":2,\"name\":\"Tienda\",\"item\":\"https:\/\/abaa.mx\/tienda\/\"},{\"@type\":\"ListItem\",\"position\":3,\"name\":\"Term\u00f3metro para refrigerador y congelador Modelo 29006\"}]},{\"@type\":\"WebSite\",\"@id\":\"https:\/\/abaa.mx\/tienda\/#website\",\"url\":\"https:\/\/abaa.mx\/tienda\/\",\"name\":\"Abaa tienda online\",\"description\":\"Instrumentos de medici\u00f3n\",\"publisher\":{\"@id\":\"https:\/\/abaa.mx\/tienda\/#organization\"},\"potentialAction\":[{\"@type\":\"SearchAction\",\"target\":{\"@type\":\"EntryPoint\",\"urlTemplate\":\"https:\/\/abaa.mx\/tienda\/?s={search_term_string}\"},\"query-input\":{\"@type\":\"PropertyValueSpecification\",\"valueRequired\":true,\"valueName\":\"search_term_string\"}}],\"inLanguage\":\"es\"},{\"@type\":\"Organization\",\"@id\":\"https:\/\/abaa.mx\/tienda\/#organization\",\"name\":\"Abaa tienda online\",\"url\":\"https:\/\/abaa.mx\/tienda\/\",\"logo\":{\"@type\":\"ImageObject\",\"inLanguage\":\"es\",\"@id\":\"https:\/\/abaa.mx\/tienda\/#\/schema\/logo\/image\/\",\"url\":\"https:\/\/abaa.mx\/tienda\/wp-content\/uploads\/2024\/01\/abaa-metrologia-tienda.png\",\"contentUrl\":\"https:\/\/abaa.mx\/tienda\/wp-content\/uploads\/2024\/01\/abaa-metrologia-tienda.png\",\"width\":300,\"height\":141,\"caption\":\"Abaa tienda online\"},\"image\":{\"@id\":\"https:\/\/abaa.mx\/tienda\/#\/schema\/logo\/image\/\"}}]}<\/script>\n<!-- \/ Yoast SEO plugin. -->","yoast_head_json":{"title":"Term\u00f3metro para refrigerador y congelador Modelo 29006 - Abaa tienda online","robots":{"index":"index","follow":"follow","max-snippet":"max-snippet:-1","max-image-preview":"max-image-preview:large","max-video-preview":"max-video-preview:-1"},"canonical":"https:\/\/abaa.mx\/tienda\/termometro-para-refrigerador-y-congelador-modelo-29006\/","og_locale":"es_MX","og_type":"article","og_title":"Term\u00f3metro para refrigerador y congelador Modelo 29006 - Abaa tienda online","og_description":"Caracter\u00edsticas\u00a0   acero inoxidable  Las lecturas en Fahrenheit o Celsius  F\u00e1cil de leer","og_url":"https:\/\/abaa.mx\/tienda\/termometro-para-refrigerador-y-congelador-modelo-29006\/","og_site_name":"Abaa tienda online","og_image":[{"width":300,"height":300,"url":"https:\/\/abaa.mx\/tienda\/wp-content\/uploads\/2023\/09\/29006.jpg","type":"image\/jpeg"}],"twitter_card":"summary_large_image","twitter_misc":{"Tiempo de lectura":"2 minutos"},"schema":{"@context":"https:\/\/schema.org","@graph":[{"@type":"WebPage","@id":"https:\/\/abaa.mx\/tienda\/termometro-para-refrigerador-y-congelador-modelo-29006\/","url":"https:\/\/abaa.mx\/tienda\/termometro-para-refrigerador-y-congelador-modelo-29006\/","name":"Term\u00f3metro para refrigerador y congelador Modelo 29006 - Abaa tienda online","isPartOf":{"@id":"https:\/\/abaa.mx\/tienda\/#website"},"primaryImageOfPage":{"@id":"https:\/\/abaa.mx\/tienda\/termometro-para-refrigerador-y-congelador-modelo-29006\/#primaryimage"},"image":{"@id":"https:\/\/abaa.mx\/tienda\/termometro-para-refrigerador-y-congelador-modelo-29006\/#primaryimage"},"thumbnailUrl":"https:\/\/abaa.mx\/tienda\/wp-content\/uploads\/2023\/09\/29006.jpg","datePublished":"2023-09-14T21:35:02+00:00","breadcrumb":{"@id":"https:\/\/abaa.mx\/tienda\/termometro-para-refrigerador-y-congelador-modelo-29006\/#breadcrumb"},"inLanguage":"es","potentialAction":[{"@type":"ReadAction","target":["https:\/\/abaa.mx\/tienda\/termometro-para-refrigerador-y-congelador-modelo-29006\/"]}]},{"@type":"ImageObject","inLanguage":"es","@id":"https:\/\/abaa.mx\/tienda\/termometro-para-refrigerador-y-congelador-modelo-29006\/#primaryimage","url":"https:\/\/abaa.mx\/tienda\/wp-content\/uploads\/2023\/09\/29006.jpg","contentUrl":"https:\/\/abaa.mx\/tienda\/wp-content\/uploads\/2023\/09\/29006.jpg","width":300,"height":300,"caption":"termometro-para-refrigerador-y-congelador-modelo-29006"},{"@type":"BreadcrumbList","@id":"https:\/\/abaa.mx\/tienda\/termometro-para-refrigerador-y-congelador-modelo-29006\/#breadcrumb","itemListElement":[{"@type":"ListItem","position":1,"name":"Inicio","item":"https:\/\/abaa.mx\/tienda\/"},{"@type":"ListItem","position":2,"name":"Tienda","item":"https:\/\/abaa.mx\/tienda\/"},{"@type":"ListItem","position":3,"name":"Term\u00f3metro para refrigerador y congelador Modelo 29006"}]},{"@type":"WebSite","@id":"https:\/\/abaa.mx\/tienda\/#website","url":"https:\/\/abaa.mx\/tienda\/","name":"Abaa tienda online","description":"Instrumentos de medici\u00f3n","publisher":{"@id":"https:\/\/abaa.mx\/tienda\/#organization"},"potentialAction":[{"@type":"SearchAction","target":{"@type":"EntryPoint","urlTemplate":"https:\/\/abaa.mx\/tienda\/?s={search_term_string}"},"query-input":{"@type":"PropertyValueSpecification","valueRequired":true,"valueName":"search_term_string"}}],"inLanguage":"es"},{"@type":"Organization","@id":"https:\/\/abaa.mx\/tienda\/#organization","name":"Abaa tienda online","url":"https:\/\/abaa.mx\/tienda\/","logo":{"@type":"ImageObject","inLanguage":"es","@id":"https:\/\/abaa.mx\/tienda\/#\/schema\/logo\/image\/","url":"https:\/\/abaa.mx\/tienda\/wp-content\/uploads\/2024\/01\/abaa-metrologia-tienda.png","contentUrl":"https:\/\/abaa.mx\/tienda\/wp-content\/uploads\/2024\/01\/abaa-metrologia-tienda.png","width":300,"height":141,"caption":"Abaa tienda online"},"image":{"@id":"https:\/\/abaa.mx\/tienda\/#\/schema\/logo\/image\/"}}]}},"_links":{"self":[{"href":"https:\/\/abaa.mx\/tienda\/wp-json\/wp\/v2\/product\/1622","targetHints":{"allow":["GET"]}}],"collection":[{"href":"https:\/\/abaa.mx\/tienda\/wp-json\/wp\/v2\/product"}],"about":[{"href":"https:\/\/abaa.mx\/tienda\/wp-json\/wp\/v2\/types\/product"}],"replies":[{"embeddable":true,"href":"https:\/\/abaa.mx\/tienda\/wp-json\/wp\/v2\/comments?post=1622"}],"wp:featuredmedia":[{"embeddable":true,"href":"https:\/\/abaa.mx\/tienda\/wp-json\/wp\/v2\/media\/1625"}],"wp:attachment":[{"href":"https:\/\/abaa.mx\/tienda\/wp-json\/wp\/v2\/media?parent=1622"}],"wp:term":[{"taxonomy":"product_brand","embeddable":true,"href":"https:\/\/abaa.mx\/tienda\/wp-json\/wp\/v2\/product_brand?post=1622"},{"taxonomy":"product_cat","embeddable":true,"href":"https:\/\/abaa.mx\/tienda\/wp-json\/wp\/v2\/product_cat?post=1622"},{"taxonomy":"product_tag","embeddable":true,"href":"https:\/\/abaa.mx\/tienda\/wp-json\/wp\/v2\/product_tag?post=1622"}],"curies":[{"name":"wp","href":"https:\/\/api.w.org\/{rel}","templated":true}]}}