{"id":1565,"date":"2023-09-14T19:32:46","date_gmt":"2023-09-14T19:32:46","guid":{"rendered":"https:\/\/abaa.mx\/tienda\/?post_type=product&#038;p=1565"},"modified":"2023-09-14T19:32:47","modified_gmt":"2023-09-14T19:32:47","slug":"termometro-de-pistola-infrarroja-modelo-15041","status":"publish","type":"product","link":"https:\/\/abaa.mx\/tienda\/termometro-de-pistola-infrarroja-modelo-15041\/","title":{"rendered":"Term\u00f3metro de pistola infrarroja Modelo 15041"},"content":{"rendered":"<h1>Term\u00f3metro de pistola infrarroja<\/h1>\n<h3><strong>Modelo\u00a015041<\/strong><\/h3>\n<ul>\n<li>Cuenta con una emisividad fija de 0.95.<\/li>\n<li>Sensor IR: Medici\u00f3n de la temperatura de la superficie de manera instant\u00e1nea y sin contacto.<\/li>\n<li>Cuenta con escala dual intercambiable de \u00b0C \/ \u00b0F<\/li>\n<li>Con la funci\u00f3n de retenci\u00f3n autom\u00e1tica de los datos.<\/li>\n<li>Cuenta con una pantalla jumbo de LCD \u2013 Con luz brillante de fondo<\/li>\n<li>Avalado por el Laboratorio Nacional de Est\u00e1ndares de Trazabilidad.<\/li>\n<li><b>Aplicaciones:<\/b> Establecimientos de Alimentos, Centros de Distribuci\u00f3n, Almacenamiento en Fr\u00edo, Instalaciones de Procesamiento, Productos en Movimiento, \u00c1reas Dif\u00edciles de Alcanzar.<\/li>\n<\/ul>\n<p>El Term\u00f3metro Infrarrojo de Pistola ThermoTrace, modelo 15041, es un term\u00f3metro compacto, preciso y confiable dise\u00f1ado para una mayor durabilidad. Dise\u00f1ado principalmente para uso en entornos de servicio de alimentos, este dispositivo cuenta con una gran pantalla con iluminaci\u00f3n de fondo. Su alcance de campo de visi\u00f3n es de 12:1, con un c\u00f3modo dise\u00f1o de pistola de mano y un intervalo amplio de temperaturas, lo que lo hace ideal para aplicaciones de seguridad de alimentos (HACCP). El intervalo de medici\u00f3n del Term\u00f3metro Infrarrojo de Pistola ThermoTrace es de -76 \u00b0F a 932 \u00b0F (-60 \u00b0C a 500 \u00b0C). El modelo 15041 es la herramienta perfecta para el monitoreo de la temperatura sin contacto. Con el respaldo de los servicios y de garant\u00eda sin igual de DeltaTrak, esta unidad es la herramienta de medici\u00f3n de temperatura de la superficie final.<\/p>\n<table>\n<caption>Modelo 15041 Term\u00f3metro infrarrojo de pistola ThermoTrace<\/caption>\n<thead>\n<tr>\n<th scope=\"col\">Caracter\u00edstica<\/th>\n<th scope=\"col\">Especificaci\u00f3n<\/th>\n<\/tr>\n<\/thead>\n<tfoot>\n<tr>\n<td colspan=\"2\"><\/td>\n<\/tr>\n<\/tfoot>\n<tbody>\n<tr>\n<td>Intervalo de Medici\u00f3n<\/td>\n<td>-76\u00b0F a 932\u00b0F (-60\u00b0C a 500\u00b0C)<\/td>\n<\/tr>\n<tr>\n<td>Intervalo de Operaci\u00f3n<\/td>\n<td>De 32 \u00b0C a 122 \u00b0C (de 0 \u00b0F a 50 \u00b0F)<\/td>\n<\/tr>\n<tr>\n<td>Precisi\u00f3n<\/td>\n<td>\u00b14 \u00b0F de -76 \u00b0F a 14 \u00b0F ( \u00b12 \u00b0C de -60 \u00b0C a -10 \u00b0C)<br \/>\n\u00b12 \u00b0F de 14 \u00b0F a 95 \u00b0F ( \u00b11 \u00b0C de -10 a 35 \u00b0C)<br \/>\n\u00b14 \u00b0F de 95 \u00b0F a 932 \u00b0F ( \u00b12 \u00b0C de 35 \u00b0C a 500 \u00b0C) o 2% de lo que la lectura es mayor<\/td>\n<\/tr>\n<tr>\n<td>Emisividad<\/td>\n<td>Ajustada a 0.95<\/td>\n<\/tr>\n<tr>\n<td>Resoluci\u00f3n de la Pantalla (-9.9 \u00b0C ~ 199.9 \u00b0C)<\/td>\n<td>0.1 \u00b0F \/ 0.1 \u00b0C, de otro modo 1 \u00b0F \/ 1 \u00b0C<\/td>\n<\/tr>\n<tr>\n<td>Tiempo de Respuesta (90%)<\/td>\n<td>1 segundo<\/td>\n<\/tr>\n<tr>\n<td>Campo de Visi\u00f3n<\/td>\n<td>Distancia con relaci\u00f3n al punto de 12:1<\/td>\n<\/tr>\n<tr>\n<td>Bater\u00eda<\/td>\n<td>AAA x 2 piezas \/ 14-18 horas continuas de uso<\/td>\n<\/tr>\n<tr>\n<td>Apagado Autom\u00e1tico<\/td>\n<td>Despu\u00e9s de 15 segundos de inactividad<\/td>\n<\/tr>\n<tr>\n<td>Dimensiones<\/td>\n<td>175,2 x 39,0 x 71,9 mm (6,9 x 1,54 x 2,83&#8243;)<\/td>\n<\/tr>\n<tr>\n<td>Peso<\/td>\n<td>179 gramos (6.31oz) incluyendo baterias<\/td>\n<\/tr>\n<\/tbody>\n<\/table>\n","protected":false},"excerpt":{"rendered":"<h3><strong>Caracter\u00edsticas\u00a0<\/strong><\/h3>\n<ul>\n<li>Cuenta con una emisividad fija de 0.95.<\/li>\n<li>Sensor IR: Medici\u00f3n de la temperatura de la superficie de manera instant\u00e1nea y sin contacto.<\/li>\n<li>Cuenta con escala dual intercambiable de \u00b0C \/ \u00b0F<\/li>\n<li>Con la funci\u00f3n de retenci\u00f3n autom\u00e1tica de los datos.<\/li>\n<li>Cuenta con una pantalla jumbo de LCD \u2013 Con luz brillante de fondo<\/li>\n<li>Avalado por el Laboratorio Nacional de Est\u00e1ndares de Trazabilidad.<\/li>\n<\/ul>\n","protected":false},"featured_media":1568,"comment_status":"open","ping_status":"closed","template":"","meta":{"_joinchat":[]},"product_brand":[],"product_cat":[15],"product_tag":[],"class_list":{"0":"post-1565","1":"product","2":"type-product","3":"status-publish","4":"has-post-thumbnail","6":"product_cat-sin-categorizar","8":"first","9":"instock","10":"shipping-taxable","11":"product-type-simple"},"yoast_head":"<!-- This site is optimized with the Yoast SEO plugin v26.4 - https:\/\/yoast.com\/wordpress\/plugins\/seo\/ -->\n<title>Term\u00f3metro de pistola infrarroja Modelo 15041 - Abaa tienda online<\/title>\n<meta name=\"robots\" content=\"index, follow, max-snippet:-1, max-image-preview:large, max-video-preview:-1\" \/>\n<link rel=\"canonical\" href=\"https:\/\/abaa.mx\/tienda\/termometro-de-pistola-infrarroja-modelo-15041\/\" \/>\n<meta property=\"og:locale\" content=\"es_MX\" \/>\n<meta property=\"og:type\" content=\"article\" \/>\n<meta property=\"og:title\" content=\"Term\u00f3metro de pistola infrarroja Modelo 15041 - Abaa tienda online\" \/>\n<meta property=\"og:description\" content=\"Caracter\u00edsticas\u00a0   Cuenta con una emisividad fija de 0.95.  Sensor IR: Medici\u00f3n de la temperatura de la superficie de manera instant\u00e1nea y sin contacto.  Cuenta con escala dual intercambiable de \u00b0C \/ \u00b0F  Con la funci\u00f3n de retenci\u00f3n autom\u00e1tica de los datos.  Cuenta con una pantalla jumbo de LCD \u2013 Con luz brillante de fondo  Avalado por el Laboratorio Nacional de Est\u00e1ndares de Trazabilidad.\" \/>\n<meta property=\"og:url\" content=\"https:\/\/abaa.mx\/tienda\/termometro-de-pistola-infrarroja-modelo-15041\/\" \/>\n<meta property=\"og:site_name\" content=\"Abaa tienda online\" \/>\n<meta property=\"article:modified_time\" content=\"2023-09-14T19:32:47+00:00\" \/>\n<meta property=\"og:image\" content=\"https:\/\/abaa.mx\/tienda\/wp-content\/uploads\/2023\/09\/15041.jpg\" \/>\n\t<meta property=\"og:image:width\" content=\"600\" \/>\n\t<meta property=\"og:image:height\" content=\"600\" \/>\n\t<meta property=\"og:image:type\" content=\"image\/jpeg\" \/>\n<meta name=\"twitter:card\" content=\"summary_large_image\" \/>\n<meta name=\"twitter:label1\" content=\"Tiempo de lectura\" \/>\n\t<meta name=\"twitter:data1\" content=\"2 minutos\" \/>\n<script type=\"application\/ld+json\" class=\"yoast-schema-graph\">{\"@context\":\"https:\/\/schema.org\",\"@graph\":[{\"@type\":\"WebPage\",\"@id\":\"https:\/\/abaa.mx\/tienda\/termometro-de-pistola-infrarroja-modelo-15041\/\",\"url\":\"https:\/\/abaa.mx\/tienda\/termometro-de-pistola-infrarroja-modelo-15041\/\",\"name\":\"Term\u00f3metro de pistola infrarroja Modelo 15041 - Abaa tienda online\",\"isPartOf\":{\"@id\":\"https:\/\/abaa.mx\/tienda\/#website\"},\"primaryImageOfPage\":{\"@id\":\"https:\/\/abaa.mx\/tienda\/termometro-de-pistola-infrarroja-modelo-15041\/#primaryimage\"},\"image\":{\"@id\":\"https:\/\/abaa.mx\/tienda\/termometro-de-pistola-infrarroja-modelo-15041\/#primaryimage\"},\"thumbnailUrl\":\"https:\/\/abaa.mx\/tienda\/wp-content\/uploads\/2023\/09\/15041.jpg\",\"datePublished\":\"2023-09-14T19:32:46+00:00\",\"dateModified\":\"2023-09-14T19:32:47+00:00\",\"breadcrumb\":{\"@id\":\"https:\/\/abaa.mx\/tienda\/termometro-de-pistola-infrarroja-modelo-15041\/#breadcrumb\"},\"inLanguage\":\"es\",\"potentialAction\":[{\"@type\":\"ReadAction\",\"target\":[\"https:\/\/abaa.mx\/tienda\/termometro-de-pistola-infrarroja-modelo-15041\/\"]}]},{\"@type\":\"ImageObject\",\"inLanguage\":\"es\",\"@id\":\"https:\/\/abaa.mx\/tienda\/termometro-de-pistola-infrarroja-modelo-15041\/#primaryimage\",\"url\":\"https:\/\/abaa.mx\/tienda\/wp-content\/uploads\/2023\/09\/15041.jpg\",\"contentUrl\":\"https:\/\/abaa.mx\/tienda\/wp-content\/uploads\/2023\/09\/15041.jpg\",\"width\":600,\"height\":600,\"caption\":\"termometro-de-pistola-infrarroja-modelo-15041\"},{\"@type\":\"BreadcrumbList\",\"@id\":\"https:\/\/abaa.mx\/tienda\/termometro-de-pistola-infrarroja-modelo-15041\/#breadcrumb\",\"itemListElement\":[{\"@type\":\"ListItem\",\"position\":1,\"name\":\"Inicio\",\"item\":\"https:\/\/abaa.mx\/tienda\/\"},{\"@type\":\"ListItem\",\"position\":2,\"name\":\"Tienda\",\"item\":\"https:\/\/abaa.mx\/tienda\/\"},{\"@type\":\"ListItem\",\"position\":3,\"name\":\"Term\u00f3metro de pistola infrarroja Modelo 15041\"}]},{\"@type\":\"WebSite\",\"@id\":\"https:\/\/abaa.mx\/tienda\/#website\",\"url\":\"https:\/\/abaa.mx\/tienda\/\",\"name\":\"Abaa tienda online\",\"description\":\"Instrumentos de medici\u00f3n\",\"publisher\":{\"@id\":\"https:\/\/abaa.mx\/tienda\/#organization\"},\"potentialAction\":[{\"@type\":\"SearchAction\",\"target\":{\"@type\":\"EntryPoint\",\"urlTemplate\":\"https:\/\/abaa.mx\/tienda\/?s={search_term_string}\"},\"query-input\":{\"@type\":\"PropertyValueSpecification\",\"valueRequired\":true,\"valueName\":\"search_term_string\"}}],\"inLanguage\":\"es\"},{\"@type\":\"Organization\",\"@id\":\"https:\/\/abaa.mx\/tienda\/#organization\",\"name\":\"Abaa tienda online\",\"url\":\"https:\/\/abaa.mx\/tienda\/\",\"logo\":{\"@type\":\"ImageObject\",\"inLanguage\":\"es\",\"@id\":\"https:\/\/abaa.mx\/tienda\/#\/schema\/logo\/image\/\",\"url\":\"https:\/\/abaa.mx\/tienda\/wp-content\/uploads\/2024\/01\/abaa-metrologia-tienda.png\",\"contentUrl\":\"https:\/\/abaa.mx\/tienda\/wp-content\/uploads\/2024\/01\/abaa-metrologia-tienda.png\",\"width\":300,\"height\":141,\"caption\":\"Abaa tienda online\"},\"image\":{\"@id\":\"https:\/\/abaa.mx\/tienda\/#\/schema\/logo\/image\/\"}}]}<\/script>\n<!-- \/ Yoast SEO plugin. -->","yoast_head_json":{"title":"Term\u00f3metro de pistola infrarroja Modelo 15041 - Abaa tienda online","robots":{"index":"index","follow":"follow","max-snippet":"max-snippet:-1","max-image-preview":"max-image-preview:large","max-video-preview":"max-video-preview:-1"},"canonical":"https:\/\/abaa.mx\/tienda\/termometro-de-pistola-infrarroja-modelo-15041\/","og_locale":"es_MX","og_type":"article","og_title":"Term\u00f3metro de pistola infrarroja Modelo 15041 - Abaa tienda online","og_description":"Caracter\u00edsticas\u00a0   Cuenta con una emisividad fija de 0.95.  Sensor IR: Medici\u00f3n de la temperatura de la superficie de manera instant\u00e1nea y sin contacto.  Cuenta con escala dual intercambiable de \u00b0C \/ \u00b0F  Con la funci\u00f3n de retenci\u00f3n autom\u00e1tica de los datos.  Cuenta con una pantalla jumbo de LCD \u2013 Con luz brillante de fondo  Avalado por el Laboratorio Nacional de Est\u00e1ndares de Trazabilidad.","og_url":"https:\/\/abaa.mx\/tienda\/termometro-de-pistola-infrarroja-modelo-15041\/","og_site_name":"Abaa tienda online","article_modified_time":"2023-09-14T19:32:47+00:00","og_image":[{"width":600,"height":600,"url":"https:\/\/abaa.mx\/tienda\/wp-content\/uploads\/2023\/09\/15041.jpg","type":"image\/jpeg"}],"twitter_card":"summary_large_image","twitter_misc":{"Tiempo de lectura":"2 minutos"},"schema":{"@context":"https:\/\/schema.org","@graph":[{"@type":"WebPage","@id":"https:\/\/abaa.mx\/tienda\/termometro-de-pistola-infrarroja-modelo-15041\/","url":"https:\/\/abaa.mx\/tienda\/termometro-de-pistola-infrarroja-modelo-15041\/","name":"Term\u00f3metro de pistola infrarroja Modelo 15041 - Abaa tienda online","isPartOf":{"@id":"https:\/\/abaa.mx\/tienda\/#website"},"primaryImageOfPage":{"@id":"https:\/\/abaa.mx\/tienda\/termometro-de-pistola-infrarroja-modelo-15041\/#primaryimage"},"image":{"@id":"https:\/\/abaa.mx\/tienda\/termometro-de-pistola-infrarroja-modelo-15041\/#primaryimage"},"thumbnailUrl":"https:\/\/abaa.mx\/tienda\/wp-content\/uploads\/2023\/09\/15041.jpg","datePublished":"2023-09-14T19:32:46+00:00","dateModified":"2023-09-14T19:32:47+00:00","breadcrumb":{"@id":"https:\/\/abaa.mx\/tienda\/termometro-de-pistola-infrarroja-modelo-15041\/#breadcrumb"},"inLanguage":"es","potentialAction":[{"@type":"ReadAction","target":["https:\/\/abaa.mx\/tienda\/termometro-de-pistola-infrarroja-modelo-15041\/"]}]},{"@type":"ImageObject","inLanguage":"es","@id":"https:\/\/abaa.mx\/tienda\/termometro-de-pistola-infrarroja-modelo-15041\/#primaryimage","url":"https:\/\/abaa.mx\/tienda\/wp-content\/uploads\/2023\/09\/15041.jpg","contentUrl":"https:\/\/abaa.mx\/tienda\/wp-content\/uploads\/2023\/09\/15041.jpg","width":600,"height":600,"caption":"termometro-de-pistola-infrarroja-modelo-15041"},{"@type":"BreadcrumbList","@id":"https:\/\/abaa.mx\/tienda\/termometro-de-pistola-infrarroja-modelo-15041\/#breadcrumb","itemListElement":[{"@type":"ListItem","position":1,"name":"Inicio","item":"https:\/\/abaa.mx\/tienda\/"},{"@type":"ListItem","position":2,"name":"Tienda","item":"https:\/\/abaa.mx\/tienda\/"},{"@type":"ListItem","position":3,"name":"Term\u00f3metro de pistola infrarroja Modelo 15041"}]},{"@type":"WebSite","@id":"https:\/\/abaa.mx\/tienda\/#website","url":"https:\/\/abaa.mx\/tienda\/","name":"Abaa tienda online","description":"Instrumentos de medici\u00f3n","publisher":{"@id":"https:\/\/abaa.mx\/tienda\/#organization"},"potentialAction":[{"@type":"SearchAction","target":{"@type":"EntryPoint","urlTemplate":"https:\/\/abaa.mx\/tienda\/?s={search_term_string}"},"query-input":{"@type":"PropertyValueSpecification","valueRequired":true,"valueName":"search_term_string"}}],"inLanguage":"es"},{"@type":"Organization","@id":"https:\/\/abaa.mx\/tienda\/#organization","name":"Abaa tienda online","url":"https:\/\/abaa.mx\/tienda\/","logo":{"@type":"ImageObject","inLanguage":"es","@id":"https:\/\/abaa.mx\/tienda\/#\/schema\/logo\/image\/","url":"https:\/\/abaa.mx\/tienda\/wp-content\/uploads\/2024\/01\/abaa-metrologia-tienda.png","contentUrl":"https:\/\/abaa.mx\/tienda\/wp-content\/uploads\/2024\/01\/abaa-metrologia-tienda.png","width":300,"height":141,"caption":"Abaa tienda online"},"image":{"@id":"https:\/\/abaa.mx\/tienda\/#\/schema\/logo\/image\/"}}]}},"_links":{"self":[{"href":"https:\/\/abaa.mx\/tienda\/wp-json\/wp\/v2\/product\/1565","targetHints":{"allow":["GET"]}}],"collection":[{"href":"https:\/\/abaa.mx\/tienda\/wp-json\/wp\/v2\/product"}],"about":[{"href":"https:\/\/abaa.mx\/tienda\/wp-json\/wp\/v2\/types\/product"}],"replies":[{"embeddable":true,"href":"https:\/\/abaa.mx\/tienda\/wp-json\/wp\/v2\/comments?post=1565"}],"wp:featuredmedia":[{"embeddable":true,"href":"https:\/\/abaa.mx\/tienda\/wp-json\/wp\/v2\/media\/1568"}],"wp:attachment":[{"href":"https:\/\/abaa.mx\/tienda\/wp-json\/wp\/v2\/media?parent=1565"}],"wp:term":[{"taxonomy":"product_brand","embeddable":true,"href":"https:\/\/abaa.mx\/tienda\/wp-json\/wp\/v2\/product_brand?post=1565"},{"taxonomy":"product_cat","embeddable":true,"href":"https:\/\/abaa.mx\/tienda\/wp-json\/wp\/v2\/product_cat?post=1565"},{"taxonomy":"product_tag","embeddable":true,"href":"https:\/\/abaa.mx\/tienda\/wp-json\/wp\/v2\/product_tag?post=1565"}],"curies":[{"name":"wp","href":"https:\/\/api.w.org\/{rel}","templated":true}]}}