{"id":1521,"date":"2023-09-14T17:12:11","date_gmt":"2023-09-14T17:12:11","guid":{"rendered":"https:\/\/abaa.mx\/tienda\/?post_type=product&#038;p=1521"},"modified":"2023-09-14T17:12:11","modified_gmt":"2023-09-14T17:12:11","slug":"termometro-digital-de-alarma-flashcheck-min-max-modelo-12217","status":"publish","type":"product","link":"https:\/\/abaa.mx\/tienda\/termometro-digital-de-alarma-flashcheck-min-max-modelo-12217\/","title":{"rendered":"Term\u00f3metro digital de alarma flashcheck min-max Modelo 12217"},"content":{"rendered":"<h1>Term\u00f3metro digital de alarma flashcheck\u00a0min-max<\/h1>\n<h3><strong>Modelo\u00a012217<\/strong><\/h3>\n<ul>\n<li>Rango de medici\u00f3n de -58 \u00b0 F a 158 \u00b0 F (-50 \u00b0 C a 70 \u00b0 C)<\/li>\n<li>Altamente preciso hasta \u00b1 1 \u00b0 F (\u00b1 0.5 \u00b0 C)<\/li>\n<li>Configuraciones\u00a0alta\/baja de alarma<\/li>\n<li>Memoria m\u00ednima \/ m\u00e1xima almacena lecturas m\u00e1s bajas \/ m\u00e1s altas<\/li>\n<li>El conector chapado en oro est\u00e9reo reduce las lecturas defectuosas<\/li>\n<li>Jumbo LCD<\/li>\n<li>Escala seleccionable de \u00b0 F \/ \u00b0 C<\/li>\n<li>Sensor de punta chata con cable resistente a la tensi\u00f3n de 10 pies (3 metros)<\/li>\n<li>Fuerte fijaci\u00f3n magn\u00e9tica y soporte plegable<\/li>\n<li>Conserva la configuraci\u00f3n durante el cambio de bater\u00eda<\/li>\n<li>Alarmas de retardo configurables con zumbador audible y \/ o luz intermitente<\/li>\n<li><span>M\u00e1s de 1 a\u00f1o de monitoreo continuo.<\/span><\/li>\n<\/ul>\n<p>El 12217 es una herramienta de aseguramiento de calidad econ\u00f3mica y conveniente para el monitoreo continuo de ambientes con temperatura controlada o para la verificaci\u00f3n de \u00e1reas espec\u00edficas. El cable del sensor est\u00e9reo chapado en oro garantiza lecturas de temperatura precisas y confiables. La memoria m\u00ednima \/ m\u00e1xima almacena las lecturas m\u00e1s bajas y m\u00e1s altas para la recuperaci\u00f3n instant\u00e1nea. Las alarmas se alertan con una alarma audible y \/ o visual. Cuenta con una sonda de acero inoxidable de respuesta r\u00e1pida con un cable duradero de 10 pies (3 metros) que se separa de la unidad base para una f\u00e1cil instalaci\u00f3n.<\/p>\n<table>\n<caption>Modelo 12217 Term\u00f3metro digital de alarma m\u00ednima-m\u00e1xima<\/caption>\n<thead>\n<tr>\n<th scope=\"col\">Funci\u00f3n<\/th>\n<th scope=\"col\">Especificaci\u00f3n<\/th>\n<\/tr>\n<\/thead>\n<tfoot>\n<tr>\n<td colspan=\"2\"><span>DeltaTrak fabrica productos bajo un sistema de gesti\u00f3n de calidad registrado ISO 9001: 2015<\/span><\/td>\n<\/tr>\n<\/tfoot>\n<tbody>\n<tr>\n<td>Rango de Medicion<\/td>\n<td>-58\u00b0F a 158\u00b0F (-50\u00b0C a 70\u00b0C)<\/td>\n<\/tr>\n<tr>\n<td>Rango de Operaci\u00f3n<\/td>\n<td>De 14\u00b0F a 122\u00b0F (-10\u00b0C a 50\u00b0C)<\/td>\n<\/tr>\n<tr>\n<td>Precisi\u00f3n<\/td>\n<td>\u00b1 1.0\u00b0F (-22\u00b0F a 131\u00b0F) \u00b1 0.5\u00b0C (-30\u00b0C a 55\u00b0C); de lo contrario \u00b1 1.8 \u00b0F (\u00b1 1.0 \u00b0C)<\/td>\n<\/tr>\n<tr>\n<td>Resoluci\u00f3n de Pantalla<\/td>\n<td>0.1\u00b0F\/\u00b0C<\/td>\n<\/tr>\n<tr>\n<td>Actualizaci\u00f3n de Lectura<\/td>\n<td>17 segundos<\/td>\n<\/tr>\n<tr>\n<td>Tama\u00f1o de Pantalla<\/td>\n<td>1.92 pulgadas de ancho x 2.08 pulgadas de largo (49 mm de ancho x 53 mm de largo)<\/td>\n<\/tr>\n<tr>\n<td>Tama\u00f1o del instrumento<\/td>\n<td>2.99 pulgadas de ancho x 3.74 pulgadas de largo x 0.74 pulgadas de profundidad (76 mm de ancho x 95 mm de largo x 19 mm de profundidad)<\/td>\n<\/tr>\n<tr>\n<td>Vivienda<\/td>\n<td>Pol\u00edmero ABS, resistente a productos qu\u00edmicos y de alto impacto.<\/td>\n<\/tr>\n<tr>\n<td>Sensor<\/td>\n<td>Termistor<\/td>\n<\/tr>\n<tr>\n<td>Tipo \/ Tama\u00f1o de Aguja Externa<\/td>\n<td>Acero inoxidable, 0.7in L x 0.2in Dia (17.8mm L x 5mm D\u00eda)<\/td>\n<\/tr>\n<tr>\n<td>Sensor de cable<\/td>\n<td>9.84 pies x 0.08 pulgadas de di\u00e1metro (3 metros x 2 mm de di\u00e1metro)<\/td>\n<\/tr>\n<tr>\n<td>Bater\u00eda<\/td>\n<td>Bater\u00eda AA, reemplazable por el usuario<\/td>\n<\/tr>\n<tr>\n<td>Certificaci\u00f3n \/ Calibraci\u00f3n<\/td>\n<td>\n<span>Marca CE, NIST rastreable, RoHS, WEEE<\/span><\/td>\n<\/tr>\n<\/tbody>\n<\/table>\n","protected":false},"excerpt":{"rendered":"<div class=\"prod-intro\">\n<ul>\n<li>Rango de medici\u00f3n de -58 \u00b0 F a 158 \u00b0 F (-50 \u00b0 C a 70 \u00b0 C)<\/li>\n<li>Altamente preciso hasta \u00b1 1 \u00b0 F (\u00b1 0.5 \u00b0 C)<\/li>\n<li>Configuraciones\u00a0alta\/baja de alarma<\/li>\n<li>Memoria m\u00ednima \/ m\u00e1xima almacena lecturas m\u00e1s bajas \/ m\u00e1s altas<\/li>\n<li>El conector chapado en oro est\u00e9reo reduce las lecturas defectuosas<\/li>\n<li>Jumbo LCD<\/li>\n<li>Escala seleccionable de \u00b0 F \/ \u00b0 C<\/li>\n<li>Sensor de punta chata con cable resistente a la tensi\u00f3n de 10 pies (3 metros)<\/li>\n<li>Fuerte fijaci\u00f3n magn\u00e9tica y soporte plegable<\/li>\n<li>Conserva la configuraci\u00f3n durante el cambio de bater\u00eda<\/li>\n<li>Alarmas de retardo configurables con zumbador audible y \/ o luz intermitente<\/li>\n<li><span>M\u00e1s de 1 a\u00f1o de monitoreo continuo<\/span><\/li>\n<\/ul>\n<\/div>\n<div class=\"prod-app\"><b>Aplicaciones:<\/b>\u00a0Congeladores, refrigeradores, vitrinas, \u00e1reas de almacenamiento y empaque, tanques de agua y refrigeradores.<\/div>\n","protected":false},"featured_media":1522,"comment_status":"open","ping_status":"closed","template":"","meta":{"_joinchat":[]},"product_brand":[],"product_cat":[15],"product_tag":[],"class_list":{"0":"post-1521","1":"product","2":"type-product","3":"status-publish","4":"has-post-thumbnail","6":"product_cat-sin-categorizar","8":"first","9":"instock","10":"shipping-taxable","11":"product-type-simple"},"yoast_head":"<!-- This site is optimized with the Yoast SEO plugin v26.4 - https:\/\/yoast.com\/wordpress\/plugins\/seo\/ -->\n<title>Term\u00f3metro digital de alarma flashcheck min-max Modelo 12217 - Abaa tienda online<\/title>\n<meta name=\"robots\" content=\"index, follow, max-snippet:-1, max-image-preview:large, max-video-preview:-1\" \/>\n<link rel=\"canonical\" href=\"https:\/\/abaa.mx\/tienda\/termometro-digital-de-alarma-flashcheck-min-max-modelo-12217\/\" \/>\n<meta property=\"og:locale\" content=\"es_MX\" \/>\n<meta property=\"og:type\" content=\"article\" \/>\n<meta property=\"og:title\" content=\"Term\u00f3metro digital de alarma flashcheck min-max Modelo 12217 - Abaa tienda online\" \/>\n<meta property=\"og:description\" content=\"Rango de medici\u00f3n de -58 \u00b0 F a 158 \u00b0 F (-50 \u00b0 C a 70 \u00b0 C)  Altamente preciso hasta \u00b1 1 \u00b0 F (\u00b1 0.5 \u00b0 C)  Configuraciones\u00a0alta\/baja de alarma  Memoria m\u00ednima \/ m\u00e1xima almacena lecturas m\u00e1s bajas \/ m\u00e1s altas  El conector chapado en oro est\u00e9reo reduce las lecturas defectuosas  Jumbo LCD  Escala seleccionable de \u00b0 F \/ \u00b0 C  Sensor de punta chata con cable resistente a la tensi\u00f3n de 10 pies (3 metros)  Fuerte fijaci\u00f3n magn\u00e9tica y soporte plegable  Conserva la configuraci\u00f3n durante el cambio de bater\u00eda  Alarmas de retardo configurables con zumbador audible y \/ o luz intermitente  M\u00e1s de 1 a\u00f1o de monitoreo continuo   Aplicaciones:\u00a0Congeladores, refrigeradores, vitrinas, \u00e1reas de almacenamiento y empaque, tanques de agua y refrigeradores.\" \/>\n<meta property=\"og:url\" content=\"https:\/\/abaa.mx\/tienda\/termometro-digital-de-alarma-flashcheck-min-max-modelo-12217\/\" \/>\n<meta property=\"og:site_name\" content=\"Abaa tienda online\" \/>\n<meta property=\"og:image\" content=\"https:\/\/abaa.mx\/tienda\/wp-content\/uploads\/2023\/09\/12217.jpg\" \/>\n\t<meta property=\"og:image:width\" content=\"400\" \/>\n\t<meta property=\"og:image:height\" content=\"400\" \/>\n\t<meta property=\"og:image:type\" content=\"image\/jpeg\" \/>\n<meta name=\"twitter:card\" content=\"summary_large_image\" \/>\n<meta name=\"twitter:label1\" content=\"Tiempo de lectura\" \/>\n\t<meta name=\"twitter:data1\" content=\"2 minutos\" \/>\n<script type=\"application\/ld+json\" class=\"yoast-schema-graph\">{\"@context\":\"https:\/\/schema.org\",\"@graph\":[{\"@type\":\"WebPage\",\"@id\":\"https:\/\/abaa.mx\/tienda\/termometro-digital-de-alarma-flashcheck-min-max-modelo-12217\/\",\"url\":\"https:\/\/abaa.mx\/tienda\/termometro-digital-de-alarma-flashcheck-min-max-modelo-12217\/\",\"name\":\"Term\u00f3metro digital de alarma flashcheck min-max Modelo 12217 - Abaa tienda online\",\"isPartOf\":{\"@id\":\"https:\/\/abaa.mx\/tienda\/#website\"},\"primaryImageOfPage\":{\"@id\":\"https:\/\/abaa.mx\/tienda\/termometro-digital-de-alarma-flashcheck-min-max-modelo-12217\/#primaryimage\"},\"image\":{\"@id\":\"https:\/\/abaa.mx\/tienda\/termometro-digital-de-alarma-flashcheck-min-max-modelo-12217\/#primaryimage\"},\"thumbnailUrl\":\"https:\/\/abaa.mx\/tienda\/wp-content\/uploads\/2023\/09\/12217.jpg\",\"datePublished\":\"2023-09-14T17:12:11+00:00\",\"breadcrumb\":{\"@id\":\"https:\/\/abaa.mx\/tienda\/termometro-digital-de-alarma-flashcheck-min-max-modelo-12217\/#breadcrumb\"},\"inLanguage\":\"es\",\"potentialAction\":[{\"@type\":\"ReadAction\",\"target\":[\"https:\/\/abaa.mx\/tienda\/termometro-digital-de-alarma-flashcheck-min-max-modelo-12217\/\"]}]},{\"@type\":\"ImageObject\",\"inLanguage\":\"es\",\"@id\":\"https:\/\/abaa.mx\/tienda\/termometro-digital-de-alarma-flashcheck-min-max-modelo-12217\/#primaryimage\",\"url\":\"https:\/\/abaa.mx\/tienda\/wp-content\/uploads\/2023\/09\/12217.jpg\",\"contentUrl\":\"https:\/\/abaa.mx\/tienda\/wp-content\/uploads\/2023\/09\/12217.jpg\",\"width\":400,\"height\":400,\"caption\":\"termometro-digital-de-alarma-flashcheck-min-max-modelo-12217\"},{\"@type\":\"BreadcrumbList\",\"@id\":\"https:\/\/abaa.mx\/tienda\/termometro-digital-de-alarma-flashcheck-min-max-modelo-12217\/#breadcrumb\",\"itemListElement\":[{\"@type\":\"ListItem\",\"position\":1,\"name\":\"Inicio\",\"item\":\"https:\/\/abaa.mx\/tienda\/\"},{\"@type\":\"ListItem\",\"position\":2,\"name\":\"Tienda\",\"item\":\"https:\/\/abaa.mx\/tienda\/\"},{\"@type\":\"ListItem\",\"position\":3,\"name\":\"Term\u00f3metro digital de alarma flashcheck min-max Modelo 12217\"}]},{\"@type\":\"WebSite\",\"@id\":\"https:\/\/abaa.mx\/tienda\/#website\",\"url\":\"https:\/\/abaa.mx\/tienda\/\",\"name\":\"Abaa tienda online\",\"description\":\"Instrumentos de medici\u00f3n\",\"publisher\":{\"@id\":\"https:\/\/abaa.mx\/tienda\/#organization\"},\"potentialAction\":[{\"@type\":\"SearchAction\",\"target\":{\"@type\":\"EntryPoint\",\"urlTemplate\":\"https:\/\/abaa.mx\/tienda\/?s={search_term_string}\"},\"query-input\":{\"@type\":\"PropertyValueSpecification\",\"valueRequired\":true,\"valueName\":\"search_term_string\"}}],\"inLanguage\":\"es\"},{\"@type\":\"Organization\",\"@id\":\"https:\/\/abaa.mx\/tienda\/#organization\",\"name\":\"Abaa tienda online\",\"url\":\"https:\/\/abaa.mx\/tienda\/\",\"logo\":{\"@type\":\"ImageObject\",\"inLanguage\":\"es\",\"@id\":\"https:\/\/abaa.mx\/tienda\/#\/schema\/logo\/image\/\",\"url\":\"https:\/\/abaa.mx\/tienda\/wp-content\/uploads\/2024\/01\/abaa-metrologia-tienda.png\",\"contentUrl\":\"https:\/\/abaa.mx\/tienda\/wp-content\/uploads\/2024\/01\/abaa-metrologia-tienda.png\",\"width\":300,\"height\":141,\"caption\":\"Abaa tienda online\"},\"image\":{\"@id\":\"https:\/\/abaa.mx\/tienda\/#\/schema\/logo\/image\/\"}}]}<\/script>\n<!-- \/ Yoast SEO plugin. -->","yoast_head_json":{"title":"Term\u00f3metro digital de alarma flashcheck min-max Modelo 12217 - Abaa tienda online","robots":{"index":"index","follow":"follow","max-snippet":"max-snippet:-1","max-image-preview":"max-image-preview:large","max-video-preview":"max-video-preview:-1"},"canonical":"https:\/\/abaa.mx\/tienda\/termometro-digital-de-alarma-flashcheck-min-max-modelo-12217\/","og_locale":"es_MX","og_type":"article","og_title":"Term\u00f3metro digital de alarma flashcheck min-max Modelo 12217 - Abaa tienda online","og_description":"Rango de medici\u00f3n de -58 \u00b0 F a 158 \u00b0 F (-50 \u00b0 C a 70 \u00b0 C)  Altamente preciso hasta \u00b1 1 \u00b0 F (\u00b1 0.5 \u00b0 C)  Configuraciones\u00a0alta\/baja de alarma  Memoria m\u00ednima \/ m\u00e1xima almacena lecturas m\u00e1s bajas \/ m\u00e1s altas  El conector chapado en oro est\u00e9reo reduce las lecturas defectuosas  Jumbo LCD  Escala seleccionable de \u00b0 F \/ \u00b0 C  Sensor de punta chata con cable resistente a la tensi\u00f3n de 10 pies (3 metros)  Fuerte fijaci\u00f3n magn\u00e9tica y soporte plegable  Conserva la configuraci\u00f3n durante el cambio de bater\u00eda  Alarmas de retardo configurables con zumbador audible y \/ o luz intermitente  M\u00e1s de 1 a\u00f1o de monitoreo continuo   Aplicaciones:\u00a0Congeladores, refrigeradores, vitrinas, \u00e1reas de almacenamiento y empaque, tanques de agua y refrigeradores.","og_url":"https:\/\/abaa.mx\/tienda\/termometro-digital-de-alarma-flashcheck-min-max-modelo-12217\/","og_site_name":"Abaa tienda online","og_image":[{"width":400,"height":400,"url":"https:\/\/abaa.mx\/tienda\/wp-content\/uploads\/2023\/09\/12217.jpg","type":"image\/jpeg"}],"twitter_card":"summary_large_image","twitter_misc":{"Tiempo de lectura":"2 minutos"},"schema":{"@context":"https:\/\/schema.org","@graph":[{"@type":"WebPage","@id":"https:\/\/abaa.mx\/tienda\/termometro-digital-de-alarma-flashcheck-min-max-modelo-12217\/","url":"https:\/\/abaa.mx\/tienda\/termometro-digital-de-alarma-flashcheck-min-max-modelo-12217\/","name":"Term\u00f3metro digital de alarma flashcheck min-max Modelo 12217 - Abaa tienda online","isPartOf":{"@id":"https:\/\/abaa.mx\/tienda\/#website"},"primaryImageOfPage":{"@id":"https:\/\/abaa.mx\/tienda\/termometro-digital-de-alarma-flashcheck-min-max-modelo-12217\/#primaryimage"},"image":{"@id":"https:\/\/abaa.mx\/tienda\/termometro-digital-de-alarma-flashcheck-min-max-modelo-12217\/#primaryimage"},"thumbnailUrl":"https:\/\/abaa.mx\/tienda\/wp-content\/uploads\/2023\/09\/12217.jpg","datePublished":"2023-09-14T17:12:11+00:00","breadcrumb":{"@id":"https:\/\/abaa.mx\/tienda\/termometro-digital-de-alarma-flashcheck-min-max-modelo-12217\/#breadcrumb"},"inLanguage":"es","potentialAction":[{"@type":"ReadAction","target":["https:\/\/abaa.mx\/tienda\/termometro-digital-de-alarma-flashcheck-min-max-modelo-12217\/"]}]},{"@type":"ImageObject","inLanguage":"es","@id":"https:\/\/abaa.mx\/tienda\/termometro-digital-de-alarma-flashcheck-min-max-modelo-12217\/#primaryimage","url":"https:\/\/abaa.mx\/tienda\/wp-content\/uploads\/2023\/09\/12217.jpg","contentUrl":"https:\/\/abaa.mx\/tienda\/wp-content\/uploads\/2023\/09\/12217.jpg","width":400,"height":400,"caption":"termometro-digital-de-alarma-flashcheck-min-max-modelo-12217"},{"@type":"BreadcrumbList","@id":"https:\/\/abaa.mx\/tienda\/termometro-digital-de-alarma-flashcheck-min-max-modelo-12217\/#breadcrumb","itemListElement":[{"@type":"ListItem","position":1,"name":"Inicio","item":"https:\/\/abaa.mx\/tienda\/"},{"@type":"ListItem","position":2,"name":"Tienda","item":"https:\/\/abaa.mx\/tienda\/"},{"@type":"ListItem","position":3,"name":"Term\u00f3metro digital de alarma flashcheck min-max Modelo 12217"}]},{"@type":"WebSite","@id":"https:\/\/abaa.mx\/tienda\/#website","url":"https:\/\/abaa.mx\/tienda\/","name":"Abaa tienda online","description":"Instrumentos de medici\u00f3n","publisher":{"@id":"https:\/\/abaa.mx\/tienda\/#organization"},"potentialAction":[{"@type":"SearchAction","target":{"@type":"EntryPoint","urlTemplate":"https:\/\/abaa.mx\/tienda\/?s={search_term_string}"},"query-input":{"@type":"PropertyValueSpecification","valueRequired":true,"valueName":"search_term_string"}}],"inLanguage":"es"},{"@type":"Organization","@id":"https:\/\/abaa.mx\/tienda\/#organization","name":"Abaa tienda online","url":"https:\/\/abaa.mx\/tienda\/","logo":{"@type":"ImageObject","inLanguage":"es","@id":"https:\/\/abaa.mx\/tienda\/#\/schema\/logo\/image\/","url":"https:\/\/abaa.mx\/tienda\/wp-content\/uploads\/2024\/01\/abaa-metrologia-tienda.png","contentUrl":"https:\/\/abaa.mx\/tienda\/wp-content\/uploads\/2024\/01\/abaa-metrologia-tienda.png","width":300,"height":141,"caption":"Abaa tienda online"},"image":{"@id":"https:\/\/abaa.mx\/tienda\/#\/schema\/logo\/image\/"}}]}},"_links":{"self":[{"href":"https:\/\/abaa.mx\/tienda\/wp-json\/wp\/v2\/product\/1521","targetHints":{"allow":["GET"]}}],"collection":[{"href":"https:\/\/abaa.mx\/tienda\/wp-json\/wp\/v2\/product"}],"about":[{"href":"https:\/\/abaa.mx\/tienda\/wp-json\/wp\/v2\/types\/product"}],"replies":[{"embeddable":true,"href":"https:\/\/abaa.mx\/tienda\/wp-json\/wp\/v2\/comments?post=1521"}],"wp:featuredmedia":[{"embeddable":true,"href":"https:\/\/abaa.mx\/tienda\/wp-json\/wp\/v2\/media\/1522"}],"wp:attachment":[{"href":"https:\/\/abaa.mx\/tienda\/wp-json\/wp\/v2\/media?parent=1521"}],"wp:term":[{"taxonomy":"product_brand","embeddable":true,"href":"https:\/\/abaa.mx\/tienda\/wp-json\/wp\/v2\/product_brand?post=1521"},{"taxonomy":"product_cat","embeddable":true,"href":"https:\/\/abaa.mx\/tienda\/wp-json\/wp\/v2\/product_cat?post=1521"},{"taxonomy":"product_tag","embeddable":true,"href":"https:\/\/abaa.mx\/tienda\/wp-json\/wp\/v2\/product_tag?post=1521"}],"curies":[{"name":"wp","href":"https:\/\/api.w.org\/{rel}","templated":true}]}}