{"id":1458,"date":"2023-09-14T14:54:48","date_gmt":"2023-09-14T14:54:48","guid":{"rendered":"https:\/\/abaa.mx\/tienda\/?post_type=product&#038;p=1458"},"modified":"2023-11-23T20:40:12","modified_gmt":"2023-11-23T20:40:12","slug":"logtag-tict-is0tag","status":"publish","type":"product","link":"https:\/\/abaa.mx\/tienda\/logtag-tict-is0tag\/","title":{"rendered":"Logtag tict is0\u00b0tag"},"content":{"rendered":"<p>&nbsp;<\/p>\n<p>El LogTag TICT iS0\u00b0Tag es un indicador electr\u00f3nico irreversible a prueba de manipulaciones que muestra si la temperatura ha estado en o por debajo del punto de congelaci\u00f3n (0 \u00b0C o 32 \u00b0F) durante 60 minutos. Mientras que la temperatura permanece por encima del punto de congelaci\u00f3n, la pantalla muestra un s\u00edmbolo. Si la temperatura desciende por debajo del punto de congelaci\u00f3n durante 60 minutos o m\u00e1s, la pantalla muestra un s\u00edmbolo, que no se puede restablecer ni eliminar.<\/p>\n<p>El iS0\u00b0Tag se puede utilizar para controlar la temperatura de cualquier producto sensible a la congelaci\u00f3n, como vacunas, alimentos o productos qu\u00edmicos especializados durante un m\u00e1ximo de 3 a\u00f1os. Si se produce un evento de congelaci\u00f3n, se muestra el s\u00edmbolo y se bloquea el indicador. Una vez bloqueado, el indicador no se puede volver a utilizar. El iS0\u00b0Tag est\u00e1 configurado de f\u00e1brica con un l\u00edmite de temperatura baja de -0,5 \u00b0C durante 60 minutos. El iS0\u00b0Tag tambi\u00e9n se puede configurar de f\u00e1brica para un l\u00edmite de temperatura bajo diferente hasta -5.0 \u00b0C para monitorear art\u00edculos con puntos de congelaci\u00f3n m\u00e1s bajos. Tambi\u00e9n est\u00e1 disponible un l\u00edmite superior de alarma opcional.<\/p>\n<p>&nbsp;<\/p>\n<p><strong>Funciones:<\/strong><\/p>\n<ul class=\"highlights bullet\">\n<li>Preconfigurado de f\u00e1brica para monitorear una gama de productos, incluidas las vacunas est\u00e1ndar.<\/li>\n<li>Indicaci\u00f3n clara del estado de alarma en todo momento.<\/li>\n<li>Monitorea la temperatura y registra estad\u00edsticas diarias por hasta 3 a\u00f1os.<\/li>\n<li>Bot\u00f3n pulsador Start y Stop.<\/li>\n<li>Los datos se pueden descargar a trav\u00e9s de una base de interfaz y LogTag Analyzer si es necesario.<\/li>\n<li>Robusto y preciso. Los datos recopilados son seguros y no pueden ser manipulados.<\/li>\n<li>Cabe f\u00e1cilmente en paquetes y se puede enviar por correo a trav\u00e9s de la tarifa de carta.<\/li>\n<li>Hasta tres d\u00edas de lecturas de temperatura registradas en tiempo real a cada lado de la activaci\u00f3n de la alarma.<\/li>\n<\/ul>\n<p>&nbsp;<\/p>\n<p><strong>Modo de operaci\u00f3n:<\/strong><\/p>\n<p><b>Inicio del indicador:<\/b>\u00a0Mantenga pulsado el bot\u00f3n START\/MARK. &#8220;RUN&#8221; parpadear\u00e1. Bot\u00f3n de liberaci\u00f3n cuando se detiene el parpadeo. El indicador entra en el retraso preestablecido de f\u00e1brica o comienza a tomar lecturas.<\/p>\n<p><b>Monitorizaci\u00f3n:<\/b>\u00a0Cuando aparece &#8220;RUN&#8221; en la pantalla, el indicador est\u00e1 tomando una lectura de temperatura en el intervalo preconfigurado (generalmente cada 5 minutos). Si se activa una alarma, el s\u00edmbolo se sustituye por un s\u00edmbolo y tambi\u00e9n se muestra la flecha de alarma correspondiente.<\/p>\n<p><b>Parar:<\/b>\u00a0Mantenga pulsado el bot\u00f3n START\/MARK. Primero las flechas parpadear\u00e1n, luego &#8220;EJECUTAR&#8221;. Bot\u00f3n de liberaci\u00f3n cuando se detiene el parpadeo. El indicador tambi\u00e9n se detiene cuando la bater\u00eda est\u00e1 vac\u00eda o se produce una alarma.<\/p>\n<p>&nbsp;<\/p>\n<p><b>Configuraciones de f\u00e1brica:<\/b><\/p>\n<ul>\n<li>Intervalo de muestreo: 5 minutos.<\/li>\n<li>Retraso de inicio: 2 horas.<\/li>\n<li>Bot\u00f3n Detener: Deshabilitado.<\/li>\n<li>Alarma de temperatura por encima de: \u226510 \u00b0C instant\u00e1neo.<\/li>\n<li>Alarma de congelador: \u2264 -1 \u00b0C consecutivos durante 1 hora.<\/li>\n<\/ul>\n","protected":false},"excerpt":{"rendered":"<p>El LogTag TICT iS0\u00b0Tag es un indicador electr\u00f3nico irreversible a prueba de manipulaciones que muestra si la temperatura ha estado en o por debajo del punto de congelaci\u00f3n (0 \u00b0C o 32 \u00b0F) durante 60 minutos.<\/p>\n<p>&nbsp;<\/p>\n","protected":false},"featured_media":1461,"comment_status":"open","ping_status":"closed","template":"","meta":{"_joinchat":[]},"product_brand":[],"product_cat":[15],"product_tag":[],"class_list":{"0":"post-1458","1":"product","2":"type-product","3":"status-publish","4":"has-post-thumbnail","6":"product_cat-sin-categorizar","8":"first","9":"instock","10":"shipping-taxable","11":"product-type-simple"},"yoast_head":"<!-- This site is optimized with the Yoast SEO plugin v26.4 - https:\/\/yoast.com\/wordpress\/plugins\/seo\/ -->\n<title>Logtag tict is0\u00b0tag - Abaa tienda online<\/title>\n<meta name=\"robots\" content=\"index, follow, max-snippet:-1, max-image-preview:large, max-video-preview:-1\" \/>\n<link rel=\"canonical\" href=\"https:\/\/abaa.mx\/tienda\/logtag-tict-is0tag\/\" \/>\n<meta property=\"og:locale\" content=\"es_MX\" \/>\n<meta property=\"og:type\" content=\"article\" \/>\n<meta property=\"og:title\" content=\"Logtag tict is0\u00b0tag - Abaa tienda online\" \/>\n<meta property=\"og:description\" content=\"El LogTag TICT iS0\u00b0Tag es un indicador electr\u00f3nico irreversible a prueba de manipulaciones que muestra si la temperatura ha estado en o por debajo del punto de congelaci\u00f3n (0 \u00b0C o 32 \u00b0F) durante 60 minutos.  &nbsp;\" \/>\n<meta property=\"og:url\" content=\"https:\/\/abaa.mx\/tienda\/logtag-tict-is0tag\/\" \/>\n<meta property=\"og:site_name\" content=\"Abaa tienda online\" \/>\n<meta property=\"article:modified_time\" content=\"2023-11-23T20:40:12+00:00\" \/>\n<meta property=\"og:image\" content=\"https:\/\/abaa.mx\/tienda\/wp-content\/uploads\/2023\/09\/155853-17566737.jpg\" \/>\n\t<meta property=\"og:image:width\" content=\"500\" \/>\n\t<meta property=\"og:image:height\" content=\"500\" \/>\n\t<meta property=\"og:image:type\" content=\"image\/jpeg\" \/>\n<meta name=\"twitter:card\" content=\"summary_large_image\" \/>\n<meta name=\"twitter:label1\" content=\"Tiempo de lectura\" \/>\n\t<meta name=\"twitter:data1\" content=\"3 minutos\" \/>\n<script type=\"application\/ld+json\" class=\"yoast-schema-graph\">{\"@context\":\"https:\/\/schema.org\",\"@graph\":[{\"@type\":\"WebPage\",\"@id\":\"https:\/\/abaa.mx\/tienda\/logtag-tict-is0tag\/\",\"url\":\"https:\/\/abaa.mx\/tienda\/logtag-tict-is0tag\/\",\"name\":\"Logtag tict is0\u00b0tag - Abaa tienda online\",\"isPartOf\":{\"@id\":\"https:\/\/abaa.mx\/tienda\/#website\"},\"primaryImageOfPage\":{\"@id\":\"https:\/\/abaa.mx\/tienda\/logtag-tict-is0tag\/#primaryimage\"},\"image\":{\"@id\":\"https:\/\/abaa.mx\/tienda\/logtag-tict-is0tag\/#primaryimage\"},\"thumbnailUrl\":\"https:\/\/abaa.mx\/tienda\/wp-content\/uploads\/2023\/09\/155853-17566737.jpg\",\"datePublished\":\"2023-09-14T14:54:48+00:00\",\"dateModified\":\"2023-11-23T20:40:12+00:00\",\"breadcrumb\":{\"@id\":\"https:\/\/abaa.mx\/tienda\/logtag-tict-is0tag\/#breadcrumb\"},\"inLanguage\":\"es\",\"potentialAction\":[{\"@type\":\"ReadAction\",\"target\":[\"https:\/\/abaa.mx\/tienda\/logtag-tict-is0tag\/\"]}]},{\"@type\":\"ImageObject\",\"inLanguage\":\"es\",\"@id\":\"https:\/\/abaa.mx\/tienda\/logtag-tict-is0tag\/#primaryimage\",\"url\":\"https:\/\/abaa.mx\/tienda\/wp-content\/uploads\/2023\/09\/155853-17566737.jpg\",\"contentUrl\":\"https:\/\/abaa.mx\/tienda\/wp-content\/uploads\/2023\/09\/155853-17566737.jpg\",\"width\":500,\"height\":500,\"caption\":\"logtag-tict-is0tag\"},{\"@type\":\"BreadcrumbList\",\"@id\":\"https:\/\/abaa.mx\/tienda\/logtag-tict-is0tag\/#breadcrumb\",\"itemListElement\":[{\"@type\":\"ListItem\",\"position\":1,\"name\":\"Inicio\",\"item\":\"https:\/\/abaa.mx\/tienda\/\"},{\"@type\":\"ListItem\",\"position\":2,\"name\":\"Tienda\",\"item\":\"https:\/\/abaa.mx\/tienda\/\"},{\"@type\":\"ListItem\",\"position\":3,\"name\":\"Logtag tict is0\u00b0tag\"}]},{\"@type\":\"WebSite\",\"@id\":\"https:\/\/abaa.mx\/tienda\/#website\",\"url\":\"https:\/\/abaa.mx\/tienda\/\",\"name\":\"Abaa tienda online\",\"description\":\"Instrumentos de medici\u00f3n\",\"publisher\":{\"@id\":\"https:\/\/abaa.mx\/tienda\/#organization\"},\"potentialAction\":[{\"@type\":\"SearchAction\",\"target\":{\"@type\":\"EntryPoint\",\"urlTemplate\":\"https:\/\/abaa.mx\/tienda\/?s={search_term_string}\"},\"query-input\":{\"@type\":\"PropertyValueSpecification\",\"valueRequired\":true,\"valueName\":\"search_term_string\"}}],\"inLanguage\":\"es\"},{\"@type\":\"Organization\",\"@id\":\"https:\/\/abaa.mx\/tienda\/#organization\",\"name\":\"Abaa tienda online\",\"url\":\"https:\/\/abaa.mx\/tienda\/\",\"logo\":{\"@type\":\"ImageObject\",\"inLanguage\":\"es\",\"@id\":\"https:\/\/abaa.mx\/tienda\/#\/schema\/logo\/image\/\",\"url\":\"https:\/\/abaa.mx\/tienda\/wp-content\/uploads\/2024\/01\/abaa-metrologia-tienda.png\",\"contentUrl\":\"https:\/\/abaa.mx\/tienda\/wp-content\/uploads\/2024\/01\/abaa-metrologia-tienda.png\",\"width\":300,\"height\":141,\"caption\":\"Abaa tienda online\"},\"image\":{\"@id\":\"https:\/\/abaa.mx\/tienda\/#\/schema\/logo\/image\/\"}}]}<\/script>\n<!-- \/ Yoast SEO plugin. -->","yoast_head_json":{"title":"Logtag tict is0\u00b0tag - Abaa tienda online","robots":{"index":"index","follow":"follow","max-snippet":"max-snippet:-1","max-image-preview":"max-image-preview:large","max-video-preview":"max-video-preview:-1"},"canonical":"https:\/\/abaa.mx\/tienda\/logtag-tict-is0tag\/","og_locale":"es_MX","og_type":"article","og_title":"Logtag tict is0\u00b0tag - Abaa tienda online","og_description":"El LogTag TICT iS0\u00b0Tag es un indicador electr\u00f3nico irreversible a prueba de manipulaciones que muestra si la temperatura ha estado en o por debajo del punto de congelaci\u00f3n (0 \u00b0C o 32 \u00b0F) durante 60 minutos.  &nbsp;","og_url":"https:\/\/abaa.mx\/tienda\/logtag-tict-is0tag\/","og_site_name":"Abaa tienda online","article_modified_time":"2023-11-23T20:40:12+00:00","og_image":[{"width":500,"height":500,"url":"https:\/\/abaa.mx\/tienda\/wp-content\/uploads\/2023\/09\/155853-17566737.jpg","type":"image\/jpeg"}],"twitter_card":"summary_large_image","twitter_misc":{"Tiempo de lectura":"3 minutos"},"schema":{"@context":"https:\/\/schema.org","@graph":[{"@type":"WebPage","@id":"https:\/\/abaa.mx\/tienda\/logtag-tict-is0tag\/","url":"https:\/\/abaa.mx\/tienda\/logtag-tict-is0tag\/","name":"Logtag tict is0\u00b0tag - Abaa tienda online","isPartOf":{"@id":"https:\/\/abaa.mx\/tienda\/#website"},"primaryImageOfPage":{"@id":"https:\/\/abaa.mx\/tienda\/logtag-tict-is0tag\/#primaryimage"},"image":{"@id":"https:\/\/abaa.mx\/tienda\/logtag-tict-is0tag\/#primaryimage"},"thumbnailUrl":"https:\/\/abaa.mx\/tienda\/wp-content\/uploads\/2023\/09\/155853-17566737.jpg","datePublished":"2023-09-14T14:54:48+00:00","dateModified":"2023-11-23T20:40:12+00:00","breadcrumb":{"@id":"https:\/\/abaa.mx\/tienda\/logtag-tict-is0tag\/#breadcrumb"},"inLanguage":"es","potentialAction":[{"@type":"ReadAction","target":["https:\/\/abaa.mx\/tienda\/logtag-tict-is0tag\/"]}]},{"@type":"ImageObject","inLanguage":"es","@id":"https:\/\/abaa.mx\/tienda\/logtag-tict-is0tag\/#primaryimage","url":"https:\/\/abaa.mx\/tienda\/wp-content\/uploads\/2023\/09\/155853-17566737.jpg","contentUrl":"https:\/\/abaa.mx\/tienda\/wp-content\/uploads\/2023\/09\/155853-17566737.jpg","width":500,"height":500,"caption":"logtag-tict-is0tag"},{"@type":"BreadcrumbList","@id":"https:\/\/abaa.mx\/tienda\/logtag-tict-is0tag\/#breadcrumb","itemListElement":[{"@type":"ListItem","position":1,"name":"Inicio","item":"https:\/\/abaa.mx\/tienda\/"},{"@type":"ListItem","position":2,"name":"Tienda","item":"https:\/\/abaa.mx\/tienda\/"},{"@type":"ListItem","position":3,"name":"Logtag tict is0\u00b0tag"}]},{"@type":"WebSite","@id":"https:\/\/abaa.mx\/tienda\/#website","url":"https:\/\/abaa.mx\/tienda\/","name":"Abaa tienda online","description":"Instrumentos de medici\u00f3n","publisher":{"@id":"https:\/\/abaa.mx\/tienda\/#organization"},"potentialAction":[{"@type":"SearchAction","target":{"@type":"EntryPoint","urlTemplate":"https:\/\/abaa.mx\/tienda\/?s={search_term_string}"},"query-input":{"@type":"PropertyValueSpecification","valueRequired":true,"valueName":"search_term_string"}}],"inLanguage":"es"},{"@type":"Organization","@id":"https:\/\/abaa.mx\/tienda\/#organization","name":"Abaa tienda online","url":"https:\/\/abaa.mx\/tienda\/","logo":{"@type":"ImageObject","inLanguage":"es","@id":"https:\/\/abaa.mx\/tienda\/#\/schema\/logo\/image\/","url":"https:\/\/abaa.mx\/tienda\/wp-content\/uploads\/2024\/01\/abaa-metrologia-tienda.png","contentUrl":"https:\/\/abaa.mx\/tienda\/wp-content\/uploads\/2024\/01\/abaa-metrologia-tienda.png","width":300,"height":141,"caption":"Abaa tienda online"},"image":{"@id":"https:\/\/abaa.mx\/tienda\/#\/schema\/logo\/image\/"}}]}},"_links":{"self":[{"href":"https:\/\/abaa.mx\/tienda\/wp-json\/wp\/v2\/product\/1458","targetHints":{"allow":["GET"]}}],"collection":[{"href":"https:\/\/abaa.mx\/tienda\/wp-json\/wp\/v2\/product"}],"about":[{"href":"https:\/\/abaa.mx\/tienda\/wp-json\/wp\/v2\/types\/product"}],"replies":[{"embeddable":true,"href":"https:\/\/abaa.mx\/tienda\/wp-json\/wp\/v2\/comments?post=1458"}],"wp:featuredmedia":[{"embeddable":true,"href":"https:\/\/abaa.mx\/tienda\/wp-json\/wp\/v2\/media\/1461"}],"wp:attachment":[{"href":"https:\/\/abaa.mx\/tienda\/wp-json\/wp\/v2\/media?parent=1458"}],"wp:term":[{"taxonomy":"product_brand","embeddable":true,"href":"https:\/\/abaa.mx\/tienda\/wp-json\/wp\/v2\/product_brand?post=1458"},{"taxonomy":"product_cat","embeddable":true,"href":"https:\/\/abaa.mx\/tienda\/wp-json\/wp\/v2\/product_cat?post=1458"},{"taxonomy":"product_tag","embeddable":true,"href":"https:\/\/abaa.mx\/tienda\/wp-json\/wp\/v2\/product_tag?post=1458"}],"curies":[{"name":"wp","href":"https:\/\/api.w.org\/{rel}","templated":true}]}}