{"id":1446,"date":"2023-09-14T14:26:19","date_gmt":"2023-09-14T14:26:19","guid":{"rendered":"https:\/\/abaa.mx\/tienda\/?post_type=product&#038;p=1446"},"modified":"2023-11-24T14:37:02","modified_gmt":"2023-11-24T14:37:02","slug":"logtag-trid30-7","status":"publish","type":"product","link":"https:\/\/abaa.mx\/tienda\/logtag-trid30-7\/","title":{"rendered":"Logtag trid30-7"},"content":{"rendered":"<p>El registrador de temperatura LogTag TRID30-7 cuenta con una pantalla junto con la funci\u00f3n de registro de datos que almacena hasta 7770 lecturas de temperatura y una memoria de duraci\u00f3n y lectura estad\u00edstica m\u00e1xima \/ m\u00ednima de 30 d\u00edas que se puede revisar en la pantalla. La visualizaci\u00f3n de la temperatura actual y las alarmas anteriores es una caracter\u00edstica importante en aplicaciones &#8220;est\u00e1ticas&#8221; como c\u00e1maras frigor\u00edficas y refrigeradores.<\/p>\n<p>Adecuado para aplicaciones que requieren una visualizaci\u00f3n de la temperatura actual y el historial, como c\u00e1maras frigor\u00edficas, refrigeradores, etc., pero tambi\u00e9n se puede usar en aplicaciones de tr\u00e1nsito donde se requiere una lectura directa de los datos estad\u00edsticos sin el uso de una computadora o dispositivo de lectura. La disposici\u00f3n de la pantalla est\u00e1 dise\u00f1ada para proporcionar &#8220;de un vistazo&#8221; si se han producido violaciones de temperatura tanto para la lectura actual como hasta los \u00faltimos 30 d\u00edas.<\/p>\n<p>Los detalles de cualquier excursi\u00f3n se pueden verificar directamente inspeccionando el historial de estad\u00edsticas en la pantalla del registrador o con m\u00e1s detalle descargando los datos registrados. Si se registra una lectura fuera de los l\u00edmites preestablecidos de &#8220;Alarma&#8221; en cualquier momento, aparece un &#8220;indicador de alarma diurna&#8221; en la pantalla. Los datos registrados se pueden descargar a trav\u00e9s de una interfaz LogTag est\u00e1ndar al software complementario LogTag Analyzer que proporciona facilidades para mostrar datos en formatos de gr\u00e1ficos, tablas o estad\u00edsticas y permite el archivo electr\u00f3nico, la exportaci\u00f3n o la transmisi\u00f3n de los datos en apoyo de sofisticados sistemas de gesti\u00f3n de datos.<\/p>\n<p>El registrador incorpora un sensor de temperatura externo dispuesto de forma \u00fanica en un hueco en la caja.<br \/>\nEsta disposici\u00f3n protege el sensor de da\u00f1os f\u00edsicos al tiempo que conserva el tiempo de respuesta m\u00e1s r\u00e1pido normalmente asociado con los sensores remotos.<\/p>\n<p>&nbsp;<\/p>\n<p><strong>Productos destacados:<\/strong><\/p>\n<ul class=\"highlights bullet\">\n<li><b>Registro de datos:<\/b> Registra los datos de tiempo y temperatura para su posterior descarga.<\/li>\n<li><b>Indicadores estatales:<\/b> La pantalla muestra el estado actual (LISTO, INICIANDO, GRABANDO, PAUSADO o DETENIDO).<\/li>\n<li><b>Indicador ALARM:<\/b>\u00a0Aparece en la pantalla para mostrar que se ha producido una activaci\u00f3n de alarma.<\/li>\n<li><b>Resumen de alarma diurna:<\/b> Muestra en formato de calendario los disparadores de alarma durante los \u00faltimos 30 d\u00edas.<\/li>\n<li><b>Tiempo actual y temperatura:<\/b> Muestra la hora y la temperatura actuales cuando no est\u00e1 en modo de revisi\u00f3n.<\/li>\n<li><b>Bot\u00f3n Revisar:<\/b>\u00a0Permite la revisi\u00f3n del d\u00eda actual y hasta 29 d\u00edas anteriores de datos estad\u00edsticos y tambi\u00e9n agrega una &#8220;marca de inspecci\u00f3n&#8221; en el registro de grabaciones durante la grabaci\u00f3n.<\/li>\n<li><b>Bot\u00f3n Inicio\/Borrar\/Detener:<\/b> Inicio de grabaci\u00f3n con bot\u00f3n pulsador, clara de alarma y parada de grabaci\u00f3n (todas las opciones configurables).<\/li>\n<li><b>Opciones de inicio flexibles:<\/b> Inicio de grabaci\u00f3n con bot\u00f3n pulsador con inicio retrasado opcional (hasta 18 horas) o inicio de fecha y hora espec\u00edficos.<\/li>\n<li><b>Opciones de grabaci\u00f3n flexibles:<\/b> Grabe durante un tiempo fijo o grabe continuamente con &#8216;registro envolvente&#8217;.<\/li>\n<li><b>\u00a1Descarga r\u00e1pida!:<\/b>\u00a0Solo tarda unos segundos en descargar las grabaciones.<\/li>\n<li><b>Estuche plano delgado:<\/b> Se adapta f\u00e1cilmente al embalaje y es lo suficientemente delgado como para ser enviado f\u00e1cilmente por correo &#8220;tarifa de carta&#8221;.<\/li>\n<li><b>Reloj en tiempo real:<\/b> Registra el tiempo y la temperatura simult\u00e1neamente.<\/li>\n<li><b>7770 capacidad de grabaciones:<\/b> Memoria suficiente para 53 d\u00edas @ 10min de registro o 80 d\u00edas @ 15 min de registro.<\/li>\n<\/ul>\n<p>&nbsp;<\/p>\n<p><strong>Monitor:<\/strong><\/p>\n<ul class=\"highlights bullet\">\n<li>La pantalla de grabaci\u00f3n normal muestra la lectura de temperatura actual, la hora y el resumen del d\u00eda de activaci\u00f3n de la alarma. Se muestra un disparador de alarma visual si se cumplen una o m\u00e1s de las condiciones de activaci\u00f3n de alarma configuradas. Una condici\u00f3n de activaci\u00f3n de alarma puede ser una sola lectura por encima de los valores de umbral superior o inferior, un conjunto de lecturas de infracci\u00f3n consecutivas o una acumulaci\u00f3n de lecturas de infracci\u00f3n encontradas.<\/li>\n<li>La grabadora se puede configurar para suspender el procesamiento de lecturas de alarmas y estad\u00edsticas m\u00e1ximas \/ m\u00ednimas durante un per\u00edodo de tiempo despu\u00e9s de presionar la actividad del bot\u00f3n.<br \/>\nEsto permite al usuario revisar las estad\u00edsticas actuales o borrar una alarma sin causar una falsa alarma o estad\u00edstica mientras maneja la grabadora.<\/p>\n<div class=\"shadowSpacer\"><\/div>\n<h3>Especificaciones t\u00e9cnicas<\/h3>\n<table class=\"table table-bordered table-condensed\">\n<colgroup>\n<col width=\"50%\" \/>\n<col width=\"50%\" \/><\/colgroup>\n<tbody>\n<tr>\n<td width=\"50%\">C\u00f3digo de pedido de piezas<\/td>\n<td width=\"50%\">TRID30-7R : (bater\u00eda reemplazable CR2032)TRID30-7F : (bater\u00eda fija)<\/td>\n<\/tr>\n<tr>\n<td>Rango de temperatura nominal de funcionamiento<\/td>\n<td>-30\u00b0C ~ +60\u00b0C<\/td>\n<\/tr>\n<tr>\n<td>Precisi\u00f3n de lectura de temperatura nominal<\/td>\n<td>Mejor que \u00b10.5 \u00b0C para mediciones de -20 \u00b0C ~ +40 \u00b0C -t\u00edpicamente \u00b10.3 \u00b0C Mejor que \u00b10.8 \u00b0C para otras mediciones &#8211; t\u00edpicamente \u00b10.5 \u00b0C<\/td>\n<\/tr>\n<tr>\n<td>Resoluci\u00f3n de temperatura nominal en LCD<\/td>\n<td>Memoria de registro de datos: 7770 registros &#8211; por ejemplo, 53 d\u00edas @ 10 min de registro, 80 d\u00edas @ 15 min de registro Memoria de estad\u00edsticas de resumen del d\u00eda (para mostrar en LCD): hasta 30 d\u00edas de valores m\u00e1ximos \/ m\u00ednimos y de<br \/>\nduraci\u00f3n<\/td>\n<\/tr>\n<tr>\n<td>Intervalo de muestreo<\/td>\n<td>Configurable desde 30 segundos hasta cada hora<\/td>\n<\/tr>\n<tr>\n<td>Modos de registro<\/td>\n<td>Admite envoltura &#8216;continua&#8217; o per\u00edodo de grabaci\u00f3n espec\u00edfico<\/td>\n<\/tr>\n<tr>\n<td>Precisi\u00f3n del reloj en tiempo real<\/td>\n<td>Reloj de tiempo real bloqueado de cristal de cuarzo.<br \/>\nPrecisi\u00f3n nominal \u00b125 ppm @ 25 \u00b0C (equivalente a 2.5 segundos\/d\u00eda)El coeficiente de temperatura nominal es -0.034\u00b10.006 ppm\/ \u00b0C (es decir, t\u00edpicamente +\/- 0.00294segundos\/d\u00eda\/ \u00b0C)<\/td>\n<\/tr>\n<tr>\n<td>Hora de descarga<\/td>\n<td>Normalmente, menos de 5 segundos para memoria completa<\/td>\n<\/tr>\n<tr>\n<td>Fuente de alimentaci\u00f3n<\/td>\n<td>Qu\u00edmica de temperatura extendida de di\u00f3xido de litio-manganeso de 3V<\/td>\n<\/tr>\n<tr>\n<td>Duraci\u00f3n de la bater\u00eda<\/td>\n<td>TRID30-7R: t\u00edpicamente 1 a\u00f1o de operaci\u00f3n TRID30-7F: t\u00edpicamente 2+ a\u00f1os de operaci\u00f3n<\/td>\n<\/tr>\n<tr>\n<td>Tama\u00f1o<\/td>\n<td>93,0 mm(alto)x54,5 mm(ancho)x8,6 mm(profundidad)<\/td>\n<\/tr>\n<tr>\n<td>Peso<\/td>\n<td>TRID30-7R: 39 gramos TRID30-7F: 43 gramos<\/td>\n<\/tr>\n<tr>\n<td>Material de la caja<\/td>\n<td>Policarbonato<\/td>\n<\/tr>\n<tr>\n<td>Cumplimiento de Normas de EMC<\/td>\n<td>Cumple con las directivas EC EMC (EN50081-1:1992 y EN 61000-6-1:2001)<br \/>\nCumple con las subpartes A y B de la Parte 15 de la FCC.<\/td>\n<\/tr>\n<tr>\n<td>Medioambiental<\/td>\n<td>IP 65 (cuando se monta verticalmente o se cuelga)<\/td>\n<\/tr>\n<tr>\n<td>Cumplimiento de la FDA 21CFR Parte 11<\/td>\n<td>Dise\u00f1ado para cumplir con FDA 21CFR Parte 11 (Firmas digitales)<\/td>\n<\/tr>\n<tr>\n<td>Interfaz del lector<\/td>\n<td>Base de interfaz LogTag est\u00e1ndar<\/td>\n<\/tr>\n<tr>\n<td><img decoding=\"async\" src=\"https:\/\/www.logtag-recorders.com\/content\/images\/rohs.png\" \/><\/td>\n<td>Fabricado para cumplir con la Directiva Europea RoHS<\/td>\n<\/tr>\n<\/tbody>\n<\/table>\n<\/li>\n<\/ul>\n","protected":false},"excerpt":{"rendered":"<p>El registrador de temperatura LogTag TRID30-7 cuenta con una pantalla junto con la funci\u00f3n de registro de datos que almacena hasta 7770 lecturas de temperatura y una memoria de duraci\u00f3n y lectura estad\u00edstica m\u00e1xima \/ m\u00ednima de 30 d\u00edas que se puede revisar en la pantalla. La visualizaci\u00f3n de la temperatura actual y las alarmas anteriores es una caracter\u00edstica importante en aplicaciones &#8220;est\u00e1ticas&#8221; como c\u00e1maras frigor\u00edficas y refrigeradores.<\/p>\n","protected":false},"featured_media":1447,"comment_status":"open","ping_status":"closed","template":"","meta":{"_joinchat":[]},"product_brand":[],"product_cat":[15],"product_tag":[],"class_list":{"0":"post-1446","1":"product","2":"type-product","3":"status-publish","4":"has-post-thumbnail","6":"product_cat-sin-categorizar","8":"first","9":"instock","10":"shipping-taxable","11":"product-type-simple"},"yoast_head":"<!-- This site is optimized with the Yoast SEO plugin v26.4 - https:\/\/yoast.com\/wordpress\/plugins\/seo\/ -->\n<title>Logtag trid30-7 - Abaa tienda online<\/title>\n<meta name=\"robots\" content=\"index, follow, max-snippet:-1, max-image-preview:large, max-video-preview:-1\" \/>\n<link rel=\"canonical\" href=\"https:\/\/abaa.mx\/tienda\/logtag-trid30-7\/\" \/>\n<meta property=\"og:locale\" content=\"es_MX\" \/>\n<meta property=\"og:type\" content=\"article\" \/>\n<meta property=\"og:title\" content=\"Logtag trid30-7 - Abaa tienda online\" \/>\n<meta property=\"og:description\" content=\"El registrador de temperatura LogTag TRID30-7 cuenta con una pantalla junto con la funci\u00f3n de registro de datos que almacena hasta 7770 lecturas de temperatura y una memoria de duraci\u00f3n y lectura estad\u00edstica m\u00e1xima \/ m\u00ednima de 30 d\u00edas que se puede revisar en la pantalla. La visualizaci\u00f3n de la temperatura actual y las alarmas anteriores es una caracter\u00edstica importante en aplicaciones &quot;est\u00e1ticas&quot; como c\u00e1maras frigor\u00edficas y refrigeradores.\" \/>\n<meta property=\"og:url\" content=\"https:\/\/abaa.mx\/tienda\/logtag-trid30-7\/\" \/>\n<meta property=\"og:site_name\" content=\"Abaa tienda online\" \/>\n<meta property=\"article:modified_time\" content=\"2023-11-24T14:37:02+00:00\" \/>\n<meta property=\"og:image\" content=\"https:\/\/abaa.mx\/tienda\/wp-content\/uploads\/2023\/09\/logtag-trid30-7.jpg\" \/>\n\t<meta property=\"og:image:width\" content=\"474\" \/>\n\t<meta property=\"og:image:height\" content=\"625\" \/>\n\t<meta property=\"og:image:type\" content=\"image\/jpeg\" \/>\n<meta name=\"twitter:card\" content=\"summary_large_image\" \/>\n<meta name=\"twitter:label1\" content=\"Tiempo de lectura\" \/>\n\t<meta name=\"twitter:data1\" content=\"5 minutos\" \/>\n<script type=\"application\/ld+json\" class=\"yoast-schema-graph\">{\"@context\":\"https:\/\/schema.org\",\"@graph\":[{\"@type\":\"WebPage\",\"@id\":\"https:\/\/abaa.mx\/tienda\/logtag-trid30-7\/\",\"url\":\"https:\/\/abaa.mx\/tienda\/logtag-trid30-7\/\",\"name\":\"Logtag trid30-7 - Abaa tienda online\",\"isPartOf\":{\"@id\":\"https:\/\/abaa.mx\/tienda\/#website\"},\"primaryImageOfPage\":{\"@id\":\"https:\/\/abaa.mx\/tienda\/logtag-trid30-7\/#primaryimage\"},\"image\":{\"@id\":\"https:\/\/abaa.mx\/tienda\/logtag-trid30-7\/#primaryimage\"},\"thumbnailUrl\":\"https:\/\/abaa.mx\/tienda\/wp-content\/uploads\/2023\/09\/logtag-trid30-7.jpg\",\"datePublished\":\"2023-09-14T14:26:19+00:00\",\"dateModified\":\"2023-11-24T14:37:02+00:00\",\"breadcrumb\":{\"@id\":\"https:\/\/abaa.mx\/tienda\/logtag-trid30-7\/#breadcrumb\"},\"inLanguage\":\"es\",\"potentialAction\":[{\"@type\":\"ReadAction\",\"target\":[\"https:\/\/abaa.mx\/tienda\/logtag-trid30-7\/\"]}]},{\"@type\":\"ImageObject\",\"inLanguage\":\"es\",\"@id\":\"https:\/\/abaa.mx\/tienda\/logtag-trid30-7\/#primaryimage\",\"url\":\"https:\/\/abaa.mx\/tienda\/wp-content\/uploads\/2023\/09\/logtag-trid30-7.jpg\",\"contentUrl\":\"https:\/\/abaa.mx\/tienda\/wp-content\/uploads\/2023\/09\/logtag-trid30-7.jpg\",\"width\":474,\"height\":625,\"caption\":\"logtag-trid30-7\"},{\"@type\":\"BreadcrumbList\",\"@id\":\"https:\/\/abaa.mx\/tienda\/logtag-trid30-7\/#breadcrumb\",\"itemListElement\":[{\"@type\":\"ListItem\",\"position\":1,\"name\":\"Inicio\",\"item\":\"https:\/\/abaa.mx\/tienda\/\"},{\"@type\":\"ListItem\",\"position\":2,\"name\":\"Tienda\",\"item\":\"https:\/\/abaa.mx\/tienda\/\"},{\"@type\":\"ListItem\",\"position\":3,\"name\":\"Logtag trid30-7\"}]},{\"@type\":\"WebSite\",\"@id\":\"https:\/\/abaa.mx\/tienda\/#website\",\"url\":\"https:\/\/abaa.mx\/tienda\/\",\"name\":\"Abaa tienda online\",\"description\":\"Instrumentos de medici\u00f3n\",\"publisher\":{\"@id\":\"https:\/\/abaa.mx\/tienda\/#organization\"},\"potentialAction\":[{\"@type\":\"SearchAction\",\"target\":{\"@type\":\"EntryPoint\",\"urlTemplate\":\"https:\/\/abaa.mx\/tienda\/?s={search_term_string}\"},\"query-input\":{\"@type\":\"PropertyValueSpecification\",\"valueRequired\":true,\"valueName\":\"search_term_string\"}}],\"inLanguage\":\"es\"},{\"@type\":\"Organization\",\"@id\":\"https:\/\/abaa.mx\/tienda\/#organization\",\"name\":\"Abaa tienda online\",\"url\":\"https:\/\/abaa.mx\/tienda\/\",\"logo\":{\"@type\":\"ImageObject\",\"inLanguage\":\"es\",\"@id\":\"https:\/\/abaa.mx\/tienda\/#\/schema\/logo\/image\/\",\"url\":\"https:\/\/abaa.mx\/tienda\/wp-content\/uploads\/2024\/01\/abaa-metrologia-tienda.png\",\"contentUrl\":\"https:\/\/abaa.mx\/tienda\/wp-content\/uploads\/2024\/01\/abaa-metrologia-tienda.png\",\"width\":300,\"height\":141,\"caption\":\"Abaa tienda online\"},\"image\":{\"@id\":\"https:\/\/abaa.mx\/tienda\/#\/schema\/logo\/image\/\"}}]}<\/script>\n<!-- \/ Yoast SEO plugin. -->","yoast_head_json":{"title":"Logtag trid30-7 - Abaa tienda online","robots":{"index":"index","follow":"follow","max-snippet":"max-snippet:-1","max-image-preview":"max-image-preview:large","max-video-preview":"max-video-preview:-1"},"canonical":"https:\/\/abaa.mx\/tienda\/logtag-trid30-7\/","og_locale":"es_MX","og_type":"article","og_title":"Logtag trid30-7 - Abaa tienda online","og_description":"El registrador de temperatura LogTag TRID30-7 cuenta con una pantalla junto con la funci\u00f3n de registro de datos que almacena hasta 7770 lecturas de temperatura y una memoria de duraci\u00f3n y lectura estad\u00edstica m\u00e1xima \/ m\u00ednima de 30 d\u00edas que se puede revisar en la pantalla. La visualizaci\u00f3n de la temperatura actual y las alarmas anteriores es una caracter\u00edstica importante en aplicaciones \"est\u00e1ticas\" como c\u00e1maras frigor\u00edficas y refrigeradores.","og_url":"https:\/\/abaa.mx\/tienda\/logtag-trid30-7\/","og_site_name":"Abaa tienda online","article_modified_time":"2023-11-24T14:37:02+00:00","og_image":[{"width":474,"height":625,"url":"https:\/\/abaa.mx\/tienda\/wp-content\/uploads\/2023\/09\/logtag-trid30-7.jpg","type":"image\/jpeg"}],"twitter_card":"summary_large_image","twitter_misc":{"Tiempo de lectura":"5 minutos"},"schema":{"@context":"https:\/\/schema.org","@graph":[{"@type":"WebPage","@id":"https:\/\/abaa.mx\/tienda\/logtag-trid30-7\/","url":"https:\/\/abaa.mx\/tienda\/logtag-trid30-7\/","name":"Logtag trid30-7 - Abaa tienda online","isPartOf":{"@id":"https:\/\/abaa.mx\/tienda\/#website"},"primaryImageOfPage":{"@id":"https:\/\/abaa.mx\/tienda\/logtag-trid30-7\/#primaryimage"},"image":{"@id":"https:\/\/abaa.mx\/tienda\/logtag-trid30-7\/#primaryimage"},"thumbnailUrl":"https:\/\/abaa.mx\/tienda\/wp-content\/uploads\/2023\/09\/logtag-trid30-7.jpg","datePublished":"2023-09-14T14:26:19+00:00","dateModified":"2023-11-24T14:37:02+00:00","breadcrumb":{"@id":"https:\/\/abaa.mx\/tienda\/logtag-trid30-7\/#breadcrumb"},"inLanguage":"es","potentialAction":[{"@type":"ReadAction","target":["https:\/\/abaa.mx\/tienda\/logtag-trid30-7\/"]}]},{"@type":"ImageObject","inLanguage":"es","@id":"https:\/\/abaa.mx\/tienda\/logtag-trid30-7\/#primaryimage","url":"https:\/\/abaa.mx\/tienda\/wp-content\/uploads\/2023\/09\/logtag-trid30-7.jpg","contentUrl":"https:\/\/abaa.mx\/tienda\/wp-content\/uploads\/2023\/09\/logtag-trid30-7.jpg","width":474,"height":625,"caption":"logtag-trid30-7"},{"@type":"BreadcrumbList","@id":"https:\/\/abaa.mx\/tienda\/logtag-trid30-7\/#breadcrumb","itemListElement":[{"@type":"ListItem","position":1,"name":"Inicio","item":"https:\/\/abaa.mx\/tienda\/"},{"@type":"ListItem","position":2,"name":"Tienda","item":"https:\/\/abaa.mx\/tienda\/"},{"@type":"ListItem","position":3,"name":"Logtag trid30-7"}]},{"@type":"WebSite","@id":"https:\/\/abaa.mx\/tienda\/#website","url":"https:\/\/abaa.mx\/tienda\/","name":"Abaa tienda online","description":"Instrumentos de medici\u00f3n","publisher":{"@id":"https:\/\/abaa.mx\/tienda\/#organization"},"potentialAction":[{"@type":"SearchAction","target":{"@type":"EntryPoint","urlTemplate":"https:\/\/abaa.mx\/tienda\/?s={search_term_string}"},"query-input":{"@type":"PropertyValueSpecification","valueRequired":true,"valueName":"search_term_string"}}],"inLanguage":"es"},{"@type":"Organization","@id":"https:\/\/abaa.mx\/tienda\/#organization","name":"Abaa tienda online","url":"https:\/\/abaa.mx\/tienda\/","logo":{"@type":"ImageObject","inLanguage":"es","@id":"https:\/\/abaa.mx\/tienda\/#\/schema\/logo\/image\/","url":"https:\/\/abaa.mx\/tienda\/wp-content\/uploads\/2024\/01\/abaa-metrologia-tienda.png","contentUrl":"https:\/\/abaa.mx\/tienda\/wp-content\/uploads\/2024\/01\/abaa-metrologia-tienda.png","width":300,"height":141,"caption":"Abaa tienda online"},"image":{"@id":"https:\/\/abaa.mx\/tienda\/#\/schema\/logo\/image\/"}}]}},"_links":{"self":[{"href":"https:\/\/abaa.mx\/tienda\/wp-json\/wp\/v2\/product\/1446","targetHints":{"allow":["GET"]}}],"collection":[{"href":"https:\/\/abaa.mx\/tienda\/wp-json\/wp\/v2\/product"}],"about":[{"href":"https:\/\/abaa.mx\/tienda\/wp-json\/wp\/v2\/types\/product"}],"replies":[{"embeddable":true,"href":"https:\/\/abaa.mx\/tienda\/wp-json\/wp\/v2\/comments?post=1446"}],"wp:featuredmedia":[{"embeddable":true,"href":"https:\/\/abaa.mx\/tienda\/wp-json\/wp\/v2\/media\/1447"}],"wp:attachment":[{"href":"https:\/\/abaa.mx\/tienda\/wp-json\/wp\/v2\/media?parent=1446"}],"wp:term":[{"taxonomy":"product_brand","embeddable":true,"href":"https:\/\/abaa.mx\/tienda\/wp-json\/wp\/v2\/product_brand?post=1446"},{"taxonomy":"product_cat","embeddable":true,"href":"https:\/\/abaa.mx\/tienda\/wp-json\/wp\/v2\/product_cat?post=1446"},{"taxonomy":"product_tag","embeddable":true,"href":"https:\/\/abaa.mx\/tienda\/wp-json\/wp\/v2\/product_tag?post=1446"}],"curies":[{"name":"wp","href":"https:\/\/api.w.org\/{rel}","templated":true}]}}