{"id":1359,"date":"2023-12-12T18:03:00","date_gmt":"2023-12-12T18:03:00","guid":{"rendered":"https:\/\/abaa.mx\/tienda\/?post_type=product&#038;p=1359"},"modified":"2023-12-12T19:09:38","modified_gmt":"2023-12-12T19:09:38","slug":"401036-luxometro","status":"publish","type":"product","link":"https:\/\/abaa.mx\/tienda\/401036-luxometro\/","title":{"rendered":"401036 &#8211; Lux\u00f3metro"},"content":{"rendered":"<p>&nbsp;<\/p>\n<p>401036 &#8211; Lux\u00f3metro<\/p>\n","protected":false},"excerpt":{"rendered":"<p>El medidor de luz de registro de datos Extech 401036 con interfaz de PC puede capturar y transferir hasta 16,000 lecturas. La frecuencia de muestreo se puede configurar para encender velas o lux en cuatro rangos de medici\u00f3n con una resoluci\u00f3n de hasta 0.01. El medidor de luz de registro de datos Extech 401036 tiene una gran pantalla LCD multifunci\u00f3n de 3,5 d\u00edgitos (1999).<\/p>\n<p>El medidor de luz de registro de datos Extech 401036 puede calcular la intensidad luminosa (candela) a trav\u00e9s del software de interfaz. Con una precisi\u00f3n b\u00e1sica de \u00b1 3% de lectura, el medidor de luz de registro de datos Extech 401036 incluye un sensor de luz de fotodiodo de silicio de alta precisi\u00f3n remoto con cubierta protectora. Otras caracter\u00edsticas incluyen lectura m\u00e1xima, retenci\u00f3n de datos, indicador de bater\u00eda baja y una interfaz RS-232 para PC para operaci\u00f3n remota del medidor y registro de datos.<\/p>\n<p><strong>Aplicaciones para el medidor de luz de registro de datos Extech 401036:<\/strong><\/p>\n<ul>\n<li>Pruebas de luz en lugares de trabajo, salas blancas e industriales para cumplir con OSHA.<\/li>\n<li>Pruebas de luz en escuelas y bibliotecas.<\/li>\n<li>Agencias policiales, seguridad de edificios y \u00e1reas ATM.<\/li>\n<li>Pruebas ambientales para exhibiciones y archivos sensibles a la luz en \u00e1reas como museos y galer\u00edas de arte.<\/li>\n<li>Numerosos usos video, fotogr\u00e1ficos y arquitect\u00f3nicos.<\/li>\n<li>El medidor de luz de registro de datos Extech 401036 con interfaz para PC se env\u00eda completo con: Software de Windows, cable RS-232, bater\u00eda de 9V y estuche de transporte.<\/li>\n<\/ul>\n<p>&nbsp;<\/p>\n<p>&nbsp;<\/p>\n","protected":false},"featured_media":9773,"comment_status":"open","ping_status":"closed","template":"","meta":{"_joinchat":[]},"product_brand":[],"product_cat":[15],"product_tag":[],"class_list":{"0":"post-1359","1":"product","2":"type-product","3":"status-publish","4":"has-post-thumbnail","6":"product_cat-sin-categorizar","8":"first","9":"instock","10":"shipping-taxable","11":"product-type-simple"},"yoast_head":"<!-- This site is optimized with the Yoast SEO plugin v26.4 - https:\/\/yoast.com\/wordpress\/plugins\/seo\/ -->\n<title>401036 - Lux\u00f3metro - Abaa tienda online<\/title>\n<meta name=\"robots\" content=\"index, follow, max-snippet:-1, max-image-preview:large, max-video-preview:-1\" \/>\n<link rel=\"canonical\" href=\"https:\/\/abaa.mx\/tienda\/401036-luxometro\/\" \/>\n<meta property=\"og:locale\" content=\"es_MX\" \/>\n<meta property=\"og:type\" content=\"article\" \/>\n<meta property=\"og:title\" content=\"401036 - Lux\u00f3metro - Abaa tienda online\" \/>\n<meta property=\"og:description\" content=\"El medidor de luz de registro de datos Extech 401036 con interfaz de PC puede capturar y transferir hasta 16,000 lecturas. La frecuencia de muestreo se puede configurar para encender velas o lux en cuatro rangos de medici\u00f3n con una resoluci\u00f3n de hasta 0.01. El medidor de luz de registro de datos Extech 401036 tiene una gran pantalla LCD multifunci\u00f3n de 3,5 d\u00edgitos (1999).  El medidor de luz de registro de datos Extech 401036 puede calcular la intensidad luminosa (candela) a trav\u00e9s del software de interfaz. Con una precisi\u00f3n b\u00e1sica de \u00b1 3% de lectura, el medidor de luz de registro de datos Extech 401036 incluye un sensor de luz de fotodiodo de silicio de alta precisi\u00f3n remoto con cubierta protectora. Otras caracter\u00edsticas incluyen lectura m\u00e1xima, retenci\u00f3n de datos, indicador de bater\u00eda baja y una interfaz RS-232 para PC para operaci\u00f3n remota del medidor y registro de datos.  Aplicaciones para el medidor de luz de registro de datos Extech 401036:   Pruebas de luz en lugares de trabajo, salas blancas e industriales para cumplir con OSHA.  Pruebas de luz en escuelas y bibliotecas.  Agencias policiales, seguridad de edificios y \u00e1reas ATM.  Pruebas ambientales para exhibiciones y archivos sensibles a la luz en \u00e1reas como museos y galer\u00edas de arte.  Numerosos usos video, fotogr\u00e1ficos y arquitect\u00f3nicos.  El medidor de luz de registro de datos Extech 401036 con interfaz para PC se env\u00eda completo con: Software de Windows, cable RS-232, bater\u00eda de 9V y estuche de transporte.  &nbsp;  &nbsp;\" \/>\n<meta property=\"og:url\" content=\"https:\/\/abaa.mx\/tienda\/401036-luxometro\/\" \/>\n<meta property=\"og:site_name\" content=\"Abaa tienda online\" \/>\n<meta property=\"article:modified_time\" content=\"2023-12-12T19:09:38+00:00\" \/>\n<meta property=\"og:image\" content=\"https:\/\/abaa.mx\/tienda\/wp-content\/uploads\/2023\/12\/401036-Luxometro.jpg\" \/>\n\t<meta property=\"og:image:width\" content=\"1024\" \/>\n\t<meta property=\"og:image:height\" content=\"1024\" \/>\n\t<meta property=\"og:image:type\" content=\"image\/jpeg\" \/>\n<meta name=\"twitter:card\" content=\"summary_large_image\" \/>\n<meta name=\"twitter:label1\" content=\"Tiempo de lectura\" \/>\n\t<meta name=\"twitter:data1\" content=\"1 minuto\" \/>\n<script type=\"application\/ld+json\" class=\"yoast-schema-graph\">{\"@context\":\"https:\/\/schema.org\",\"@graph\":[{\"@type\":\"WebPage\",\"@id\":\"https:\/\/abaa.mx\/tienda\/401036-luxometro\/\",\"url\":\"https:\/\/abaa.mx\/tienda\/401036-luxometro\/\",\"name\":\"401036 - Lux\u00f3metro - Abaa tienda online\",\"isPartOf\":{\"@id\":\"https:\/\/abaa.mx\/tienda\/#website\"},\"primaryImageOfPage\":{\"@id\":\"https:\/\/abaa.mx\/tienda\/401036-luxometro\/#primaryimage\"},\"image\":{\"@id\":\"https:\/\/abaa.mx\/tienda\/401036-luxometro\/#primaryimage\"},\"thumbnailUrl\":\"https:\/\/abaa.mx\/tienda\/wp-content\/uploads\/2023\/12\/401036-Luxometro.jpg\",\"datePublished\":\"2023-12-12T18:03:00+00:00\",\"dateModified\":\"2023-12-12T19:09:38+00:00\",\"breadcrumb\":{\"@id\":\"https:\/\/abaa.mx\/tienda\/401036-luxometro\/#breadcrumb\"},\"inLanguage\":\"es\",\"potentialAction\":[{\"@type\":\"ReadAction\",\"target\":[\"https:\/\/abaa.mx\/tienda\/401036-luxometro\/\"]}]},{\"@type\":\"ImageObject\",\"inLanguage\":\"es\",\"@id\":\"https:\/\/abaa.mx\/tienda\/401036-luxometro\/#primaryimage\",\"url\":\"https:\/\/abaa.mx\/tienda\/wp-content\/uploads\/2023\/12\/401036-Luxometro.jpg\",\"contentUrl\":\"https:\/\/abaa.mx\/tienda\/wp-content\/uploads\/2023\/12\/401036-Luxometro.jpg\",\"width\":1024,\"height\":1024,\"caption\":\"401036 - Lux\u00f3metro\"},{\"@type\":\"BreadcrumbList\",\"@id\":\"https:\/\/abaa.mx\/tienda\/401036-luxometro\/#breadcrumb\",\"itemListElement\":[{\"@type\":\"ListItem\",\"position\":1,\"name\":\"Inicio\",\"item\":\"https:\/\/abaa.mx\/tienda\/\"},{\"@type\":\"ListItem\",\"position\":2,\"name\":\"Tienda\",\"item\":\"https:\/\/abaa.mx\/tienda\/\"},{\"@type\":\"ListItem\",\"position\":3,\"name\":\"401036 &#8211; Lux\u00f3metro\"}]},{\"@type\":\"WebSite\",\"@id\":\"https:\/\/abaa.mx\/tienda\/#website\",\"url\":\"https:\/\/abaa.mx\/tienda\/\",\"name\":\"Abaa tienda online\",\"description\":\"Instrumentos de medici\u00f3n\",\"publisher\":{\"@id\":\"https:\/\/abaa.mx\/tienda\/#organization\"},\"potentialAction\":[{\"@type\":\"SearchAction\",\"target\":{\"@type\":\"EntryPoint\",\"urlTemplate\":\"https:\/\/abaa.mx\/tienda\/?s={search_term_string}\"},\"query-input\":{\"@type\":\"PropertyValueSpecification\",\"valueRequired\":true,\"valueName\":\"search_term_string\"}}],\"inLanguage\":\"es\"},{\"@type\":\"Organization\",\"@id\":\"https:\/\/abaa.mx\/tienda\/#organization\",\"name\":\"Abaa tienda online\",\"url\":\"https:\/\/abaa.mx\/tienda\/\",\"logo\":{\"@type\":\"ImageObject\",\"inLanguage\":\"es\",\"@id\":\"https:\/\/abaa.mx\/tienda\/#\/schema\/logo\/image\/\",\"url\":\"https:\/\/abaa.mx\/tienda\/wp-content\/uploads\/2024\/01\/abaa-metrologia-tienda.png\",\"contentUrl\":\"https:\/\/abaa.mx\/tienda\/wp-content\/uploads\/2024\/01\/abaa-metrologia-tienda.png\",\"width\":300,\"height\":141,\"caption\":\"Abaa tienda online\"},\"image\":{\"@id\":\"https:\/\/abaa.mx\/tienda\/#\/schema\/logo\/image\/\"}}]}<\/script>\n<!-- \/ Yoast SEO plugin. -->","yoast_head_json":{"title":"401036 - Lux\u00f3metro - Abaa tienda online","robots":{"index":"index","follow":"follow","max-snippet":"max-snippet:-1","max-image-preview":"max-image-preview:large","max-video-preview":"max-video-preview:-1"},"canonical":"https:\/\/abaa.mx\/tienda\/401036-luxometro\/","og_locale":"es_MX","og_type":"article","og_title":"401036 - Lux\u00f3metro - Abaa tienda online","og_description":"El medidor de luz de registro de datos Extech 401036 con interfaz de PC puede capturar y transferir hasta 16,000 lecturas. La frecuencia de muestreo se puede configurar para encender velas o lux en cuatro rangos de medici\u00f3n con una resoluci\u00f3n de hasta 0.01. El medidor de luz de registro de datos Extech 401036 tiene una gran pantalla LCD multifunci\u00f3n de 3,5 d\u00edgitos (1999).  El medidor de luz de registro de datos Extech 401036 puede calcular la intensidad luminosa (candela) a trav\u00e9s del software de interfaz. Con una precisi\u00f3n b\u00e1sica de \u00b1 3% de lectura, el medidor de luz de registro de datos Extech 401036 incluye un sensor de luz de fotodiodo de silicio de alta precisi\u00f3n remoto con cubierta protectora. Otras caracter\u00edsticas incluyen lectura m\u00e1xima, retenci\u00f3n de datos, indicador de bater\u00eda baja y una interfaz RS-232 para PC para operaci\u00f3n remota del medidor y registro de datos.  Aplicaciones para el medidor de luz de registro de datos Extech 401036:   Pruebas de luz en lugares de trabajo, salas blancas e industriales para cumplir con OSHA.  Pruebas de luz en escuelas y bibliotecas.  Agencias policiales, seguridad de edificios y \u00e1reas ATM.  Pruebas ambientales para exhibiciones y archivos sensibles a la luz en \u00e1reas como museos y galer\u00edas de arte.  Numerosos usos video, fotogr\u00e1ficos y arquitect\u00f3nicos.  El medidor de luz de registro de datos Extech 401036 con interfaz para PC se env\u00eda completo con: Software de Windows, cable RS-232, bater\u00eda de 9V y estuche de transporte.  &nbsp;  &nbsp;","og_url":"https:\/\/abaa.mx\/tienda\/401036-luxometro\/","og_site_name":"Abaa tienda online","article_modified_time":"2023-12-12T19:09:38+00:00","og_image":[{"width":1024,"height":1024,"url":"https:\/\/abaa.mx\/tienda\/wp-content\/uploads\/2023\/12\/401036-Luxometro.jpg","type":"image\/jpeg"}],"twitter_card":"summary_large_image","twitter_misc":{"Tiempo de lectura":"1 minuto"},"schema":{"@context":"https:\/\/schema.org","@graph":[{"@type":"WebPage","@id":"https:\/\/abaa.mx\/tienda\/401036-luxometro\/","url":"https:\/\/abaa.mx\/tienda\/401036-luxometro\/","name":"401036 - Lux\u00f3metro - Abaa tienda online","isPartOf":{"@id":"https:\/\/abaa.mx\/tienda\/#website"},"primaryImageOfPage":{"@id":"https:\/\/abaa.mx\/tienda\/401036-luxometro\/#primaryimage"},"image":{"@id":"https:\/\/abaa.mx\/tienda\/401036-luxometro\/#primaryimage"},"thumbnailUrl":"https:\/\/abaa.mx\/tienda\/wp-content\/uploads\/2023\/12\/401036-Luxometro.jpg","datePublished":"2023-12-12T18:03:00+00:00","dateModified":"2023-12-12T19:09:38+00:00","breadcrumb":{"@id":"https:\/\/abaa.mx\/tienda\/401036-luxometro\/#breadcrumb"},"inLanguage":"es","potentialAction":[{"@type":"ReadAction","target":["https:\/\/abaa.mx\/tienda\/401036-luxometro\/"]}]},{"@type":"ImageObject","inLanguage":"es","@id":"https:\/\/abaa.mx\/tienda\/401036-luxometro\/#primaryimage","url":"https:\/\/abaa.mx\/tienda\/wp-content\/uploads\/2023\/12\/401036-Luxometro.jpg","contentUrl":"https:\/\/abaa.mx\/tienda\/wp-content\/uploads\/2023\/12\/401036-Luxometro.jpg","width":1024,"height":1024,"caption":"401036 - Lux\u00f3metro"},{"@type":"BreadcrumbList","@id":"https:\/\/abaa.mx\/tienda\/401036-luxometro\/#breadcrumb","itemListElement":[{"@type":"ListItem","position":1,"name":"Inicio","item":"https:\/\/abaa.mx\/tienda\/"},{"@type":"ListItem","position":2,"name":"Tienda","item":"https:\/\/abaa.mx\/tienda\/"},{"@type":"ListItem","position":3,"name":"401036 &#8211; Lux\u00f3metro"}]},{"@type":"WebSite","@id":"https:\/\/abaa.mx\/tienda\/#website","url":"https:\/\/abaa.mx\/tienda\/","name":"Abaa tienda online","description":"Instrumentos de medici\u00f3n","publisher":{"@id":"https:\/\/abaa.mx\/tienda\/#organization"},"potentialAction":[{"@type":"SearchAction","target":{"@type":"EntryPoint","urlTemplate":"https:\/\/abaa.mx\/tienda\/?s={search_term_string}"},"query-input":{"@type":"PropertyValueSpecification","valueRequired":true,"valueName":"search_term_string"}}],"inLanguage":"es"},{"@type":"Organization","@id":"https:\/\/abaa.mx\/tienda\/#organization","name":"Abaa tienda online","url":"https:\/\/abaa.mx\/tienda\/","logo":{"@type":"ImageObject","inLanguage":"es","@id":"https:\/\/abaa.mx\/tienda\/#\/schema\/logo\/image\/","url":"https:\/\/abaa.mx\/tienda\/wp-content\/uploads\/2024\/01\/abaa-metrologia-tienda.png","contentUrl":"https:\/\/abaa.mx\/tienda\/wp-content\/uploads\/2024\/01\/abaa-metrologia-tienda.png","width":300,"height":141,"caption":"Abaa tienda online"},"image":{"@id":"https:\/\/abaa.mx\/tienda\/#\/schema\/logo\/image\/"}}]}},"_links":{"self":[{"href":"https:\/\/abaa.mx\/tienda\/wp-json\/wp\/v2\/product\/1359","targetHints":{"allow":["GET"]}}],"collection":[{"href":"https:\/\/abaa.mx\/tienda\/wp-json\/wp\/v2\/product"}],"about":[{"href":"https:\/\/abaa.mx\/tienda\/wp-json\/wp\/v2\/types\/product"}],"replies":[{"embeddable":true,"href":"https:\/\/abaa.mx\/tienda\/wp-json\/wp\/v2\/comments?post=1359"}],"wp:featuredmedia":[{"embeddable":true,"href":"https:\/\/abaa.mx\/tienda\/wp-json\/wp\/v2\/media\/9773"}],"wp:attachment":[{"href":"https:\/\/abaa.mx\/tienda\/wp-json\/wp\/v2\/media?parent=1359"}],"wp:term":[{"taxonomy":"product_brand","embeddable":true,"href":"https:\/\/abaa.mx\/tienda\/wp-json\/wp\/v2\/product_brand?post=1359"},{"taxonomy":"product_cat","embeddable":true,"href":"https:\/\/abaa.mx\/tienda\/wp-json\/wp\/v2\/product_cat?post=1359"},{"taxonomy":"product_tag","embeddable":true,"href":"https:\/\/abaa.mx\/tienda\/wp-json\/wp\/v2\/product_tag?post=1359"}],"curies":[{"name":"wp","href":"https:\/\/api.w.org\/{rel}","templated":true}]}}