{"id":1346,"date":"2023-09-08T16:19:03","date_gmt":"2023-09-08T16:19:03","guid":{"rendered":"https:\/\/abaa.mx\/tienda\/?post_type=product&#038;p=1346"},"modified":"2023-11-24T16:07:14","modified_gmt":"2023-11-24T16:07:14","slug":"logtag-utrix-16","status":"publish","type":"product","link":"https:\/\/abaa.mx\/tienda\/logtag-utrix-16\/","title":{"rendered":"Logtag utrix-16"},"content":{"rendered":"<p>El LogTag UTRIX-16 no requiere hardware especial o software propietario para acceder a los datos registrados y puede generar un informe PDF completamente detallado. Almacena lecturas de temperatura en tiempo real en un rango de medici\u00f3n de -30 \u00b0C a +70 \u00b0C, muestra alertas configurables por el usuario y viene con un conector USB integrado de larga duraci\u00f3n. El UTRIX-16 est\u00e1 encerrado en la misma caja de policarbonato robusta y duradera com\u00fan a otros productos LogTag.<\/p>\n<p>&nbsp;<\/p>\n<p><strong>Caracter\u00edsticas:<\/strong><\/p>\n<ul class=\"highlights bullet\">\n<li>Genera autom\u00e1ticamente un informe PDF y un archivo de datos de Excel, sin necesidad de software de descarga especial.<\/li>\n<li>Genera autom\u00e1ticamente un archivo de datos LogTag cifrado, para un an\u00e1lisis m\u00e1s detallado y para cumplir con FDA CFR21 Parte 11.<\/li>\n<li>Totalmente configurable por el usuario a trav\u00e9s de LogTag Analyzer para configuraciones de alarma individuales, opciones de inicio, duraci\u00f3n del viaje e intervalo de registro.<\/li>\n<li>Conector USB duradero y fiable con contactos chapados en oro, dise\u00f1ado para m\u00faltiples inserciones.<\/li>\n<li>Hasta 16.129 grabaciones: proporciona m\u00e1s de 3 meses de registro a intervalos de muestreo de 10 minutos.<\/li>\n<li>Adecuado para cualquier aplicaci\u00f3n multiuso donde la grabadora se pueda recuperar y reutilizar.<\/li>\n<\/ul>\n<p>&nbsp;<\/p>\n<h4>Especificaciones T\u00e9cnicas:<\/h4>\n<table class=\"table table-bordered table-condensed\">\n<colgroup>\n<col width=\"50%\" \/>\n<col width=\"50%\" \/><\/colgroup>\n<tbody>\n<tr>\n<td width=\"50%\">Modelo<\/td>\n<td width=\"50%\">UTRIX-16<\/td>\n<\/tr>\n<tr>\n<td>Rango de medici\u00f3n<\/td>\n<td>De -30 \u00b0C a +70 \u00b0C<\/td>\n<\/tr>\n<tr>\n<td>Precisi\u00f3n de lectura de temperatura nominal<\/td>\n<td>Mejor que \u00b10.5 \u00b0C para -20 \u00b0C a +40 \u00b0C Mejor que \u00b10.7 \u00b0C para -30 \u00b0C a -20 \u00b0C y +40 \u00b0C a +60 \u00b0C Mejor que \u00b10.8 \u00b0C para +60 \u00b0C a +70 \u00b0C<\/td>\n<\/tr>\n<tr>\n<td>Capacidad<\/td>\n<td>16.129 registros de temperatura en tiempo real, memoria no vol\u00e1til<\/td>\n<\/tr>\n<tr>\n<td>Intervalo de muestreo<\/td>\n<td>Configurable de 30 segundos a 18 horas<\/td>\n<\/tr>\n<tr>\n<td>Opciones de inicio<\/td>\n<td>Inicio con bot\u00f3n pulsador o fecha\/hora espec\u00edfica<\/td>\n<\/tr>\n<tr>\n<td>Retraso en el arranque<\/td>\n<td>Configurable desde 1 minuto hasta 72 horas<\/td>\n<\/tr>\n<tr>\n<td>Medioambiental<\/td>\n<td>IEC 60529: IP 64 con tapa USB instalada<\/td>\n<\/tr>\n<tr>\n<td>Fuente de alimentaci\u00f3n<\/td>\n<td>Bater\u00eda de litio de 3V \u2013 no reemplazable<\/td>\n<\/tr>\n<tr>\n<td>Duraci\u00f3n de la bater\u00eda<\/td>\n<td>2-3 a\u00f1os de uso normal, basado en el registro<br \/>\nde 15 minutos y la descarga mensual de datos<\/td>\n<\/tr>\n<tr>\n<td>Tama\u00f1o<\/td>\n<td>93 mm (alto) x 54,5 mm (ancho) x 8,6 mm (a) incluyendo tapa USB<\/td>\n<\/tr>\n<tr>\n<td>Peso<\/td>\n<td>35 g<\/td>\n<\/tr>\n<tr>\n<td>Material de la caja<\/td>\n<td>Policarbonato<\/td>\n<\/tr>\n<tr>\n<td>Funciones de alarma<\/td>\n<td>Eventos de alarma<br \/>\nalta\/baja, \u00fanica, consecutiva y acumulativa, indicadores &#8216;OK&#8217;\/&#8217;ALERT&#8217;<\/td>\n<\/tr>\n<tr>\n<td>Interfaz de conexi\u00f3n<\/td>\n<td>USB 2.0, alta durabilidad, enchufe met\u00e1lico tipo A<\/td>\n<\/tr>\n<tr>\n<td>Software<\/td>\n<td>Adobe Reader, LogTag Analyzer 2.6 o superior<\/td>\n<\/tr>\n<\/tbody>\n<\/table>\n","protected":false},"excerpt":{"rendered":"<p>El LogTag UTRIX-16 no requiere hardware especial o software propietario para acceder a los datos registrados y puede generar un informe PDF completamente detallado.<\/p>\n","protected":false},"featured_media":1347,"comment_status":"open","ping_status":"closed","template":"","meta":{"_joinchat":[]},"product_brand":[],"product_cat":[15],"product_tag":[],"class_list":{"0":"post-1346","1":"product","2":"type-product","3":"status-publish","4":"has-post-thumbnail","6":"product_cat-sin-categorizar","8":"first","9":"instock","10":"shipping-taxable","11":"product-type-simple"},"yoast_head":"<!-- This site is optimized with the Yoast SEO plugin v26.4 - https:\/\/yoast.com\/wordpress\/plugins\/seo\/ -->\n<title>Logtag utrix-16 - Abaa tienda online<\/title>\n<meta name=\"robots\" content=\"index, follow, max-snippet:-1, max-image-preview:large, max-video-preview:-1\" \/>\n<link rel=\"canonical\" href=\"https:\/\/abaa.mx\/tienda\/logtag-utrix-16\/\" \/>\n<meta property=\"og:locale\" content=\"es_MX\" \/>\n<meta property=\"og:type\" content=\"article\" \/>\n<meta property=\"og:title\" content=\"Logtag utrix-16 - Abaa tienda online\" \/>\n<meta property=\"og:description\" content=\"El LogTag UTRIX-16 no requiere hardware especial o software propietario para acceder a los datos registrados y puede generar un informe PDF completamente detallado.\" \/>\n<meta property=\"og:url\" content=\"https:\/\/abaa.mx\/tienda\/logtag-utrix-16\/\" \/>\n<meta property=\"og:site_name\" content=\"Abaa tienda online\" \/>\n<meta property=\"article:modified_time\" content=\"2023-11-24T16:07:14+00:00\" \/>\n<meta property=\"og:image\" content=\"https:\/\/abaa.mx\/tienda\/wp-content\/uploads\/2023\/09\/logtag-utrix-16.jpg\" \/>\n\t<meta property=\"og:image:width\" content=\"800\" \/>\n\t<meta property=\"og:image:height\" content=\"800\" \/>\n\t<meta property=\"og:image:type\" content=\"image\/jpeg\" \/>\n<meta name=\"twitter:card\" content=\"summary_large_image\" \/>\n<meta name=\"twitter:label1\" content=\"Tiempo de lectura\" \/>\n\t<meta name=\"twitter:data1\" content=\"2 minutos\" \/>\n<script type=\"application\/ld+json\" class=\"yoast-schema-graph\">{\"@context\":\"https:\/\/schema.org\",\"@graph\":[{\"@type\":\"WebPage\",\"@id\":\"https:\/\/abaa.mx\/tienda\/logtag-utrix-16\/\",\"url\":\"https:\/\/abaa.mx\/tienda\/logtag-utrix-16\/\",\"name\":\"Logtag utrix-16 - Abaa tienda online\",\"isPartOf\":{\"@id\":\"https:\/\/abaa.mx\/tienda\/#website\"},\"primaryImageOfPage\":{\"@id\":\"https:\/\/abaa.mx\/tienda\/logtag-utrix-16\/#primaryimage\"},\"image\":{\"@id\":\"https:\/\/abaa.mx\/tienda\/logtag-utrix-16\/#primaryimage\"},\"thumbnailUrl\":\"https:\/\/abaa.mx\/tienda\/wp-content\/uploads\/2023\/09\/logtag-utrix-16.jpg\",\"datePublished\":\"2023-09-08T16:19:03+00:00\",\"dateModified\":\"2023-11-24T16:07:14+00:00\",\"breadcrumb\":{\"@id\":\"https:\/\/abaa.mx\/tienda\/logtag-utrix-16\/#breadcrumb\"},\"inLanguage\":\"es\",\"potentialAction\":[{\"@type\":\"ReadAction\",\"target\":[\"https:\/\/abaa.mx\/tienda\/logtag-utrix-16\/\"]}]},{\"@type\":\"ImageObject\",\"inLanguage\":\"es\",\"@id\":\"https:\/\/abaa.mx\/tienda\/logtag-utrix-16\/#primaryimage\",\"url\":\"https:\/\/abaa.mx\/tienda\/wp-content\/uploads\/2023\/09\/logtag-utrix-16.jpg\",\"contentUrl\":\"https:\/\/abaa.mx\/tienda\/wp-content\/uploads\/2023\/09\/logtag-utrix-16.jpg\",\"width\":800,\"height\":800,\"caption\":\"logtag-utrix-16\"},{\"@type\":\"BreadcrumbList\",\"@id\":\"https:\/\/abaa.mx\/tienda\/logtag-utrix-16\/#breadcrumb\",\"itemListElement\":[{\"@type\":\"ListItem\",\"position\":1,\"name\":\"Inicio\",\"item\":\"https:\/\/abaa.mx\/tienda\/\"},{\"@type\":\"ListItem\",\"position\":2,\"name\":\"Tienda\",\"item\":\"https:\/\/abaa.mx\/tienda\/\"},{\"@type\":\"ListItem\",\"position\":3,\"name\":\"Logtag utrix-16\"}]},{\"@type\":\"WebSite\",\"@id\":\"https:\/\/abaa.mx\/tienda\/#website\",\"url\":\"https:\/\/abaa.mx\/tienda\/\",\"name\":\"Abaa tienda online\",\"description\":\"Instrumentos de medici\u00f3n\",\"publisher\":{\"@id\":\"https:\/\/abaa.mx\/tienda\/#organization\"},\"potentialAction\":[{\"@type\":\"SearchAction\",\"target\":{\"@type\":\"EntryPoint\",\"urlTemplate\":\"https:\/\/abaa.mx\/tienda\/?s={search_term_string}\"},\"query-input\":{\"@type\":\"PropertyValueSpecification\",\"valueRequired\":true,\"valueName\":\"search_term_string\"}}],\"inLanguage\":\"es\"},{\"@type\":\"Organization\",\"@id\":\"https:\/\/abaa.mx\/tienda\/#organization\",\"name\":\"Abaa tienda online\",\"url\":\"https:\/\/abaa.mx\/tienda\/\",\"logo\":{\"@type\":\"ImageObject\",\"inLanguage\":\"es\",\"@id\":\"https:\/\/abaa.mx\/tienda\/#\/schema\/logo\/image\/\",\"url\":\"https:\/\/abaa.mx\/tienda\/wp-content\/uploads\/2024\/01\/abaa-metrologia-tienda.png\",\"contentUrl\":\"https:\/\/abaa.mx\/tienda\/wp-content\/uploads\/2024\/01\/abaa-metrologia-tienda.png\",\"width\":300,\"height\":141,\"caption\":\"Abaa tienda online\"},\"image\":{\"@id\":\"https:\/\/abaa.mx\/tienda\/#\/schema\/logo\/image\/\"}}]}<\/script>\n<!-- \/ Yoast SEO plugin. -->","yoast_head_json":{"title":"Logtag utrix-16 - Abaa tienda online","robots":{"index":"index","follow":"follow","max-snippet":"max-snippet:-1","max-image-preview":"max-image-preview:large","max-video-preview":"max-video-preview:-1"},"canonical":"https:\/\/abaa.mx\/tienda\/logtag-utrix-16\/","og_locale":"es_MX","og_type":"article","og_title":"Logtag utrix-16 - Abaa tienda online","og_description":"El LogTag UTRIX-16 no requiere hardware especial o software propietario para acceder a los datos registrados y puede generar un informe PDF completamente detallado.","og_url":"https:\/\/abaa.mx\/tienda\/logtag-utrix-16\/","og_site_name":"Abaa tienda online","article_modified_time":"2023-11-24T16:07:14+00:00","og_image":[{"width":800,"height":800,"url":"https:\/\/abaa.mx\/tienda\/wp-content\/uploads\/2023\/09\/logtag-utrix-16.jpg","type":"image\/jpeg"}],"twitter_card":"summary_large_image","twitter_misc":{"Tiempo de lectura":"2 minutos"},"schema":{"@context":"https:\/\/schema.org","@graph":[{"@type":"WebPage","@id":"https:\/\/abaa.mx\/tienda\/logtag-utrix-16\/","url":"https:\/\/abaa.mx\/tienda\/logtag-utrix-16\/","name":"Logtag utrix-16 - Abaa tienda online","isPartOf":{"@id":"https:\/\/abaa.mx\/tienda\/#website"},"primaryImageOfPage":{"@id":"https:\/\/abaa.mx\/tienda\/logtag-utrix-16\/#primaryimage"},"image":{"@id":"https:\/\/abaa.mx\/tienda\/logtag-utrix-16\/#primaryimage"},"thumbnailUrl":"https:\/\/abaa.mx\/tienda\/wp-content\/uploads\/2023\/09\/logtag-utrix-16.jpg","datePublished":"2023-09-08T16:19:03+00:00","dateModified":"2023-11-24T16:07:14+00:00","breadcrumb":{"@id":"https:\/\/abaa.mx\/tienda\/logtag-utrix-16\/#breadcrumb"},"inLanguage":"es","potentialAction":[{"@type":"ReadAction","target":["https:\/\/abaa.mx\/tienda\/logtag-utrix-16\/"]}]},{"@type":"ImageObject","inLanguage":"es","@id":"https:\/\/abaa.mx\/tienda\/logtag-utrix-16\/#primaryimage","url":"https:\/\/abaa.mx\/tienda\/wp-content\/uploads\/2023\/09\/logtag-utrix-16.jpg","contentUrl":"https:\/\/abaa.mx\/tienda\/wp-content\/uploads\/2023\/09\/logtag-utrix-16.jpg","width":800,"height":800,"caption":"logtag-utrix-16"},{"@type":"BreadcrumbList","@id":"https:\/\/abaa.mx\/tienda\/logtag-utrix-16\/#breadcrumb","itemListElement":[{"@type":"ListItem","position":1,"name":"Inicio","item":"https:\/\/abaa.mx\/tienda\/"},{"@type":"ListItem","position":2,"name":"Tienda","item":"https:\/\/abaa.mx\/tienda\/"},{"@type":"ListItem","position":3,"name":"Logtag utrix-16"}]},{"@type":"WebSite","@id":"https:\/\/abaa.mx\/tienda\/#website","url":"https:\/\/abaa.mx\/tienda\/","name":"Abaa tienda online","description":"Instrumentos de medici\u00f3n","publisher":{"@id":"https:\/\/abaa.mx\/tienda\/#organization"},"potentialAction":[{"@type":"SearchAction","target":{"@type":"EntryPoint","urlTemplate":"https:\/\/abaa.mx\/tienda\/?s={search_term_string}"},"query-input":{"@type":"PropertyValueSpecification","valueRequired":true,"valueName":"search_term_string"}}],"inLanguage":"es"},{"@type":"Organization","@id":"https:\/\/abaa.mx\/tienda\/#organization","name":"Abaa tienda online","url":"https:\/\/abaa.mx\/tienda\/","logo":{"@type":"ImageObject","inLanguage":"es","@id":"https:\/\/abaa.mx\/tienda\/#\/schema\/logo\/image\/","url":"https:\/\/abaa.mx\/tienda\/wp-content\/uploads\/2024\/01\/abaa-metrologia-tienda.png","contentUrl":"https:\/\/abaa.mx\/tienda\/wp-content\/uploads\/2024\/01\/abaa-metrologia-tienda.png","width":300,"height":141,"caption":"Abaa tienda online"},"image":{"@id":"https:\/\/abaa.mx\/tienda\/#\/schema\/logo\/image\/"}}]}},"_links":{"self":[{"href":"https:\/\/abaa.mx\/tienda\/wp-json\/wp\/v2\/product\/1346","targetHints":{"allow":["GET"]}}],"collection":[{"href":"https:\/\/abaa.mx\/tienda\/wp-json\/wp\/v2\/product"}],"about":[{"href":"https:\/\/abaa.mx\/tienda\/wp-json\/wp\/v2\/types\/product"}],"replies":[{"embeddable":true,"href":"https:\/\/abaa.mx\/tienda\/wp-json\/wp\/v2\/comments?post=1346"}],"wp:featuredmedia":[{"embeddable":true,"href":"https:\/\/abaa.mx\/tienda\/wp-json\/wp\/v2\/media\/1347"}],"wp:attachment":[{"href":"https:\/\/abaa.mx\/tienda\/wp-json\/wp\/v2\/media?parent=1346"}],"wp:term":[{"taxonomy":"product_brand","embeddable":true,"href":"https:\/\/abaa.mx\/tienda\/wp-json\/wp\/v2\/product_brand?post=1346"},{"taxonomy":"product_cat","embeddable":true,"href":"https:\/\/abaa.mx\/tienda\/wp-json\/wp\/v2\/product_cat?post=1346"},{"taxonomy":"product_tag","embeddable":true,"href":"https:\/\/abaa.mx\/tienda\/wp-json\/wp\/v2\/product_tag?post=1346"}],"curies":[{"name":"wp","href":"https:\/\/api.w.org\/{rel}","templated":true}]}}