{"id":1313,"date":"2023-09-07T22:00:58","date_gmt":"2023-09-07T22:00:58","guid":{"rendered":"https:\/\/abaa.mx\/tienda\/?post_type=product&#038;p=1313"},"modified":"2023-11-24T16:19:56","modified_gmt":"2023-11-24T16:19:56","slug":"logtag-trix-16","status":"publish","type":"product","link":"https:\/\/abaa.mx\/tienda\/logtag-trix-16\/","title":{"rendered":"Logtag Trix-16"},"content":{"rendered":"<div class=\"shadowSpacer\">\n<p>El Registrador de Temperatura LogTag\u00a0incorpora un sensor de temperatura externo perfectamente situado en una ranura de la carcasa. Este dise\u00f1o protege al sensor de da\u00f1os; ofreciendo a la vez, un tiempo de reacci\u00f3n m\u00e1s r\u00e1pido, vinculado a sensores de temperatura remotos.<\/p>\n<p>Usando la Interfaz LogTag, y el software de LogTag complementario libremente disponible LogTag Analyzer, se configuran f\u00e1cilmente las condiciones de registro de LogTag, incluyendo el inicio retardado, el intervalo de muestreo, el n\u00famero de lecturas, el n\u00famero de lecturas continuas o fijas y la configuraci\u00f3n de las condiciones para activar el indicador ALERT. Las lecturas se descargan mediante LogTag Analyzer, que soporta la creaci\u00f3n de gr\u00e1ficos, zoom, visualizaci\u00f3n de estad\u00edsticas de datos y permite exportar los datos a otras aplicaciones. tales como Excel.<\/p>\n<\/div>\n<p>&nbsp;<\/p>\n<h5><strong>Caracter\u00edsticas:\u00a0<\/strong><\/h5>\n<div class=\"shadowSpacer\">\n<ul class=\"highlights bullet\">\n<li><strong>Indicador de alerta:<\/strong> Indica si las lecturas est\u00e1n fuera de los l\u00edmites preestablecidos.<\/li>\n<li><strong>EI indicador OK<\/strong> : Indica si sigue grabando y si las lecturas est\u00e1n dentro de los l\u00edmites configurados.<\/li>\n<li><strong>Marca de inspecci\u00f3n:<\/strong> en el registro mediante pulsador.<\/li>\n<li><strong>&#8216;Pre-Iniciar&#8217; Registro: <\/strong>LogTag se puede configurar para registrar incluso si no se ha iniciado.<\/li>\n<li><strong>Carcasa del tama\u00f1o de una tarjeta de cr\u00e9dito:<\/strong> Lo suficientemente delgada como para ser f\u00e1cilmente enviada por correo con \u201ctarifa de carta\u201d.<\/li>\n<li><strong>El reloj en tiempo real: <\/strong>Registra el tiempo y la temperatura simult\u00e1neamente.<\/li>\n<\/ul>\n<\/div>\n<p>&nbsp;<\/p>\n<h4><strong>Especificaciones<\/strong><\/h4>\n<div class=\"shadowSpacer\">\n<table class=\"table table-bordered table-condensed\">\n<colgroup>\n<col width=\"33%\" \/>\n<col width=\"33%\" \/>\n<col width=\"33%\" \/><\/colgroup>\n<tbody>\n<tr>\n<td>C\u00f3digo de pedido de piezas<\/td>\n<td><strong>TRIX-8<\/strong><\/td>\n<td><strong>TRIX-16<\/strong><\/td>\n<\/tr>\n<tr>\n<td>Rango de medici\u00f3n del sensor de temperatura<\/td>\n<td colspan=\"2\">-40 ~ +85 \u00b0C<\/td>\n<\/tr>\n<tr>\n<td>Rango de temperatura de funcionamiento del registrador<\/td>\n<td colspan=\"2\">-40 ~ +85 \u00b0C<\/td>\n<\/tr>\n<tr>\n<td>Precisi\u00f3n de lectura de temperatura nominal<\/td>\n<td colspan=\"2\">\u00b10.5 \u00b0C para -20 \u00b0C~ +40 \u00b0C mejor que \u00b10.7 \u00b0C para -30 \u00b0C~ -20 \u00b0C &amp; +40 \u00b0C~+60 \u00b0C mejor que \u00b10.8 \u00b0C para -40 \u00b0C~ -30 \u00b0C y +60 \u00b0C~+85 \u00b0C<\/p>\n<p><small>El rendimiento real es normalmente mucho mejor que los valores nominales.<\/small><\/td>\n<\/tr>\n<tr>\n<td>Capacidad<\/td>\n<td>Lecturas de temperatura de 8000 (memoria de 16 Kbytes)<\/td>\n<td>Lecturas de temperatura de 16159 (memoria de 32 Kbytes)<\/td>\n<\/tr>\n<tr>\n<td>Frecuencia de muestreo<\/td>\n<td colspan=\"2\">ajustable, de 30 segundos a varias horas<\/td>\n<\/tr>\n<tr>\n<td>Tiempo de descarga<\/td>\n<td>Por lo general, con memoria completa en menos de 5 segundos, dependiendo de la computadora o el dispositivo de lectura utilizado.<\/td>\n<td>Por lo general, con memoria completa en menos de 10 segundos, dependiendo de la computadora o el dispositivo de lectura utilizado.<\/td>\n<\/tr>\n<tr>\n<td>Medioambiental<\/td>\n<td colspan=\"2\">IP 65<\/td>\n<\/tr>\n<tr>\n<td>Fuente de alimentaci\u00f3n<\/td>\n<td colspan=\"2\">Bater\u00eda LiMnO3 de 2V<\/td>\n<\/tr>\n<tr>\n<td>Duraci\u00f3n de la bater\u00eda<\/td>\n<td colspan=\"2\">2 ~ 3 a\u00f1os de uso t\u00edpico: m\u00e1s tiempo (hasta 5-10 a\u00f1os) si la grabadora est\u00e1 hibernada entre usos.<\/td>\n<\/tr>\n<tr>\n<td>Tama\u00f1o<\/td>\n<td colspan=\"2\">86 mm (alto) x 54,5 mm (ancho) x 8,6 mm (T)<\/td>\n<\/tr>\n<tr>\n<td>Peso<\/td>\n<td colspan=\"2\">33 gramos<\/td>\n<\/tr>\n<tr>\n<td>Material de la caja<\/td>\n<td colspan=\"2\">Policarbonato<\/td>\n<\/tr>\n<tr>\n<td>Cumplimiento de Normas de EMC<\/td>\n<td colspan=\"2\">Probado y cumple con las directivas EC EMC (EN 50081-1:1992 y EN 61000-6-1:2001)<\/td>\n<\/tr>\n<tr>\n<td>Cumplimiento EN12830<\/td>\n<td>Probado y cumple con EN12830: 1999 para el transporte, almacenamiento y distribuci\u00f3n de alimentos refrigerados, congelados, ultracongelados, congelados y otros.<\/td>\n<\/tr>\n<\/tbody>\n<\/table>\n<\/div>\n<h3><\/h3>\n","protected":false},"excerpt":{"rendered":"<p>El Registrador de Temperatura LogTag incorpora un sensor de temperatura externo perfectamente situado en una ranura de la carcasa.<\/p>\n","protected":false},"featured_media":1320,"comment_status":"open","ping_status":"closed","template":"","meta":{"_joinchat":[]},"product_brand":[],"product_cat":[15],"product_tag":[],"class_list":{"0":"post-1313","1":"product","2":"type-product","3":"status-publish","4":"has-post-thumbnail","6":"product_cat-sin-categorizar","8":"first","9":"instock","10":"shipping-taxable","11":"product-type-simple"},"yoast_head":"<!-- This site is optimized with the Yoast SEO plugin v26.4 - https:\/\/yoast.com\/wordpress\/plugins\/seo\/ -->\n<title>Logtag Trix-16 - Abaa tienda online<\/title>\n<meta name=\"robots\" content=\"index, follow, max-snippet:-1, max-image-preview:large, max-video-preview:-1\" \/>\n<link rel=\"canonical\" href=\"https:\/\/abaa.mx\/tienda\/logtag-trix-16\/\" \/>\n<meta property=\"og:locale\" content=\"es_MX\" \/>\n<meta property=\"og:type\" content=\"article\" \/>\n<meta property=\"og:title\" content=\"Logtag Trix-16 - Abaa tienda online\" \/>\n<meta property=\"og:description\" content=\"El Registrador de Temperatura LogTag incorpora un sensor de temperatura externo perfectamente situado en una ranura de la carcasa.\" \/>\n<meta property=\"og:url\" content=\"https:\/\/abaa.mx\/tienda\/logtag-trix-16\/\" \/>\n<meta property=\"og:site_name\" content=\"Abaa tienda online\" \/>\n<meta property=\"article:modified_time\" content=\"2023-11-24T16:19:56+00:00\" \/>\n<meta property=\"og:image\" content=\"https:\/\/abaa.mx\/tienda\/wp-content\/uploads\/2023\/09\/Trix-16.jpg\" \/>\n\t<meta property=\"og:image:width\" content=\"419\" \/>\n\t<meta property=\"og:image:height\" content=\"500\" \/>\n\t<meta property=\"og:image:type\" content=\"image\/jpeg\" \/>\n<meta name=\"twitter:card\" content=\"summary_large_image\" \/>\n<meta name=\"twitter:label1\" content=\"Tiempo de lectura\" \/>\n\t<meta name=\"twitter:data1\" content=\"3 minutos\" \/>\n<script type=\"application\/ld+json\" class=\"yoast-schema-graph\">{\"@context\":\"https:\/\/schema.org\",\"@graph\":[{\"@type\":\"WebPage\",\"@id\":\"https:\/\/abaa.mx\/tienda\/logtag-trix-16\/\",\"url\":\"https:\/\/abaa.mx\/tienda\/logtag-trix-16\/\",\"name\":\"Logtag Trix-16 - Abaa tienda online\",\"isPartOf\":{\"@id\":\"https:\/\/abaa.mx\/tienda\/#website\"},\"primaryImageOfPage\":{\"@id\":\"https:\/\/abaa.mx\/tienda\/logtag-trix-16\/#primaryimage\"},\"image\":{\"@id\":\"https:\/\/abaa.mx\/tienda\/logtag-trix-16\/#primaryimage\"},\"thumbnailUrl\":\"https:\/\/abaa.mx\/tienda\/wp-content\/uploads\/2023\/09\/Trix-16.jpg\",\"datePublished\":\"2023-09-07T22:00:58+00:00\",\"dateModified\":\"2023-11-24T16:19:56+00:00\",\"breadcrumb\":{\"@id\":\"https:\/\/abaa.mx\/tienda\/logtag-trix-16\/#breadcrumb\"},\"inLanguage\":\"es\",\"potentialAction\":[{\"@type\":\"ReadAction\",\"target\":[\"https:\/\/abaa.mx\/tienda\/logtag-trix-16\/\"]}]},{\"@type\":\"ImageObject\",\"inLanguage\":\"es\",\"@id\":\"https:\/\/abaa.mx\/tienda\/logtag-trix-16\/#primaryimage\",\"url\":\"https:\/\/abaa.mx\/tienda\/wp-content\/uploads\/2023\/09\/Trix-16.jpg\",\"contentUrl\":\"https:\/\/abaa.mx\/tienda\/wp-content\/uploads\/2023\/09\/Trix-16.jpg\",\"width\":419,\"height\":500,\"caption\":\"logtag-trix-16\"},{\"@type\":\"BreadcrumbList\",\"@id\":\"https:\/\/abaa.mx\/tienda\/logtag-trix-16\/#breadcrumb\",\"itemListElement\":[{\"@type\":\"ListItem\",\"position\":1,\"name\":\"Inicio\",\"item\":\"https:\/\/abaa.mx\/tienda\/\"},{\"@type\":\"ListItem\",\"position\":2,\"name\":\"Tienda\",\"item\":\"https:\/\/abaa.mx\/tienda\/\"},{\"@type\":\"ListItem\",\"position\":3,\"name\":\"Logtag Trix-16\"}]},{\"@type\":\"WebSite\",\"@id\":\"https:\/\/abaa.mx\/tienda\/#website\",\"url\":\"https:\/\/abaa.mx\/tienda\/\",\"name\":\"Abaa tienda online\",\"description\":\"Instrumentos de medici\u00f3n\",\"publisher\":{\"@id\":\"https:\/\/abaa.mx\/tienda\/#organization\"},\"potentialAction\":[{\"@type\":\"SearchAction\",\"target\":{\"@type\":\"EntryPoint\",\"urlTemplate\":\"https:\/\/abaa.mx\/tienda\/?s={search_term_string}\"},\"query-input\":{\"@type\":\"PropertyValueSpecification\",\"valueRequired\":true,\"valueName\":\"search_term_string\"}}],\"inLanguage\":\"es\"},{\"@type\":\"Organization\",\"@id\":\"https:\/\/abaa.mx\/tienda\/#organization\",\"name\":\"Abaa tienda online\",\"url\":\"https:\/\/abaa.mx\/tienda\/\",\"logo\":{\"@type\":\"ImageObject\",\"inLanguage\":\"es\",\"@id\":\"https:\/\/abaa.mx\/tienda\/#\/schema\/logo\/image\/\",\"url\":\"https:\/\/abaa.mx\/tienda\/wp-content\/uploads\/2024\/01\/abaa-metrologia-tienda.png\",\"contentUrl\":\"https:\/\/abaa.mx\/tienda\/wp-content\/uploads\/2024\/01\/abaa-metrologia-tienda.png\",\"width\":300,\"height\":141,\"caption\":\"Abaa tienda online\"},\"image\":{\"@id\":\"https:\/\/abaa.mx\/tienda\/#\/schema\/logo\/image\/\"}}]}<\/script>\n<!-- \/ Yoast SEO plugin. -->","yoast_head_json":{"title":"Logtag Trix-16 - Abaa tienda online","robots":{"index":"index","follow":"follow","max-snippet":"max-snippet:-1","max-image-preview":"max-image-preview:large","max-video-preview":"max-video-preview:-1"},"canonical":"https:\/\/abaa.mx\/tienda\/logtag-trix-16\/","og_locale":"es_MX","og_type":"article","og_title":"Logtag Trix-16 - Abaa tienda online","og_description":"El Registrador de Temperatura LogTag incorpora un sensor de temperatura externo perfectamente situado en una ranura de la carcasa.","og_url":"https:\/\/abaa.mx\/tienda\/logtag-trix-16\/","og_site_name":"Abaa tienda online","article_modified_time":"2023-11-24T16:19:56+00:00","og_image":[{"width":419,"height":500,"url":"https:\/\/abaa.mx\/tienda\/wp-content\/uploads\/2023\/09\/Trix-16.jpg","type":"image\/jpeg"}],"twitter_card":"summary_large_image","twitter_misc":{"Tiempo de lectura":"3 minutos"},"schema":{"@context":"https:\/\/schema.org","@graph":[{"@type":"WebPage","@id":"https:\/\/abaa.mx\/tienda\/logtag-trix-16\/","url":"https:\/\/abaa.mx\/tienda\/logtag-trix-16\/","name":"Logtag Trix-16 - Abaa tienda online","isPartOf":{"@id":"https:\/\/abaa.mx\/tienda\/#website"},"primaryImageOfPage":{"@id":"https:\/\/abaa.mx\/tienda\/logtag-trix-16\/#primaryimage"},"image":{"@id":"https:\/\/abaa.mx\/tienda\/logtag-trix-16\/#primaryimage"},"thumbnailUrl":"https:\/\/abaa.mx\/tienda\/wp-content\/uploads\/2023\/09\/Trix-16.jpg","datePublished":"2023-09-07T22:00:58+00:00","dateModified":"2023-11-24T16:19:56+00:00","breadcrumb":{"@id":"https:\/\/abaa.mx\/tienda\/logtag-trix-16\/#breadcrumb"},"inLanguage":"es","potentialAction":[{"@type":"ReadAction","target":["https:\/\/abaa.mx\/tienda\/logtag-trix-16\/"]}]},{"@type":"ImageObject","inLanguage":"es","@id":"https:\/\/abaa.mx\/tienda\/logtag-trix-16\/#primaryimage","url":"https:\/\/abaa.mx\/tienda\/wp-content\/uploads\/2023\/09\/Trix-16.jpg","contentUrl":"https:\/\/abaa.mx\/tienda\/wp-content\/uploads\/2023\/09\/Trix-16.jpg","width":419,"height":500,"caption":"logtag-trix-16"},{"@type":"BreadcrumbList","@id":"https:\/\/abaa.mx\/tienda\/logtag-trix-16\/#breadcrumb","itemListElement":[{"@type":"ListItem","position":1,"name":"Inicio","item":"https:\/\/abaa.mx\/tienda\/"},{"@type":"ListItem","position":2,"name":"Tienda","item":"https:\/\/abaa.mx\/tienda\/"},{"@type":"ListItem","position":3,"name":"Logtag Trix-16"}]},{"@type":"WebSite","@id":"https:\/\/abaa.mx\/tienda\/#website","url":"https:\/\/abaa.mx\/tienda\/","name":"Abaa tienda online","description":"Instrumentos de medici\u00f3n","publisher":{"@id":"https:\/\/abaa.mx\/tienda\/#organization"},"potentialAction":[{"@type":"SearchAction","target":{"@type":"EntryPoint","urlTemplate":"https:\/\/abaa.mx\/tienda\/?s={search_term_string}"},"query-input":{"@type":"PropertyValueSpecification","valueRequired":true,"valueName":"search_term_string"}}],"inLanguage":"es"},{"@type":"Organization","@id":"https:\/\/abaa.mx\/tienda\/#organization","name":"Abaa tienda online","url":"https:\/\/abaa.mx\/tienda\/","logo":{"@type":"ImageObject","inLanguage":"es","@id":"https:\/\/abaa.mx\/tienda\/#\/schema\/logo\/image\/","url":"https:\/\/abaa.mx\/tienda\/wp-content\/uploads\/2024\/01\/abaa-metrologia-tienda.png","contentUrl":"https:\/\/abaa.mx\/tienda\/wp-content\/uploads\/2024\/01\/abaa-metrologia-tienda.png","width":300,"height":141,"caption":"Abaa tienda online"},"image":{"@id":"https:\/\/abaa.mx\/tienda\/#\/schema\/logo\/image\/"}}]}},"_links":{"self":[{"href":"https:\/\/abaa.mx\/tienda\/wp-json\/wp\/v2\/product\/1313","targetHints":{"allow":["GET"]}}],"collection":[{"href":"https:\/\/abaa.mx\/tienda\/wp-json\/wp\/v2\/product"}],"about":[{"href":"https:\/\/abaa.mx\/tienda\/wp-json\/wp\/v2\/types\/product"}],"replies":[{"embeddable":true,"href":"https:\/\/abaa.mx\/tienda\/wp-json\/wp\/v2\/comments?post=1313"}],"wp:featuredmedia":[{"embeddable":true,"href":"https:\/\/abaa.mx\/tienda\/wp-json\/wp\/v2\/media\/1320"}],"wp:attachment":[{"href":"https:\/\/abaa.mx\/tienda\/wp-json\/wp\/v2\/media?parent=1313"}],"wp:term":[{"taxonomy":"product_brand","embeddable":true,"href":"https:\/\/abaa.mx\/tienda\/wp-json\/wp\/v2\/product_brand?post=1313"},{"taxonomy":"product_cat","embeddable":true,"href":"https:\/\/abaa.mx\/tienda\/wp-json\/wp\/v2\/product_cat?post=1313"},{"taxonomy":"product_tag","embeddable":true,"href":"https:\/\/abaa.mx\/tienda\/wp-json\/wp\/v2\/product_tag?post=1313"}],"curies":[{"name":"wp","href":"https:\/\/api.w.org\/{rel}","templated":true}]}}