{"id":1234,"date":"2023-03-08T23:49:55","date_gmt":"2023-03-08T23:49:55","guid":{"rendered":"https:\/\/abaa.mx\/tienda\/?post_type=product&#038;p=1234"},"modified":"2023-11-13T20:49:46","modified_gmt":"2023-11-13T20:49:46","slug":"elitech-gsp-6-datalogger-de-temperatura-y-humedad","status":"publish","type":"product","link":"https:\/\/abaa.mx\/tienda\/elitech-gsp-6-datalogger-de-temperatura-y-humedad\/","title":{"rendered":"Elitech GSP 6 datalogger de temperatura y humedad"},"content":{"rendered":"<p>El Elitech GSP 6 es un avanzado datalogger (tambi\u00e9n conocido como registrador de datos) que destaca por su versatilidad y precisi\u00f3n en el monitoreo de par\u00e1metros ambientales. Este dispositivo, ofrece una amplia gama de funciones y caracter\u00edsticas que lo convierten en una herramienta indispensable en diversos entornos.<\/p>\n<p>Otra caracter\u00edstica sobresaliente del elitech gsp 6 es su interfaz de usuario intuitiva y f\u00e1cil de usar. Con su pantalla LCD y botones ergon\u00f3micos, este datalogger permite una configuraci\u00f3n r\u00e1pida y sencilla, adem\u00e1s de facilitar la visualizaci\u00f3n en tiempo real de los datos registrados. Adem\u00e1s, el data logger (registrador de datos) cuenta con una gran capacidad de almacenamiento, lo que permite la grabaci\u00f3n y retenci\u00f3n de una gran cantidad de datos para un an\u00e1lisis m\u00e1s detallado.<\/p>\n<p>El dise\u00f1o robusto y resistente de este instrumento es otra cualidad que merece menci\u00f3n. Este dispositivo ha sido construido con materiales duraderos que le confieren una alta resistencia a condiciones adversas y una larga vida \u00fatil, garantizando un rendimiento fiable en diversas aplicaciones. \u00c9ste equipo destaca por sus caracter\u00edsticas de medici\u00f3n precisa, interfaz amigable y dise\u00f1o resistente, convirti\u00e9ndolo en una herramienta esencial para el monitoreo efectivo de las condiciones ambientales en una amplia variedad de entornos y sectores, la marca elitech se ha caracterizado por su gran calidad en registrador de datos de temperatura y humedad.<\/p>\n","protected":false},"excerpt":{"rendered":"<p>Registrador de datos de temperatura y humedad de usos m\u00faltiples, registra hasta 16.000 puntos de temperatura y 16.000 puntos de humedad<br \/>\n1 sensor combinado de temperatura-humedad externo mejorado y 1 sensor de temperatura externo.<\/p>\n","protected":false},"featured_media":1253,"comment_status":"open","ping_status":"closed","template":"","meta":{"_joinchat":[]},"product_brand":[],"product_cat":[79],"product_tag":[],"class_list":{"0":"post-1234","1":"product","2":"type-product","3":"status-publish","4":"has-post-thumbnail","6":"product_cat-datalogger","8":"first","9":"instock","10":"shipping-taxable","11":"product-type-simple"},"yoast_head":"<!-- This site is optimized with the Yoast SEO plugin v26.4 - https:\/\/yoast.com\/wordpress\/plugins\/seo\/ -->\n<title>Elitech GSP 6 datalogger de temperatura y humedad - Abaa tienda online<\/title>\n<meta name=\"description\" content=\"Elitech GSP 6 datalogger de temperatura y humedad se utiliza para registrar y monitorear las condiciones ambientales, cont\u00e1ctenos\" \/>\n<meta name=\"robots\" content=\"index, follow, max-snippet:-1, max-image-preview:large, max-video-preview:-1\" \/>\n<link rel=\"canonical\" href=\"https:\/\/abaa.mx\/tienda\/elitech-gsp-6-datalogger-de-temperatura-y-humedad\/\" \/>\n<meta property=\"og:locale\" content=\"es_MX\" \/>\n<meta property=\"og:type\" content=\"article\" \/>\n<meta property=\"og:title\" content=\"Elitech GSP 6 datalogger de temperatura y humedad - Abaa tienda online\" \/>\n<meta property=\"og:description\" content=\"Elitech GSP 6 datalogger de temperatura y humedad se utiliza para registrar y monitorear las condiciones ambientales, cont\u00e1ctenos\" \/>\n<meta property=\"og:url\" content=\"https:\/\/abaa.mx\/tienda\/elitech-gsp-6-datalogger-de-temperatura-y-humedad\/\" \/>\n<meta property=\"og:site_name\" content=\"Abaa tienda online\" \/>\n<meta property=\"article:modified_time\" content=\"2023-11-13T20:49:46+00:00\" \/>\n<meta property=\"og:image\" content=\"https:\/\/abaa.mx\/tienda\/wp-content\/uploads\/2023\/03\/elitech-gsp-6-datalogger-de-temperatura-y-humedad.jpg\" \/>\n\t<meta property=\"og:image:width\" content=\"1200\" \/>\n\t<meta property=\"og:image:height\" content=\"1200\" \/>\n\t<meta property=\"og:image:type\" content=\"image\/jpeg\" \/>\n<meta name=\"twitter:card\" content=\"summary_large_image\" \/>\n<meta name=\"twitter:label1\" content=\"Tiempo de lectura\" \/>\n\t<meta name=\"twitter:data1\" content=\"2 minutos\" \/>\n<script type=\"application\/ld+json\" class=\"yoast-schema-graph\">{\"@context\":\"https:\/\/schema.org\",\"@graph\":[{\"@type\":\"WebPage\",\"@id\":\"https:\/\/abaa.mx\/tienda\/elitech-gsp-6-datalogger-de-temperatura-y-humedad\/\",\"url\":\"https:\/\/abaa.mx\/tienda\/elitech-gsp-6-datalogger-de-temperatura-y-humedad\/\",\"name\":\"Elitech GSP 6 datalogger de temperatura y humedad - Abaa tienda online\",\"isPartOf\":{\"@id\":\"https:\/\/abaa.mx\/tienda\/#website\"},\"primaryImageOfPage\":{\"@id\":\"https:\/\/abaa.mx\/tienda\/elitech-gsp-6-datalogger-de-temperatura-y-humedad\/#primaryimage\"},\"image\":{\"@id\":\"https:\/\/abaa.mx\/tienda\/elitech-gsp-6-datalogger-de-temperatura-y-humedad\/#primaryimage\"},\"thumbnailUrl\":\"https:\/\/abaa.mx\/tienda\/wp-content\/uploads\/2023\/03\/elitech-gsp-6-datalogger-de-temperatura-y-humedad.jpg\",\"datePublished\":\"2023-03-08T23:49:55+00:00\",\"dateModified\":\"2023-11-13T20:49:46+00:00\",\"description\":\"Elitech GSP 6 datalogger de temperatura y humedad se utiliza para registrar y monitorear las condiciones ambientales, cont\u00e1ctenos\",\"breadcrumb\":{\"@id\":\"https:\/\/abaa.mx\/tienda\/elitech-gsp-6-datalogger-de-temperatura-y-humedad\/#breadcrumb\"},\"inLanguage\":\"es\",\"potentialAction\":[{\"@type\":\"ReadAction\",\"target\":[\"https:\/\/abaa.mx\/tienda\/elitech-gsp-6-datalogger-de-temperatura-y-humedad\/\"]}]},{\"@type\":\"ImageObject\",\"inLanguage\":\"es\",\"@id\":\"https:\/\/abaa.mx\/tienda\/elitech-gsp-6-datalogger-de-temperatura-y-humedad\/#primaryimage\",\"url\":\"https:\/\/abaa.mx\/tienda\/wp-content\/uploads\/2023\/03\/elitech-gsp-6-datalogger-de-temperatura-y-humedad.jpg\",\"contentUrl\":\"https:\/\/abaa.mx\/tienda\/wp-content\/uploads\/2023\/03\/elitech-gsp-6-datalogger-de-temperatura-y-humedad.jpg\",\"width\":1200,\"height\":1200,\"caption\":\"Elitech GSP-6 datalogger de temperatura y humedad\"},{\"@type\":\"BreadcrumbList\",\"@id\":\"https:\/\/abaa.mx\/tienda\/elitech-gsp-6-datalogger-de-temperatura-y-humedad\/#breadcrumb\",\"itemListElement\":[{\"@type\":\"ListItem\",\"position\":1,\"name\":\"Inicio\",\"item\":\"https:\/\/abaa.mx\/tienda\/\"},{\"@type\":\"ListItem\",\"position\":2,\"name\":\"Tienda\",\"item\":\"https:\/\/abaa.mx\/tienda\/\"},{\"@type\":\"ListItem\",\"position\":3,\"name\":\"Elitech GSP 6 datalogger de temperatura y humedad\"}]},{\"@type\":\"WebSite\",\"@id\":\"https:\/\/abaa.mx\/tienda\/#website\",\"url\":\"https:\/\/abaa.mx\/tienda\/\",\"name\":\"Abaa tienda online\",\"description\":\"Instrumentos de medici\u00f3n\",\"publisher\":{\"@id\":\"https:\/\/abaa.mx\/tienda\/#organization\"},\"potentialAction\":[{\"@type\":\"SearchAction\",\"target\":{\"@type\":\"EntryPoint\",\"urlTemplate\":\"https:\/\/abaa.mx\/tienda\/?s={search_term_string}\"},\"query-input\":{\"@type\":\"PropertyValueSpecification\",\"valueRequired\":true,\"valueName\":\"search_term_string\"}}],\"inLanguage\":\"es\"},{\"@type\":\"Organization\",\"@id\":\"https:\/\/abaa.mx\/tienda\/#organization\",\"name\":\"Abaa tienda online\",\"url\":\"https:\/\/abaa.mx\/tienda\/\",\"logo\":{\"@type\":\"ImageObject\",\"inLanguage\":\"es\",\"@id\":\"https:\/\/abaa.mx\/tienda\/#\/schema\/logo\/image\/\",\"url\":\"https:\/\/abaa.mx\/tienda\/wp-content\/uploads\/2024\/01\/abaa-metrologia-tienda.png\",\"contentUrl\":\"https:\/\/abaa.mx\/tienda\/wp-content\/uploads\/2024\/01\/abaa-metrologia-tienda.png\",\"width\":300,\"height\":141,\"caption\":\"Abaa tienda online\"},\"image\":{\"@id\":\"https:\/\/abaa.mx\/tienda\/#\/schema\/logo\/image\/\"}}]}<\/script>\n<!-- \/ Yoast SEO plugin. -->","yoast_head_json":{"title":"Elitech GSP 6 datalogger de temperatura y humedad - Abaa tienda online","description":"Elitech GSP 6 datalogger de temperatura y humedad se utiliza para registrar y monitorear las condiciones ambientales, cont\u00e1ctenos","robots":{"index":"index","follow":"follow","max-snippet":"max-snippet:-1","max-image-preview":"max-image-preview:large","max-video-preview":"max-video-preview:-1"},"canonical":"https:\/\/abaa.mx\/tienda\/elitech-gsp-6-datalogger-de-temperatura-y-humedad\/","og_locale":"es_MX","og_type":"article","og_title":"Elitech GSP 6 datalogger de temperatura y humedad - Abaa tienda online","og_description":"Elitech GSP 6 datalogger de temperatura y humedad se utiliza para registrar y monitorear las condiciones ambientales, cont\u00e1ctenos","og_url":"https:\/\/abaa.mx\/tienda\/elitech-gsp-6-datalogger-de-temperatura-y-humedad\/","og_site_name":"Abaa tienda online","article_modified_time":"2023-11-13T20:49:46+00:00","og_image":[{"width":1200,"height":1200,"url":"https:\/\/abaa.mx\/tienda\/wp-content\/uploads\/2023\/03\/elitech-gsp-6-datalogger-de-temperatura-y-humedad.jpg","type":"image\/jpeg"}],"twitter_card":"summary_large_image","twitter_misc":{"Tiempo de lectura":"2 minutos"},"schema":{"@context":"https:\/\/schema.org","@graph":[{"@type":"WebPage","@id":"https:\/\/abaa.mx\/tienda\/elitech-gsp-6-datalogger-de-temperatura-y-humedad\/","url":"https:\/\/abaa.mx\/tienda\/elitech-gsp-6-datalogger-de-temperatura-y-humedad\/","name":"Elitech GSP 6 datalogger de temperatura y humedad - Abaa tienda online","isPartOf":{"@id":"https:\/\/abaa.mx\/tienda\/#website"},"primaryImageOfPage":{"@id":"https:\/\/abaa.mx\/tienda\/elitech-gsp-6-datalogger-de-temperatura-y-humedad\/#primaryimage"},"image":{"@id":"https:\/\/abaa.mx\/tienda\/elitech-gsp-6-datalogger-de-temperatura-y-humedad\/#primaryimage"},"thumbnailUrl":"https:\/\/abaa.mx\/tienda\/wp-content\/uploads\/2023\/03\/elitech-gsp-6-datalogger-de-temperatura-y-humedad.jpg","datePublished":"2023-03-08T23:49:55+00:00","dateModified":"2023-11-13T20:49:46+00:00","description":"Elitech GSP 6 datalogger de temperatura y humedad se utiliza para registrar y monitorear las condiciones ambientales, cont\u00e1ctenos","breadcrumb":{"@id":"https:\/\/abaa.mx\/tienda\/elitech-gsp-6-datalogger-de-temperatura-y-humedad\/#breadcrumb"},"inLanguage":"es","potentialAction":[{"@type":"ReadAction","target":["https:\/\/abaa.mx\/tienda\/elitech-gsp-6-datalogger-de-temperatura-y-humedad\/"]}]},{"@type":"ImageObject","inLanguage":"es","@id":"https:\/\/abaa.mx\/tienda\/elitech-gsp-6-datalogger-de-temperatura-y-humedad\/#primaryimage","url":"https:\/\/abaa.mx\/tienda\/wp-content\/uploads\/2023\/03\/elitech-gsp-6-datalogger-de-temperatura-y-humedad.jpg","contentUrl":"https:\/\/abaa.mx\/tienda\/wp-content\/uploads\/2023\/03\/elitech-gsp-6-datalogger-de-temperatura-y-humedad.jpg","width":1200,"height":1200,"caption":"Elitech GSP-6 datalogger de temperatura y humedad"},{"@type":"BreadcrumbList","@id":"https:\/\/abaa.mx\/tienda\/elitech-gsp-6-datalogger-de-temperatura-y-humedad\/#breadcrumb","itemListElement":[{"@type":"ListItem","position":1,"name":"Inicio","item":"https:\/\/abaa.mx\/tienda\/"},{"@type":"ListItem","position":2,"name":"Tienda","item":"https:\/\/abaa.mx\/tienda\/"},{"@type":"ListItem","position":3,"name":"Elitech GSP 6 datalogger de temperatura y humedad"}]},{"@type":"WebSite","@id":"https:\/\/abaa.mx\/tienda\/#website","url":"https:\/\/abaa.mx\/tienda\/","name":"Abaa tienda online","description":"Instrumentos de medici\u00f3n","publisher":{"@id":"https:\/\/abaa.mx\/tienda\/#organization"},"potentialAction":[{"@type":"SearchAction","target":{"@type":"EntryPoint","urlTemplate":"https:\/\/abaa.mx\/tienda\/?s={search_term_string}"},"query-input":{"@type":"PropertyValueSpecification","valueRequired":true,"valueName":"search_term_string"}}],"inLanguage":"es"},{"@type":"Organization","@id":"https:\/\/abaa.mx\/tienda\/#organization","name":"Abaa tienda online","url":"https:\/\/abaa.mx\/tienda\/","logo":{"@type":"ImageObject","inLanguage":"es","@id":"https:\/\/abaa.mx\/tienda\/#\/schema\/logo\/image\/","url":"https:\/\/abaa.mx\/tienda\/wp-content\/uploads\/2024\/01\/abaa-metrologia-tienda.png","contentUrl":"https:\/\/abaa.mx\/tienda\/wp-content\/uploads\/2024\/01\/abaa-metrologia-tienda.png","width":300,"height":141,"caption":"Abaa tienda online"},"image":{"@id":"https:\/\/abaa.mx\/tienda\/#\/schema\/logo\/image\/"}}]}},"_links":{"self":[{"href":"https:\/\/abaa.mx\/tienda\/wp-json\/wp\/v2\/product\/1234","targetHints":{"allow":["GET"]}}],"collection":[{"href":"https:\/\/abaa.mx\/tienda\/wp-json\/wp\/v2\/product"}],"about":[{"href":"https:\/\/abaa.mx\/tienda\/wp-json\/wp\/v2\/types\/product"}],"replies":[{"embeddable":true,"href":"https:\/\/abaa.mx\/tienda\/wp-json\/wp\/v2\/comments?post=1234"}],"wp:featuredmedia":[{"embeddable":true,"href":"https:\/\/abaa.mx\/tienda\/wp-json\/wp\/v2\/media\/1253"}],"wp:attachment":[{"href":"https:\/\/abaa.mx\/tienda\/wp-json\/wp\/v2\/media?parent=1234"}],"wp:term":[{"taxonomy":"product_brand","embeddable":true,"href":"https:\/\/abaa.mx\/tienda\/wp-json\/wp\/v2\/product_brand?post=1234"},{"taxonomy":"product_cat","embeddable":true,"href":"https:\/\/abaa.mx\/tienda\/wp-json\/wp\/v2\/product_cat?post=1234"},{"taxonomy":"product_tag","embeddable":true,"href":"https:\/\/abaa.mx\/tienda\/wp-json\/wp\/v2\/product_tag?post=1234"}],"curies":[{"name":"wp","href":"https:\/\/api.w.org\/{rel}","templated":true}]}}