{"id":1219,"date":"2023-03-08T23:10:04","date_gmt":"2023-03-08T23:10:04","guid":{"rendered":"https:\/\/abaa.mx\/tienda\/?post_type=product&#038;p=1219"},"modified":"2025-08-08T18:21:48","modified_gmt":"2025-08-08T18:21:48","slug":"elitech-tlog-b100h-datalogger-temperatura-y-humedad-bluetooth","status":"publish","type":"product","link":"https:\/\/abaa.mx\/tienda\/elitech-tlog-b100h-datalogger-temperatura-y-humedad-bluetooth\/","title":{"rendered":"Elitech tlog b100h datalogger temperatura y humedad bluetooth"},"content":{"rendered":"<p>Conexi\u00f3n inal\u00e1mbrica Bluetooth con la app Elitech Data para Android y tambi\u00e9n iOS Funci\u00f3n de bloqueo para eludir cambios no autorizados Medici\u00f3n y registro de temperatura y humedad relativa Alarma sonora y visual para valores de temperatura y humedad fuera de rango Funci\u00f3n de configuraci\u00f3n de registro de datos en tiempo.La conexi\u00f3n inal\u00e1mbrica Bluetooth con la aplicaci\u00f3n Elitech Data para Android y asimismo iOS deja la visualizaci\u00f3n en exactamente el mismo momento de los datos registrados y la configuraci\u00f3n de la continuidad y el tiempo de registro de datos.<\/p>\n<h5><\/h5>\n<p>&nbsp;<\/p>\n<p><strong>Funciones:<\/strong><\/p>\n<ul>\n<li>Medici\u00f3n y registro de temperatura y humedad relativa.<\/li>\n<li>Funci\u00f3n de bloqueo para evitar cambios no autorizados.<\/li>\n<li>Funci\u00f3n de configuraci\u00f3n de registro de datos en tiempo y frecuencia.<\/li>\n<li>Alarma sonora y visual para valores de temperatura y humedad fuera de rango.<\/li>\n<li>Conexi\u00f3n inal\u00e1mbrica Bluetooth con la aplicaci\u00f3n Elitech Data para Android e iOS.<\/li>\n<li>Indicador de bater\u00eda baja.<\/li>\n<\/ul>\n<h5><\/h5>\n<p>&nbsp;<\/p>\n<p><strong>Caracter\u00edsticas<\/strong>:<\/p>\n<ul>\n<li>Dimensiones: 84mm x 44mm x 20mm.<\/li>\n<li>Rango de medici\u00f3n de humedad relativa: 0% a 100%.<\/li>\n<li>Alimentaci\u00f3n: 1 bater\u00eda CR2450 (incluida).<\/li>\n<li>Rango de medici\u00f3n de temperatura: -30\u00b0C a 70\u00b0C.<\/li>\n<li>Peso: 54g.<\/li>\n<li>Precisi\u00f3n de la medici\u00f3n de humedad relativa: +\/- 3% RH.<\/li>\n<li>Capacidad de registro de datos: hasta 32,000 registros.<\/li>\n<li>Precisi\u00f3n de la medici\u00f3n de temperatura: +\/- 0.5\u00b0C.<\/li>\n<li>Frecuencia de registro de datos: ajustable de 1 minuto a 24 horas.<\/li>\n<li>Conectividad: Bluetooth 4.0.<\/li>\n<\/ul>\n","protected":false},"excerpt":{"rendered":"<p>El Elitech TLOG B100H Datalogger Temperatura Y Humedad Bluetooth se emplea para la medici\u00f3n y registro de temperatura y humedad relativa en diferentes \u00e1mbitos , as\u00ed como laboratorios, bodegas, invernaderos, y otros.<\/p>\n","protected":false},"featured_media":1269,"comment_status":"open","ping_status":"closed","template":"","meta":{"_joinchat":[]},"product_brand":[],"product_cat":[15],"product_tag":[],"class_list":{"0":"post-1219","1":"product","2":"type-product","3":"status-publish","4":"has-post-thumbnail","6":"product_cat-sin-categorizar","8":"first","9":"instock","10":"shipping-taxable","11":"product-type-simple"},"yoast_head":"<!-- This site is optimized with the Yoast SEO plugin v26.4 - https:\/\/yoast.com\/wordpress\/plugins\/seo\/ -->\n<title>Elitech tlog b100h datalogger temperatura y humedad bluetooth - Abaa tienda online<\/title>\n<meta name=\"description\" content=\"Elitech TLOG B100H datalogger temperatura y humedad bluetooth\" \/>\n<meta name=\"robots\" content=\"index, follow, max-snippet:-1, max-image-preview:large, max-video-preview:-1\" \/>\n<link rel=\"canonical\" href=\"https:\/\/abaa.mx\/tienda\/elitech-tlog-b100h-datalogger-temperatura-y-humedad-bluetooth\/\" \/>\n<meta property=\"og:locale\" content=\"es_MX\" \/>\n<meta property=\"og:type\" content=\"article\" \/>\n<meta property=\"og:title\" content=\"Elitech tlog b100h datalogger temperatura y humedad bluetooth - Abaa tienda online\" \/>\n<meta property=\"og:description\" content=\"Elitech TLOG B100H datalogger temperatura y humedad bluetooth\" \/>\n<meta property=\"og:url\" content=\"https:\/\/abaa.mx\/tienda\/elitech-tlog-b100h-datalogger-temperatura-y-humedad-bluetooth\/\" \/>\n<meta property=\"og:site_name\" content=\"Abaa tienda online\" \/>\n<meta property=\"article:modified_time\" content=\"2025-08-08T18:21:48+00:00\" \/>\n<meta property=\"og:image\" content=\"https:\/\/abaa.mx\/tienda\/wp-content\/uploads\/2023\/03\/elitech-tlog-b100h-datalogger-temperatura-y-humedad-bluetooth.jpg\" \/>\n\t<meta property=\"og:image:width\" content=\"1024\" \/>\n\t<meta property=\"og:image:height\" content=\"1024\" \/>\n\t<meta property=\"og:image:type\" content=\"image\/jpeg\" \/>\n<meta name=\"twitter:card\" content=\"summary_large_image\" \/>\n<meta name=\"twitter:label1\" content=\"Tiempo de lectura\" \/>\n\t<meta name=\"twitter:data1\" content=\"1 minuto\" \/>\n<script type=\"application\/ld+json\" class=\"yoast-schema-graph\">{\"@context\":\"https:\/\/schema.org\",\"@graph\":[{\"@type\":\"WebPage\",\"@id\":\"https:\/\/abaa.mx\/tienda\/elitech-tlog-b100h-datalogger-temperatura-y-humedad-bluetooth\/\",\"url\":\"https:\/\/abaa.mx\/tienda\/elitech-tlog-b100h-datalogger-temperatura-y-humedad-bluetooth\/\",\"name\":\"Elitech tlog b100h datalogger temperatura y humedad bluetooth - Abaa tienda online\",\"isPartOf\":{\"@id\":\"https:\/\/abaa.mx\/tienda\/#website\"},\"primaryImageOfPage\":{\"@id\":\"https:\/\/abaa.mx\/tienda\/elitech-tlog-b100h-datalogger-temperatura-y-humedad-bluetooth\/#primaryimage\"},\"image\":{\"@id\":\"https:\/\/abaa.mx\/tienda\/elitech-tlog-b100h-datalogger-temperatura-y-humedad-bluetooth\/#primaryimage\"},\"thumbnailUrl\":\"https:\/\/abaa.mx\/tienda\/wp-content\/uploads\/2023\/03\/elitech-tlog-b100h-datalogger-temperatura-y-humedad-bluetooth.jpg\",\"datePublished\":\"2023-03-08T23:10:04+00:00\",\"dateModified\":\"2025-08-08T18:21:48+00:00\",\"description\":\"Elitech TLOG B100H datalogger temperatura y humedad bluetooth\",\"breadcrumb\":{\"@id\":\"https:\/\/abaa.mx\/tienda\/elitech-tlog-b100h-datalogger-temperatura-y-humedad-bluetooth\/#breadcrumb\"},\"inLanguage\":\"es\",\"potentialAction\":[{\"@type\":\"ReadAction\",\"target\":[\"https:\/\/abaa.mx\/tienda\/elitech-tlog-b100h-datalogger-temperatura-y-humedad-bluetooth\/\"]}]},{\"@type\":\"ImageObject\",\"inLanguage\":\"es\",\"@id\":\"https:\/\/abaa.mx\/tienda\/elitech-tlog-b100h-datalogger-temperatura-y-humedad-bluetooth\/#primaryimage\",\"url\":\"https:\/\/abaa.mx\/tienda\/wp-content\/uploads\/2023\/03\/elitech-tlog-b100h-datalogger-temperatura-y-humedad-bluetooth.jpg\",\"contentUrl\":\"https:\/\/abaa.mx\/tienda\/wp-content\/uploads\/2023\/03\/elitech-tlog-b100h-datalogger-temperatura-y-humedad-bluetooth.jpg\",\"width\":1024,\"height\":1024,\"caption\":\"Elitech TLOG B100H\"},{\"@type\":\"BreadcrumbList\",\"@id\":\"https:\/\/abaa.mx\/tienda\/elitech-tlog-b100h-datalogger-temperatura-y-humedad-bluetooth\/#breadcrumb\",\"itemListElement\":[{\"@type\":\"ListItem\",\"position\":1,\"name\":\"Inicio\",\"item\":\"https:\/\/abaa.mx\/tienda\/\"},{\"@type\":\"ListItem\",\"position\":2,\"name\":\"Tienda\",\"item\":\"https:\/\/abaa.mx\/tienda\/\"},{\"@type\":\"ListItem\",\"position\":3,\"name\":\"Elitech tlog b100h datalogger temperatura y humedad bluetooth\"}]},{\"@type\":\"WebSite\",\"@id\":\"https:\/\/abaa.mx\/tienda\/#website\",\"url\":\"https:\/\/abaa.mx\/tienda\/\",\"name\":\"Abaa tienda online\",\"description\":\"Instrumentos de medici\u00f3n\",\"publisher\":{\"@id\":\"https:\/\/abaa.mx\/tienda\/#organization\"},\"potentialAction\":[{\"@type\":\"SearchAction\",\"target\":{\"@type\":\"EntryPoint\",\"urlTemplate\":\"https:\/\/abaa.mx\/tienda\/?s={search_term_string}\"},\"query-input\":{\"@type\":\"PropertyValueSpecification\",\"valueRequired\":true,\"valueName\":\"search_term_string\"}}],\"inLanguage\":\"es\"},{\"@type\":\"Organization\",\"@id\":\"https:\/\/abaa.mx\/tienda\/#organization\",\"name\":\"Abaa tienda online\",\"url\":\"https:\/\/abaa.mx\/tienda\/\",\"logo\":{\"@type\":\"ImageObject\",\"inLanguage\":\"es\",\"@id\":\"https:\/\/abaa.mx\/tienda\/#\/schema\/logo\/image\/\",\"url\":\"https:\/\/abaa.mx\/tienda\/wp-content\/uploads\/2024\/01\/abaa-metrologia-tienda.png\",\"contentUrl\":\"https:\/\/abaa.mx\/tienda\/wp-content\/uploads\/2024\/01\/abaa-metrologia-tienda.png\",\"width\":300,\"height\":141,\"caption\":\"Abaa tienda online\"},\"image\":{\"@id\":\"https:\/\/abaa.mx\/tienda\/#\/schema\/logo\/image\/\"}}]}<\/script>\n<!-- \/ Yoast SEO plugin. -->","yoast_head_json":{"title":"Elitech tlog b100h datalogger temperatura y humedad bluetooth - Abaa tienda online","description":"Elitech TLOG B100H datalogger temperatura y humedad bluetooth","robots":{"index":"index","follow":"follow","max-snippet":"max-snippet:-1","max-image-preview":"max-image-preview:large","max-video-preview":"max-video-preview:-1"},"canonical":"https:\/\/abaa.mx\/tienda\/elitech-tlog-b100h-datalogger-temperatura-y-humedad-bluetooth\/","og_locale":"es_MX","og_type":"article","og_title":"Elitech tlog b100h datalogger temperatura y humedad bluetooth - Abaa tienda online","og_description":"Elitech TLOG B100H datalogger temperatura y humedad bluetooth","og_url":"https:\/\/abaa.mx\/tienda\/elitech-tlog-b100h-datalogger-temperatura-y-humedad-bluetooth\/","og_site_name":"Abaa tienda online","article_modified_time":"2025-08-08T18:21:48+00:00","og_image":[{"width":1024,"height":1024,"url":"https:\/\/abaa.mx\/tienda\/wp-content\/uploads\/2023\/03\/elitech-tlog-b100h-datalogger-temperatura-y-humedad-bluetooth.jpg","type":"image\/jpeg"}],"twitter_card":"summary_large_image","twitter_misc":{"Tiempo de lectura":"1 minuto"},"schema":{"@context":"https:\/\/schema.org","@graph":[{"@type":"WebPage","@id":"https:\/\/abaa.mx\/tienda\/elitech-tlog-b100h-datalogger-temperatura-y-humedad-bluetooth\/","url":"https:\/\/abaa.mx\/tienda\/elitech-tlog-b100h-datalogger-temperatura-y-humedad-bluetooth\/","name":"Elitech tlog b100h datalogger temperatura y humedad bluetooth - Abaa tienda online","isPartOf":{"@id":"https:\/\/abaa.mx\/tienda\/#website"},"primaryImageOfPage":{"@id":"https:\/\/abaa.mx\/tienda\/elitech-tlog-b100h-datalogger-temperatura-y-humedad-bluetooth\/#primaryimage"},"image":{"@id":"https:\/\/abaa.mx\/tienda\/elitech-tlog-b100h-datalogger-temperatura-y-humedad-bluetooth\/#primaryimage"},"thumbnailUrl":"https:\/\/abaa.mx\/tienda\/wp-content\/uploads\/2023\/03\/elitech-tlog-b100h-datalogger-temperatura-y-humedad-bluetooth.jpg","datePublished":"2023-03-08T23:10:04+00:00","dateModified":"2025-08-08T18:21:48+00:00","description":"Elitech TLOG B100H datalogger temperatura y humedad bluetooth","breadcrumb":{"@id":"https:\/\/abaa.mx\/tienda\/elitech-tlog-b100h-datalogger-temperatura-y-humedad-bluetooth\/#breadcrumb"},"inLanguage":"es","potentialAction":[{"@type":"ReadAction","target":["https:\/\/abaa.mx\/tienda\/elitech-tlog-b100h-datalogger-temperatura-y-humedad-bluetooth\/"]}]},{"@type":"ImageObject","inLanguage":"es","@id":"https:\/\/abaa.mx\/tienda\/elitech-tlog-b100h-datalogger-temperatura-y-humedad-bluetooth\/#primaryimage","url":"https:\/\/abaa.mx\/tienda\/wp-content\/uploads\/2023\/03\/elitech-tlog-b100h-datalogger-temperatura-y-humedad-bluetooth.jpg","contentUrl":"https:\/\/abaa.mx\/tienda\/wp-content\/uploads\/2023\/03\/elitech-tlog-b100h-datalogger-temperatura-y-humedad-bluetooth.jpg","width":1024,"height":1024,"caption":"Elitech TLOG B100H"},{"@type":"BreadcrumbList","@id":"https:\/\/abaa.mx\/tienda\/elitech-tlog-b100h-datalogger-temperatura-y-humedad-bluetooth\/#breadcrumb","itemListElement":[{"@type":"ListItem","position":1,"name":"Inicio","item":"https:\/\/abaa.mx\/tienda\/"},{"@type":"ListItem","position":2,"name":"Tienda","item":"https:\/\/abaa.mx\/tienda\/"},{"@type":"ListItem","position":3,"name":"Elitech tlog b100h datalogger temperatura y humedad bluetooth"}]},{"@type":"WebSite","@id":"https:\/\/abaa.mx\/tienda\/#website","url":"https:\/\/abaa.mx\/tienda\/","name":"Abaa tienda online","description":"Instrumentos de medici\u00f3n","publisher":{"@id":"https:\/\/abaa.mx\/tienda\/#organization"},"potentialAction":[{"@type":"SearchAction","target":{"@type":"EntryPoint","urlTemplate":"https:\/\/abaa.mx\/tienda\/?s={search_term_string}"},"query-input":{"@type":"PropertyValueSpecification","valueRequired":true,"valueName":"search_term_string"}}],"inLanguage":"es"},{"@type":"Organization","@id":"https:\/\/abaa.mx\/tienda\/#organization","name":"Abaa tienda online","url":"https:\/\/abaa.mx\/tienda\/","logo":{"@type":"ImageObject","inLanguage":"es","@id":"https:\/\/abaa.mx\/tienda\/#\/schema\/logo\/image\/","url":"https:\/\/abaa.mx\/tienda\/wp-content\/uploads\/2024\/01\/abaa-metrologia-tienda.png","contentUrl":"https:\/\/abaa.mx\/tienda\/wp-content\/uploads\/2024\/01\/abaa-metrologia-tienda.png","width":300,"height":141,"caption":"Abaa tienda online"},"image":{"@id":"https:\/\/abaa.mx\/tienda\/#\/schema\/logo\/image\/"}}]}},"_links":{"self":[{"href":"https:\/\/abaa.mx\/tienda\/wp-json\/wp\/v2\/product\/1219","targetHints":{"allow":["GET"]}}],"collection":[{"href":"https:\/\/abaa.mx\/tienda\/wp-json\/wp\/v2\/product"}],"about":[{"href":"https:\/\/abaa.mx\/tienda\/wp-json\/wp\/v2\/types\/product"}],"replies":[{"embeddable":true,"href":"https:\/\/abaa.mx\/tienda\/wp-json\/wp\/v2\/comments?post=1219"}],"wp:featuredmedia":[{"embeddable":true,"href":"https:\/\/abaa.mx\/tienda\/wp-json\/wp\/v2\/media\/1269"}],"wp:attachment":[{"href":"https:\/\/abaa.mx\/tienda\/wp-json\/wp\/v2\/media?parent=1219"}],"wp:term":[{"taxonomy":"product_brand","embeddable":true,"href":"https:\/\/abaa.mx\/tienda\/wp-json\/wp\/v2\/product_brand?post=1219"},{"taxonomy":"product_cat","embeddable":true,"href":"https:\/\/abaa.mx\/tienda\/wp-json\/wp\/v2\/product_cat?post=1219"},{"taxonomy":"product_tag","embeddable":true,"href":"https:\/\/abaa.mx\/tienda\/wp-json\/wp\/v2\/product_tag?post=1219"}],"curies":[{"name":"wp","href":"https:\/\/api.w.org\/{rel}","templated":true}]}}