{"id":10393,"date":"2024-02-23T14:48:34","date_gmt":"2024-02-23T14:48:34","guid":{"rendered":"https:\/\/abaa.mx\/tienda\/?post_type=product&#038;p=10393"},"modified":"2024-02-23T16:27:07","modified_gmt":"2024-02-23T16:27:07","slug":"multimetro-digital-de-gancho-de-rango-automatico-de-ca-con-media-cuadratica-real-baja-impedancia-loz-y-apagado-automatico-cl800","status":"publish","type":"product","link":"https:\/\/abaa.mx\/tienda\/multimetro-digital-de-gancho-de-rango-automatico-de-ca-con-media-cuadratica-real-baja-impedancia-loz-y-apagado-automatico-cl800\/","title":{"rendered":"Mult\u00edmetro digital de gancho de rango autom\u00e1tico de CA, con media cuadr\u00e1tica real, baja impedancia (LoZ) y apagado autom\u00e1tico CL800"},"content":{"rendered":"<p><strong>Caracter\u00edsticas:<\/strong><\/p>\n<ul class=\"features-list no-indent\">\n<li>Mult\u00edmetro de gancho con tecnolog\u00eda de rango autom\u00e1tico con media cuadr\u00e1tica real (TRMS) para lograr mayor precisi\u00f3n.<\/li>\n<li>Mide voltaje CA\/CD, resistencia, continuidad, frecuencia y capacitancia; y prueba diodos con los cables de prueba.<\/li>\n<li>Mide temperatura con la sonda de termopar.<\/li>\n<li>Modo de baja impedancia (LoZ) para identificar y eliminar voltajes fantasma o err\u00e1ticos.<\/li>\n<li>La clasificaci\u00f3n de seguridad es CAT\u00a0IV 600\u00a0V, CAT\u00a0III 1000\u00a0V, clase\u00a02, doble aislamiento.<\/li>\n<li>Construido para resistir una ca\u00edda desde 6,6&#8242; (2\u00a0m)<\/li>\n<li>Indicador de bater\u00eda baja y compartimento de bater\u00edas de f\u00e1cil acceso.<\/li>\n<li>Temperatura de operaci\u00f3n: 32\u00b0F a 104\u00b0F (0\u00b0C a 40\u00b0C).<\/li>\n<li>Altitud de funcionamiento de hasta 6562&#8242; (2000m).<\/li>\n<li>Incluye una bolsa de transporte, cables de prueba, termopar con adaptador y bater\u00edas.<\/li>\n<li>Cumple con los requisitos apropiados para su uso en entornos electromagn\u00e9ticos b\u00e1sicos y controlados, como propiedades residenciales e instalaciones de industria ligera.<\/li>\n<\/ul>\n","protected":false},"excerpt":{"rendered":"<p>El mult\u00edmetro digital de gancho de rango autom\u00e1tico de CA, con media cuadr\u00e1tica real, baja impedancia (LoZ) y apagado autom\u00e1tico CL800 es una herramienta vers\u00e1til utilizada principalmente por electricistas, t\u00e9cnicos y profesionales en campos relacionados con la electricidad y la electr\u00f3nica.<\/p>\n<p><strong>Aqu\u00ed te explico para qu\u00e9 sirven algunas de sus caracter\u00edsticas principales:<\/strong><\/p>\n<p><strong>Mult\u00edmetro digital de gancho de rango autom\u00e1tico de CA<\/strong>: Es capaz de medir corriente alterna (CA) en circuitos el\u00e9ctricos sin necesidad de interrumpir el flujo de corriente. El gancho de rango autom\u00e1tico ajusta autom\u00e1ticamente la escala de medici\u00f3n para proporcionar lecturas precisas.<\/p>\n<p><strong>Media cuadr\u00e1tica real (True RMS):<\/strong> Proporciona mediciones precisas de la amplitud de la se\u00f1al de CA, independientemente de la forma de onda, lo que es especialmente \u00fatil en aplicaciones donde la forma de onda es no sinusoidal.<\/p>\n<p><strong>Baja impedancia (LoZ):<\/strong> Permite realizar mediciones de voltaje con baja carga al circuito, lo que puede ayudar a reducir la interferencia y las lecturas falsas en circuitos de alta impedancia.<\/p>\n<p><strong>Apagado autom\u00e1tico:<\/strong> Esta funci\u00f3n ayuda a preservar la vida \u00fatil de la bater\u00eda al apagar autom\u00e1ticamente el mult\u00edmetro despu\u00e9s de un per\u00edodo de inactividad, lo que evita el agotamiento innecesario de la energ\u00eda de la bater\u00eda.<\/p>\n","protected":false},"featured_media":10394,"comment_status":"open","ping_status":"closed","template":"","meta":{"_joinchat":[]},"product_brand":[],"product_cat":[15],"product_tag":[],"class_list":{"0":"post-10393","1":"product","2":"type-product","3":"status-publish","4":"has-post-thumbnail","6":"product_cat-sin-categorizar","8":"first","9":"instock","10":"shipping-taxable","11":"product-type-simple"},"yoast_head":"<!-- This site is optimized with the Yoast SEO plugin v26.4 - https:\/\/yoast.com\/wordpress\/plugins\/seo\/ -->\n<title>Mult\u00edmetro digital de gancho de rango autom\u00e1tico de CA, con media cuadr\u00e1tica real, baja impedancia (LoZ) y apagado autom\u00e1tico CL800 - Abaa tienda online<\/title>\n<meta name=\"robots\" content=\"index, follow, max-snippet:-1, max-image-preview:large, max-video-preview:-1\" \/>\n<link rel=\"canonical\" href=\"https:\/\/abaa.mx\/tienda\/multimetro-digital-de-gancho-de-rango-automatico-de-ca-con-media-cuadratica-real-baja-impedancia-loz-y-apagado-automatico-cl800\/\" \/>\n<meta property=\"og:locale\" content=\"es_MX\" \/>\n<meta property=\"og:type\" content=\"article\" \/>\n<meta property=\"og:title\" content=\"Mult\u00edmetro digital de gancho de rango autom\u00e1tico de CA, con media cuadr\u00e1tica real, baja impedancia (LoZ) y apagado autom\u00e1tico CL800 - Abaa tienda online\" \/>\n<meta property=\"og:description\" content=\"El mult\u00edmetro digital de gancho de rango autom\u00e1tico de CA, con media cuadr\u00e1tica real, baja impedancia (LoZ) y apagado autom\u00e1tico CL800 es una herramienta vers\u00e1til utilizada principalmente por electricistas, t\u00e9cnicos y profesionales en campos relacionados con la electricidad y la electr\u00f3nica.  Aqu\u00ed te explico para qu\u00e9 sirven algunas de sus caracter\u00edsticas principales:  Mult\u00edmetro digital de gancho de rango autom\u00e1tico de CA: Es capaz de medir corriente alterna (CA) en circuitos el\u00e9ctricos sin necesidad de interrumpir el flujo de corriente. El gancho de rango autom\u00e1tico ajusta autom\u00e1ticamente la escala de medici\u00f3n para proporcionar lecturas precisas.  Media cuadr\u00e1tica real (True RMS): Proporciona mediciones precisas de la amplitud de la se\u00f1al de CA, independientemente de la forma de onda, lo que es especialmente \u00fatil en aplicaciones donde la forma de onda es no sinusoidal.  Baja impedancia (LoZ): Permite realizar mediciones de voltaje con baja carga al circuito, lo que puede ayudar a reducir la interferencia y las lecturas falsas en circuitos de alta impedancia.  Apagado autom\u00e1tico: Esta funci\u00f3n ayuda a preservar la vida \u00fatil de la bater\u00eda al apagar autom\u00e1ticamente el mult\u00edmetro despu\u00e9s de un per\u00edodo de inactividad, lo que evita el agotamiento innecesario de la energ\u00eda de la bater\u00eda.\" \/>\n<meta property=\"og:url\" content=\"https:\/\/abaa.mx\/tienda\/multimetro-digital-de-gancho-de-rango-automatico-de-ca-con-media-cuadratica-real-baja-impedancia-loz-y-apagado-automatico-cl800\/\" \/>\n<meta property=\"og:site_name\" content=\"Abaa tienda online\" \/>\n<meta property=\"article:modified_time\" content=\"2024-02-23T16:27:07+00:00\" \/>\n<meta property=\"og:image\" content=\"https:\/\/abaa.mx\/tienda\/wp-content\/uploads\/2024\/02\/Klein-tools-CL800.jpg\" \/>\n\t<meta property=\"og:image:width\" content=\"363\" \/>\n\t<meta property=\"og:image:height\" content=\"442\" \/>\n\t<meta property=\"og:image:type\" content=\"image\/jpeg\" \/>\n<meta name=\"twitter:card\" content=\"summary_large_image\" \/>\n<meta name=\"twitter:label1\" content=\"Tiempo de lectura\" \/>\n\t<meta name=\"twitter:data1\" content=\"1 minuto\" \/>\n<script type=\"application\/ld+json\" class=\"yoast-schema-graph\">{\"@context\":\"https:\/\/schema.org\",\"@graph\":[{\"@type\":\"WebPage\",\"@id\":\"https:\/\/abaa.mx\/tienda\/multimetro-digital-de-gancho-de-rango-automatico-de-ca-con-media-cuadratica-real-baja-impedancia-loz-y-apagado-automatico-cl800\/\",\"url\":\"https:\/\/abaa.mx\/tienda\/multimetro-digital-de-gancho-de-rango-automatico-de-ca-con-media-cuadratica-real-baja-impedancia-loz-y-apagado-automatico-cl800\/\",\"name\":\"Mult\u00edmetro digital de gancho de rango autom\u00e1tico de CA, con media cuadr\u00e1tica real, baja impedancia (LoZ) y apagado autom\u00e1tico CL800 - Abaa tienda online\",\"isPartOf\":{\"@id\":\"https:\/\/abaa.mx\/tienda\/#website\"},\"primaryImageOfPage\":{\"@id\":\"https:\/\/abaa.mx\/tienda\/multimetro-digital-de-gancho-de-rango-automatico-de-ca-con-media-cuadratica-real-baja-impedancia-loz-y-apagado-automatico-cl800\/#primaryimage\"},\"image\":{\"@id\":\"https:\/\/abaa.mx\/tienda\/multimetro-digital-de-gancho-de-rango-automatico-de-ca-con-media-cuadratica-real-baja-impedancia-loz-y-apagado-automatico-cl800\/#primaryimage\"},\"thumbnailUrl\":\"https:\/\/abaa.mx\/tienda\/wp-content\/uploads\/2024\/02\/Klein-tools-CL800.jpg\",\"datePublished\":\"2024-02-23T14:48:34+00:00\",\"dateModified\":\"2024-02-23T16:27:07+00:00\",\"breadcrumb\":{\"@id\":\"https:\/\/abaa.mx\/tienda\/multimetro-digital-de-gancho-de-rango-automatico-de-ca-con-media-cuadratica-real-baja-impedancia-loz-y-apagado-automatico-cl800\/#breadcrumb\"},\"inLanguage\":\"es\",\"potentialAction\":[{\"@type\":\"ReadAction\",\"target\":[\"https:\/\/abaa.mx\/tienda\/multimetro-digital-de-gancho-de-rango-automatico-de-ca-con-media-cuadratica-real-baja-impedancia-loz-y-apagado-automatico-cl800\/\"]}]},{\"@type\":\"ImageObject\",\"inLanguage\":\"es\",\"@id\":\"https:\/\/abaa.mx\/tienda\/multimetro-digital-de-gancho-de-rango-automatico-de-ca-con-media-cuadratica-real-baja-impedancia-loz-y-apagado-automatico-cl800\/#primaryimage\",\"url\":\"https:\/\/abaa.mx\/tienda\/wp-content\/uploads\/2024\/02\/Klein-tools-CL800.jpg\",\"contentUrl\":\"https:\/\/abaa.mx\/tienda\/wp-content\/uploads\/2024\/02\/Klein-tools-CL800.jpg\",\"width\":363,\"height\":442,\"caption\":\"Klein tools CL800\"},{\"@type\":\"BreadcrumbList\",\"@id\":\"https:\/\/abaa.mx\/tienda\/multimetro-digital-de-gancho-de-rango-automatico-de-ca-con-media-cuadratica-real-baja-impedancia-loz-y-apagado-automatico-cl800\/#breadcrumb\",\"itemListElement\":[{\"@type\":\"ListItem\",\"position\":1,\"name\":\"Inicio\",\"item\":\"https:\/\/abaa.mx\/tienda\/\"},{\"@type\":\"ListItem\",\"position\":2,\"name\":\"Tienda\",\"item\":\"https:\/\/abaa.mx\/tienda\/\"},{\"@type\":\"ListItem\",\"position\":3,\"name\":\"Mult\u00edmetro digital de gancho de rango autom\u00e1tico de CA, con media cuadr\u00e1tica real, baja impedancia (LoZ) y apagado autom\u00e1tico CL800\"}]},{\"@type\":\"WebSite\",\"@id\":\"https:\/\/abaa.mx\/tienda\/#website\",\"url\":\"https:\/\/abaa.mx\/tienda\/\",\"name\":\"Abaa tienda online\",\"description\":\"Instrumentos de medici\u00f3n\",\"publisher\":{\"@id\":\"https:\/\/abaa.mx\/tienda\/#organization\"},\"potentialAction\":[{\"@type\":\"SearchAction\",\"target\":{\"@type\":\"EntryPoint\",\"urlTemplate\":\"https:\/\/abaa.mx\/tienda\/?s={search_term_string}\"},\"query-input\":{\"@type\":\"PropertyValueSpecification\",\"valueRequired\":true,\"valueName\":\"search_term_string\"}}],\"inLanguage\":\"es\"},{\"@type\":\"Organization\",\"@id\":\"https:\/\/abaa.mx\/tienda\/#organization\",\"name\":\"Abaa tienda online\",\"url\":\"https:\/\/abaa.mx\/tienda\/\",\"logo\":{\"@type\":\"ImageObject\",\"inLanguage\":\"es\",\"@id\":\"https:\/\/abaa.mx\/tienda\/#\/schema\/logo\/image\/\",\"url\":\"https:\/\/abaa.mx\/tienda\/wp-content\/uploads\/2024\/01\/abaa-metrologia-tienda.png\",\"contentUrl\":\"https:\/\/abaa.mx\/tienda\/wp-content\/uploads\/2024\/01\/abaa-metrologia-tienda.png\",\"width\":300,\"height\":141,\"caption\":\"Abaa tienda online\"},\"image\":{\"@id\":\"https:\/\/abaa.mx\/tienda\/#\/schema\/logo\/image\/\"}}]}<\/script>\n<!-- \/ Yoast SEO plugin. -->","yoast_head_json":{"title":"Mult\u00edmetro digital de gancho de rango autom\u00e1tico de CA, con media cuadr\u00e1tica real, baja impedancia (LoZ) y apagado autom\u00e1tico CL800 - Abaa tienda online","robots":{"index":"index","follow":"follow","max-snippet":"max-snippet:-1","max-image-preview":"max-image-preview:large","max-video-preview":"max-video-preview:-1"},"canonical":"https:\/\/abaa.mx\/tienda\/multimetro-digital-de-gancho-de-rango-automatico-de-ca-con-media-cuadratica-real-baja-impedancia-loz-y-apagado-automatico-cl800\/","og_locale":"es_MX","og_type":"article","og_title":"Mult\u00edmetro digital de gancho de rango autom\u00e1tico de CA, con media cuadr\u00e1tica real, baja impedancia (LoZ) y apagado autom\u00e1tico CL800 - Abaa tienda online","og_description":"El mult\u00edmetro digital de gancho de rango autom\u00e1tico de CA, con media cuadr\u00e1tica real, baja impedancia (LoZ) y apagado autom\u00e1tico CL800 es una herramienta vers\u00e1til utilizada principalmente por electricistas, t\u00e9cnicos y profesionales en campos relacionados con la electricidad y la electr\u00f3nica.  Aqu\u00ed te explico para qu\u00e9 sirven algunas de sus caracter\u00edsticas principales:  Mult\u00edmetro digital de gancho de rango autom\u00e1tico de CA: Es capaz de medir corriente alterna (CA) en circuitos el\u00e9ctricos sin necesidad de interrumpir el flujo de corriente. El gancho de rango autom\u00e1tico ajusta autom\u00e1ticamente la escala de medici\u00f3n para proporcionar lecturas precisas.  Media cuadr\u00e1tica real (True RMS): Proporciona mediciones precisas de la amplitud de la se\u00f1al de CA, independientemente de la forma de onda, lo que es especialmente \u00fatil en aplicaciones donde la forma de onda es no sinusoidal.  Baja impedancia (LoZ): Permite realizar mediciones de voltaje con baja carga al circuito, lo que puede ayudar a reducir la interferencia y las lecturas falsas en circuitos de alta impedancia.  Apagado autom\u00e1tico: Esta funci\u00f3n ayuda a preservar la vida \u00fatil de la bater\u00eda al apagar autom\u00e1ticamente el mult\u00edmetro despu\u00e9s de un per\u00edodo de inactividad, lo que evita el agotamiento innecesario de la energ\u00eda de la bater\u00eda.","og_url":"https:\/\/abaa.mx\/tienda\/multimetro-digital-de-gancho-de-rango-automatico-de-ca-con-media-cuadratica-real-baja-impedancia-loz-y-apagado-automatico-cl800\/","og_site_name":"Abaa tienda online","article_modified_time":"2024-02-23T16:27:07+00:00","og_image":[{"width":363,"height":442,"url":"https:\/\/abaa.mx\/tienda\/wp-content\/uploads\/2024\/02\/Klein-tools-CL800.jpg","type":"image\/jpeg"}],"twitter_card":"summary_large_image","twitter_misc":{"Tiempo de lectura":"1 minuto"},"schema":{"@context":"https:\/\/schema.org","@graph":[{"@type":"WebPage","@id":"https:\/\/abaa.mx\/tienda\/multimetro-digital-de-gancho-de-rango-automatico-de-ca-con-media-cuadratica-real-baja-impedancia-loz-y-apagado-automatico-cl800\/","url":"https:\/\/abaa.mx\/tienda\/multimetro-digital-de-gancho-de-rango-automatico-de-ca-con-media-cuadratica-real-baja-impedancia-loz-y-apagado-automatico-cl800\/","name":"Mult\u00edmetro digital de gancho de rango autom\u00e1tico de CA, con media cuadr\u00e1tica real, baja impedancia (LoZ) y apagado autom\u00e1tico CL800 - Abaa tienda online","isPartOf":{"@id":"https:\/\/abaa.mx\/tienda\/#website"},"primaryImageOfPage":{"@id":"https:\/\/abaa.mx\/tienda\/multimetro-digital-de-gancho-de-rango-automatico-de-ca-con-media-cuadratica-real-baja-impedancia-loz-y-apagado-automatico-cl800\/#primaryimage"},"image":{"@id":"https:\/\/abaa.mx\/tienda\/multimetro-digital-de-gancho-de-rango-automatico-de-ca-con-media-cuadratica-real-baja-impedancia-loz-y-apagado-automatico-cl800\/#primaryimage"},"thumbnailUrl":"https:\/\/abaa.mx\/tienda\/wp-content\/uploads\/2024\/02\/Klein-tools-CL800.jpg","datePublished":"2024-02-23T14:48:34+00:00","dateModified":"2024-02-23T16:27:07+00:00","breadcrumb":{"@id":"https:\/\/abaa.mx\/tienda\/multimetro-digital-de-gancho-de-rango-automatico-de-ca-con-media-cuadratica-real-baja-impedancia-loz-y-apagado-automatico-cl800\/#breadcrumb"},"inLanguage":"es","potentialAction":[{"@type":"ReadAction","target":["https:\/\/abaa.mx\/tienda\/multimetro-digital-de-gancho-de-rango-automatico-de-ca-con-media-cuadratica-real-baja-impedancia-loz-y-apagado-automatico-cl800\/"]}]},{"@type":"ImageObject","inLanguage":"es","@id":"https:\/\/abaa.mx\/tienda\/multimetro-digital-de-gancho-de-rango-automatico-de-ca-con-media-cuadratica-real-baja-impedancia-loz-y-apagado-automatico-cl800\/#primaryimage","url":"https:\/\/abaa.mx\/tienda\/wp-content\/uploads\/2024\/02\/Klein-tools-CL800.jpg","contentUrl":"https:\/\/abaa.mx\/tienda\/wp-content\/uploads\/2024\/02\/Klein-tools-CL800.jpg","width":363,"height":442,"caption":"Klein tools CL800"},{"@type":"BreadcrumbList","@id":"https:\/\/abaa.mx\/tienda\/multimetro-digital-de-gancho-de-rango-automatico-de-ca-con-media-cuadratica-real-baja-impedancia-loz-y-apagado-automatico-cl800\/#breadcrumb","itemListElement":[{"@type":"ListItem","position":1,"name":"Inicio","item":"https:\/\/abaa.mx\/tienda\/"},{"@type":"ListItem","position":2,"name":"Tienda","item":"https:\/\/abaa.mx\/tienda\/"},{"@type":"ListItem","position":3,"name":"Mult\u00edmetro digital de gancho de rango autom\u00e1tico de CA, con media cuadr\u00e1tica real, baja impedancia (LoZ) y apagado autom\u00e1tico CL800"}]},{"@type":"WebSite","@id":"https:\/\/abaa.mx\/tienda\/#website","url":"https:\/\/abaa.mx\/tienda\/","name":"Abaa tienda online","description":"Instrumentos de medici\u00f3n","publisher":{"@id":"https:\/\/abaa.mx\/tienda\/#organization"},"potentialAction":[{"@type":"SearchAction","target":{"@type":"EntryPoint","urlTemplate":"https:\/\/abaa.mx\/tienda\/?s={search_term_string}"},"query-input":{"@type":"PropertyValueSpecification","valueRequired":true,"valueName":"search_term_string"}}],"inLanguage":"es"},{"@type":"Organization","@id":"https:\/\/abaa.mx\/tienda\/#organization","name":"Abaa tienda online","url":"https:\/\/abaa.mx\/tienda\/","logo":{"@type":"ImageObject","inLanguage":"es","@id":"https:\/\/abaa.mx\/tienda\/#\/schema\/logo\/image\/","url":"https:\/\/abaa.mx\/tienda\/wp-content\/uploads\/2024\/01\/abaa-metrologia-tienda.png","contentUrl":"https:\/\/abaa.mx\/tienda\/wp-content\/uploads\/2024\/01\/abaa-metrologia-tienda.png","width":300,"height":141,"caption":"Abaa tienda online"},"image":{"@id":"https:\/\/abaa.mx\/tienda\/#\/schema\/logo\/image\/"}}]}},"_links":{"self":[{"href":"https:\/\/abaa.mx\/tienda\/wp-json\/wp\/v2\/product\/10393","targetHints":{"allow":["GET"]}}],"collection":[{"href":"https:\/\/abaa.mx\/tienda\/wp-json\/wp\/v2\/product"}],"about":[{"href":"https:\/\/abaa.mx\/tienda\/wp-json\/wp\/v2\/types\/product"}],"replies":[{"embeddable":true,"href":"https:\/\/abaa.mx\/tienda\/wp-json\/wp\/v2\/comments?post=10393"}],"wp:featuredmedia":[{"embeddable":true,"href":"https:\/\/abaa.mx\/tienda\/wp-json\/wp\/v2\/media\/10394"}],"wp:attachment":[{"href":"https:\/\/abaa.mx\/tienda\/wp-json\/wp\/v2\/media?parent=10393"}],"wp:term":[{"taxonomy":"product_brand","embeddable":true,"href":"https:\/\/abaa.mx\/tienda\/wp-json\/wp\/v2\/product_brand?post=10393"},{"taxonomy":"product_cat","embeddable":true,"href":"https:\/\/abaa.mx\/tienda\/wp-json\/wp\/v2\/product_cat?post=10393"},{"taxonomy":"product_tag","embeddable":true,"href":"https:\/\/abaa.mx\/tienda\/wp-json\/wp\/v2\/product_tag?post=10393"}],"curies":[{"name":"wp","href":"https:\/\/api.w.org\/{rel}","templated":true}]}}