{"id":10194,"date":"2024-01-10T16:32:04","date_gmt":"2024-01-10T16:32:04","guid":{"rendered":"https:\/\/abaa.mx\/tienda\/?post_type=product&#038;p=10194"},"modified":"2024-01-10T16:32:05","modified_gmt":"2024-01-10T16:32:05","slug":"cm72-multiamperimetro-de-gancho-600a-ca","status":"publish","type":"product","link":"https:\/\/abaa.mx\/tienda\/cm72-multiamperimetro-de-gancho-600a-ca\/","title":{"rendered":"Cm72 &#8211; multiamperimetro de gancho 600a ca"},"content":{"rendered":"<section class=\"s_text_image o_colored_level pb0 pt0\" data-snippet=\"s_text_image\" data-name=\"Text - Image\">\n<div class=\"container\">\n<div class=\"row align-items-stretch\">\n<div class=\"pt16 o_colored_level col-lg-7 pb0\">\n<p>&nbsp;<\/p>\n<\/div>\n<\/div>\n<\/div>\n<\/section>\n<section class=\"s_picture bg-200 o_colored_level pt8 pb0\" data-snippet=\"s_picture\" data-name=\"Picture\">\n<div class=\"container\">Cm72 &#8211; multiamperimetro de gancho 600a ca<\/div>\n<\/section>\n","protected":false},"excerpt":{"rendered":"<section class=\"s_text_image o_colored_level pb0 pt0\" data-snippet=\"s_text_image\" data-name=\"Text - Image\">\n<div class=\"container\">\n<div class=\"row align-items-stretch\">\n<div class=\"pt16 o_colored_level col-lg-7 pb0\">\n<p><strong>Caracter\u00edsticas:<\/strong><\/p>\n<ul>\n<li>El medidor de pinzas FLIR CM72 le brinda un mejor acceso al cableado en lugares dif\u00edciles de alcanzar.<\/li>\n<li>Fabricado con una tenaza estrecha y faros de trabajo LED de alta potencia, el medidor hace que sea m\u00e1s f\u00e1cil tomar medidas en paneles y armarios oscuros y abarrotados.<\/li>\n<li>Es compacto y liviano para llevar en tu bolsillo donde sea que vayas.<\/li>\n<li>El CM72 cuenta con medici\u00f3n de CA, escala autom\u00e1tica, verdadero RMS y m\u00e1s, para ayudarlo a mantenerse competitivo y garantizar lecturas precisas.<\/li>\n<\/ul>\n<\/div>\n<\/div>\n<\/div>\n<\/section>\n<section class=\"s_picture bg-200 o_colored_level pt8 pb0\" data-snippet=\"s_picture\" data-name=\"Picture\">\n<p class=\"container\">\n<\/section>\n","protected":false},"featured_media":10197,"comment_status":"open","ping_status":"closed","template":"","meta":{"_joinchat":[]},"product_brand":[],"product_cat":[15],"product_tag":[],"class_list":{"0":"post-10194","1":"product","2":"type-product","3":"status-publish","4":"has-post-thumbnail","6":"product_cat-sin-categorizar","8":"first","9":"instock","10":"shipping-taxable","11":"product-type-simple"},"yoast_head":"<!-- This site is optimized with the Yoast SEO plugin v26.4 - https:\/\/yoast.com\/wordpress\/plugins\/seo\/ -->\n<title>Cm72 - multiamperimetro de gancho 600a ca - Abaa tienda online<\/title>\n<meta name=\"robots\" content=\"index, follow, max-snippet:-1, max-image-preview:large, max-video-preview:-1\" \/>\n<link rel=\"canonical\" href=\"https:\/\/abaa.mx\/tienda\/cm72-multiamperimetro-de-gancho-600a-ca\/\" \/>\n<meta property=\"og:locale\" content=\"es_MX\" \/>\n<meta property=\"og:type\" content=\"article\" \/>\n<meta property=\"og:title\" content=\"Cm72 - multiamperimetro de gancho 600a ca - Abaa tienda online\" \/>\n<meta property=\"og:description\" content=\"Caracter\u00edsticas:   El medidor de pinzas FLIR CM72 le brinda un mejor acceso al cableado en lugares dif\u00edciles de alcanzar.  Fabricado con una tenaza estrecha y faros de trabajo LED de alta potencia, el medidor hace que sea m\u00e1s f\u00e1cil tomar medidas en paneles y armarios oscuros y abarrotados.  Es compacto y liviano para llevar en tu bolsillo donde sea que vayas.  El CM72 cuenta con medici\u00f3n de CA, escala autom\u00e1tica, verdadero RMS y m\u00e1s, para ayudarlo a mantenerse competitivo y garantizar lecturas precisas.\" \/>\n<meta property=\"og:url\" content=\"https:\/\/abaa.mx\/tienda\/cm72-multiamperimetro-de-gancho-600a-ca\/\" \/>\n<meta property=\"og:site_name\" content=\"Abaa tienda online\" \/>\n<meta property=\"article:modified_time\" content=\"2024-01-10T16:32:05+00:00\" \/>\n<meta property=\"og:image\" content=\"https:\/\/abaa.mx\/tienda\/wp-content\/uploads\/2024\/01\/CM72-MULTIAMPERIMETRO.jpg\" \/>\n\t<meta property=\"og:image:width\" content=\"1024\" \/>\n\t<meta property=\"og:image:height\" content=\"1024\" \/>\n\t<meta property=\"og:image:type\" content=\"image\/jpeg\" \/>\n<meta name=\"twitter:card\" content=\"summary_large_image\" \/>\n<meta name=\"twitter:label1\" content=\"Tiempo de lectura\" \/>\n\t<meta name=\"twitter:data1\" content=\"1 minuto\" \/>\n<script type=\"application\/ld+json\" class=\"yoast-schema-graph\">{\"@context\":\"https:\/\/schema.org\",\"@graph\":[{\"@type\":\"WebPage\",\"@id\":\"https:\/\/abaa.mx\/tienda\/cm72-multiamperimetro-de-gancho-600a-ca\/\",\"url\":\"https:\/\/abaa.mx\/tienda\/cm72-multiamperimetro-de-gancho-600a-ca\/\",\"name\":\"Cm72 - multiamperimetro de gancho 600a ca - Abaa tienda online\",\"isPartOf\":{\"@id\":\"https:\/\/abaa.mx\/tienda\/#website\"},\"primaryImageOfPage\":{\"@id\":\"https:\/\/abaa.mx\/tienda\/cm72-multiamperimetro-de-gancho-600a-ca\/#primaryimage\"},\"image\":{\"@id\":\"https:\/\/abaa.mx\/tienda\/cm72-multiamperimetro-de-gancho-600a-ca\/#primaryimage\"},\"thumbnailUrl\":\"https:\/\/abaa.mx\/tienda\/wp-content\/uploads\/2024\/01\/CM72-MULTIAMPERIMETRO.jpg\",\"datePublished\":\"2024-01-10T16:32:04+00:00\",\"dateModified\":\"2024-01-10T16:32:05+00:00\",\"breadcrumb\":{\"@id\":\"https:\/\/abaa.mx\/tienda\/cm72-multiamperimetro-de-gancho-600a-ca\/#breadcrumb\"},\"inLanguage\":\"es\",\"potentialAction\":[{\"@type\":\"ReadAction\",\"target\":[\"https:\/\/abaa.mx\/tienda\/cm72-multiamperimetro-de-gancho-600a-ca\/\"]}]},{\"@type\":\"ImageObject\",\"inLanguage\":\"es\",\"@id\":\"https:\/\/abaa.mx\/tienda\/cm72-multiamperimetro-de-gancho-600a-ca\/#primaryimage\",\"url\":\"https:\/\/abaa.mx\/tienda\/wp-content\/uploads\/2024\/01\/CM72-MULTIAMPERIMETRO.jpg\",\"contentUrl\":\"https:\/\/abaa.mx\/tienda\/wp-content\/uploads\/2024\/01\/CM72-MULTIAMPERIMETRO.jpg\",\"width\":1024,\"height\":1024,\"caption\":\"CM72 - MULTIAMPERIMETRO\"},{\"@type\":\"BreadcrumbList\",\"@id\":\"https:\/\/abaa.mx\/tienda\/cm72-multiamperimetro-de-gancho-600a-ca\/#breadcrumb\",\"itemListElement\":[{\"@type\":\"ListItem\",\"position\":1,\"name\":\"Inicio\",\"item\":\"https:\/\/abaa.mx\/tienda\/\"},{\"@type\":\"ListItem\",\"position\":2,\"name\":\"Tienda\",\"item\":\"https:\/\/abaa.mx\/tienda\/\"},{\"@type\":\"ListItem\",\"position\":3,\"name\":\"Cm72 &#8211; multiamperimetro de gancho 600a ca\"}]},{\"@type\":\"WebSite\",\"@id\":\"https:\/\/abaa.mx\/tienda\/#website\",\"url\":\"https:\/\/abaa.mx\/tienda\/\",\"name\":\"Abaa tienda online\",\"description\":\"Instrumentos de medici\u00f3n\",\"publisher\":{\"@id\":\"https:\/\/abaa.mx\/tienda\/#organization\"},\"potentialAction\":[{\"@type\":\"SearchAction\",\"target\":{\"@type\":\"EntryPoint\",\"urlTemplate\":\"https:\/\/abaa.mx\/tienda\/?s={search_term_string}\"},\"query-input\":{\"@type\":\"PropertyValueSpecification\",\"valueRequired\":true,\"valueName\":\"search_term_string\"}}],\"inLanguage\":\"es\"},{\"@type\":\"Organization\",\"@id\":\"https:\/\/abaa.mx\/tienda\/#organization\",\"name\":\"Abaa tienda online\",\"url\":\"https:\/\/abaa.mx\/tienda\/\",\"logo\":{\"@type\":\"ImageObject\",\"inLanguage\":\"es\",\"@id\":\"https:\/\/abaa.mx\/tienda\/#\/schema\/logo\/image\/\",\"url\":\"https:\/\/abaa.mx\/tienda\/wp-content\/uploads\/2024\/01\/abaa-metrologia-tienda.png\",\"contentUrl\":\"https:\/\/abaa.mx\/tienda\/wp-content\/uploads\/2024\/01\/abaa-metrologia-tienda.png\",\"width\":300,\"height\":141,\"caption\":\"Abaa tienda online\"},\"image\":{\"@id\":\"https:\/\/abaa.mx\/tienda\/#\/schema\/logo\/image\/\"}}]}<\/script>\n<!-- \/ Yoast SEO plugin. -->","yoast_head_json":{"title":"Cm72 - multiamperimetro de gancho 600a ca - Abaa tienda online","robots":{"index":"index","follow":"follow","max-snippet":"max-snippet:-1","max-image-preview":"max-image-preview:large","max-video-preview":"max-video-preview:-1"},"canonical":"https:\/\/abaa.mx\/tienda\/cm72-multiamperimetro-de-gancho-600a-ca\/","og_locale":"es_MX","og_type":"article","og_title":"Cm72 - multiamperimetro de gancho 600a ca - Abaa tienda online","og_description":"Caracter\u00edsticas:   El medidor de pinzas FLIR CM72 le brinda un mejor acceso al cableado en lugares dif\u00edciles de alcanzar.  Fabricado con una tenaza estrecha y faros de trabajo LED de alta potencia, el medidor hace que sea m\u00e1s f\u00e1cil tomar medidas en paneles y armarios oscuros y abarrotados.  Es compacto y liviano para llevar en tu bolsillo donde sea que vayas.  El CM72 cuenta con medici\u00f3n de CA, escala autom\u00e1tica, verdadero RMS y m\u00e1s, para ayudarlo a mantenerse competitivo y garantizar lecturas precisas.","og_url":"https:\/\/abaa.mx\/tienda\/cm72-multiamperimetro-de-gancho-600a-ca\/","og_site_name":"Abaa tienda online","article_modified_time":"2024-01-10T16:32:05+00:00","og_image":[{"width":1024,"height":1024,"url":"https:\/\/abaa.mx\/tienda\/wp-content\/uploads\/2024\/01\/CM72-MULTIAMPERIMETRO.jpg","type":"image\/jpeg"}],"twitter_card":"summary_large_image","twitter_misc":{"Tiempo de lectura":"1 minuto"},"schema":{"@context":"https:\/\/schema.org","@graph":[{"@type":"WebPage","@id":"https:\/\/abaa.mx\/tienda\/cm72-multiamperimetro-de-gancho-600a-ca\/","url":"https:\/\/abaa.mx\/tienda\/cm72-multiamperimetro-de-gancho-600a-ca\/","name":"Cm72 - multiamperimetro de gancho 600a ca - Abaa tienda online","isPartOf":{"@id":"https:\/\/abaa.mx\/tienda\/#website"},"primaryImageOfPage":{"@id":"https:\/\/abaa.mx\/tienda\/cm72-multiamperimetro-de-gancho-600a-ca\/#primaryimage"},"image":{"@id":"https:\/\/abaa.mx\/tienda\/cm72-multiamperimetro-de-gancho-600a-ca\/#primaryimage"},"thumbnailUrl":"https:\/\/abaa.mx\/tienda\/wp-content\/uploads\/2024\/01\/CM72-MULTIAMPERIMETRO.jpg","datePublished":"2024-01-10T16:32:04+00:00","dateModified":"2024-01-10T16:32:05+00:00","breadcrumb":{"@id":"https:\/\/abaa.mx\/tienda\/cm72-multiamperimetro-de-gancho-600a-ca\/#breadcrumb"},"inLanguage":"es","potentialAction":[{"@type":"ReadAction","target":["https:\/\/abaa.mx\/tienda\/cm72-multiamperimetro-de-gancho-600a-ca\/"]}]},{"@type":"ImageObject","inLanguage":"es","@id":"https:\/\/abaa.mx\/tienda\/cm72-multiamperimetro-de-gancho-600a-ca\/#primaryimage","url":"https:\/\/abaa.mx\/tienda\/wp-content\/uploads\/2024\/01\/CM72-MULTIAMPERIMETRO.jpg","contentUrl":"https:\/\/abaa.mx\/tienda\/wp-content\/uploads\/2024\/01\/CM72-MULTIAMPERIMETRO.jpg","width":1024,"height":1024,"caption":"CM72 - MULTIAMPERIMETRO"},{"@type":"BreadcrumbList","@id":"https:\/\/abaa.mx\/tienda\/cm72-multiamperimetro-de-gancho-600a-ca\/#breadcrumb","itemListElement":[{"@type":"ListItem","position":1,"name":"Inicio","item":"https:\/\/abaa.mx\/tienda\/"},{"@type":"ListItem","position":2,"name":"Tienda","item":"https:\/\/abaa.mx\/tienda\/"},{"@type":"ListItem","position":3,"name":"Cm72 &#8211; multiamperimetro de gancho 600a ca"}]},{"@type":"WebSite","@id":"https:\/\/abaa.mx\/tienda\/#website","url":"https:\/\/abaa.mx\/tienda\/","name":"Abaa tienda online","description":"Instrumentos de medici\u00f3n","publisher":{"@id":"https:\/\/abaa.mx\/tienda\/#organization"},"potentialAction":[{"@type":"SearchAction","target":{"@type":"EntryPoint","urlTemplate":"https:\/\/abaa.mx\/tienda\/?s={search_term_string}"},"query-input":{"@type":"PropertyValueSpecification","valueRequired":true,"valueName":"search_term_string"}}],"inLanguage":"es"},{"@type":"Organization","@id":"https:\/\/abaa.mx\/tienda\/#organization","name":"Abaa tienda online","url":"https:\/\/abaa.mx\/tienda\/","logo":{"@type":"ImageObject","inLanguage":"es","@id":"https:\/\/abaa.mx\/tienda\/#\/schema\/logo\/image\/","url":"https:\/\/abaa.mx\/tienda\/wp-content\/uploads\/2024\/01\/abaa-metrologia-tienda.png","contentUrl":"https:\/\/abaa.mx\/tienda\/wp-content\/uploads\/2024\/01\/abaa-metrologia-tienda.png","width":300,"height":141,"caption":"Abaa tienda online"},"image":{"@id":"https:\/\/abaa.mx\/tienda\/#\/schema\/logo\/image\/"}}]}},"_links":{"self":[{"href":"https:\/\/abaa.mx\/tienda\/wp-json\/wp\/v2\/product\/10194","targetHints":{"allow":["GET"]}}],"collection":[{"href":"https:\/\/abaa.mx\/tienda\/wp-json\/wp\/v2\/product"}],"about":[{"href":"https:\/\/abaa.mx\/tienda\/wp-json\/wp\/v2\/types\/product"}],"replies":[{"embeddable":true,"href":"https:\/\/abaa.mx\/tienda\/wp-json\/wp\/v2\/comments?post=10194"}],"wp:featuredmedia":[{"embeddable":true,"href":"https:\/\/abaa.mx\/tienda\/wp-json\/wp\/v2\/media\/10197"}],"wp:attachment":[{"href":"https:\/\/abaa.mx\/tienda\/wp-json\/wp\/v2\/media?parent=10194"}],"wp:term":[{"taxonomy":"product_brand","embeddable":true,"href":"https:\/\/abaa.mx\/tienda\/wp-json\/wp\/v2\/product_brand?post=10194"},{"taxonomy":"product_cat","embeddable":true,"href":"https:\/\/abaa.mx\/tienda\/wp-json\/wp\/v2\/product_cat?post=10194"},{"taxonomy":"product_tag","embeddable":true,"href":"https:\/\/abaa.mx\/tienda\/wp-json\/wp\/v2\/product_tag?post=10194"}],"curies":[{"name":"wp","href":"https:\/\/api.w.org\/{rel}","templated":true}]}}