{"id":10129,"date":"2024-01-08T20:32:48","date_gmt":"2024-01-08T20:32:48","guid":{"rendered":"https:\/\/abaa.mx\/tienda\/?post_type=product&#038;p=10129"},"modified":"2024-01-08T20:32:49","modified_gmt":"2024-01-08T20:32:49","slug":"ma440-multiamperimetro-4-400aca-600vcde-ca-40mohm-40nf-1mhz-1000c","status":"publish","type":"product","link":"https:\/\/abaa.mx\/tienda\/ma440-multiamperimetro-4-400aca-600vcde-ca-40mohm-40nf-1mhz-1000c\/","title":{"rendered":"Ma440 \u2014 multiamperimetro 4-400aca, 600vcde ca, 40mohm, 40nf, 1mhz, 1000c"},"content":{"rendered":"<p>Ma440 \u2014 multiamperimetro 4-400aca, 600vcde ca, 40mohm, 40nf, 1mhz, 1000c.<\/p>\n","protected":false},"excerpt":{"rendered":"<p><strong>Caracter\u00edsticas:<\/strong><\/p>\n<ul>\n<li><span>El tama\u00f1o de mordaza de 1,2&#8243; (30 mm) se adapta a conductores de hasta 500 MCM.<\/span><\/li>\n<li><span>Detector de voltaje sin contacto (NCV) incorporado.<\/span><\/li>\n<li><span>Amplia pantalla LCD retroiluminada.<\/span><\/li>\n<li><span>Las siguientes son algunas de las funciones: Voltaje sin contacto, voltaje de CA\/CC, corriente CA, resistencia, capacitancia, frecuencia, prueba de diodo, continuidad.<\/span><\/li>\n<li><span>Modo relativo para capacitancia, retenci\u00f3n de datos, apagado autom\u00e1tico e indicador de bater\u00eda baja.<\/span><\/li>\n<li><span>Completo con cables de prueba, tres pilas AAA y bolsa.<\/span><\/li>\n<\/ul>\n","protected":false},"featured_media":10131,"comment_status":"open","ping_status":"closed","template":"","meta":{"_joinchat":[]},"product_brand":[],"product_cat":[15],"product_tag":[],"class_list":{"0":"post-10129","1":"product","2":"type-product","3":"status-publish","4":"has-post-thumbnail","6":"product_cat-sin-categorizar","8":"first","9":"instock","10":"shipping-taxable","11":"product-type-simple"},"yoast_head":"<!-- This site is optimized with the Yoast SEO plugin v26.4 - https:\/\/yoast.com\/wordpress\/plugins\/seo\/ -->\n<title>Ma440 \u2014 multiamperimetro 4-400aca, 600vcde ca, 40mohm, 40nf, 1mhz, 1000c - Abaa tienda online<\/title>\n<meta name=\"robots\" content=\"index, follow, max-snippet:-1, max-image-preview:large, max-video-preview:-1\" \/>\n<link rel=\"canonical\" href=\"https:\/\/abaa.mx\/tienda\/ma440-multiamperimetro-4-400aca-600vcde-ca-40mohm-40nf-1mhz-1000c\/\" \/>\n<meta property=\"og:locale\" content=\"es_MX\" \/>\n<meta property=\"og:type\" content=\"article\" \/>\n<meta property=\"og:title\" content=\"Ma440 \u2014 multiamperimetro 4-400aca, 600vcde ca, 40mohm, 40nf, 1mhz, 1000c - Abaa tienda online\" \/>\n<meta property=\"og:description\" content=\"Caracter\u00edsticas:   El tama\u00f1o de mordaza de 1,2&quot; (30 mm) se adapta a conductores de hasta 500 MCM.  Detector de voltaje sin contacto (NCV) incorporado.  Amplia pantalla LCD retroiluminada.  Las siguientes son algunas de las funciones: Voltaje sin contacto, voltaje de CA\/CC, corriente CA, resistencia, capacitancia, frecuencia, prueba de diodo, continuidad.  Modo relativo para capacitancia, retenci\u00f3n de datos, apagado autom\u00e1tico e indicador de bater\u00eda baja.  Completo con cables de prueba, tres pilas AAA y bolsa.\" \/>\n<meta property=\"og:url\" content=\"https:\/\/abaa.mx\/tienda\/ma440-multiamperimetro-4-400aca-600vcde-ca-40mohm-40nf-1mhz-1000c\/\" \/>\n<meta property=\"og:site_name\" content=\"Abaa tienda online\" \/>\n<meta property=\"article:modified_time\" content=\"2024-01-08T20:32:49+00:00\" \/>\n<meta property=\"og:image\" content=\"https:\/\/abaa.mx\/tienda\/wp-content\/uploads\/2024\/01\/EXTECH-MA440.jpg\" \/>\n\t<meta property=\"og:image:width\" content=\"343\" \/>\n\t<meta property=\"og:image:height\" content=\"472\" \/>\n\t<meta property=\"og:image:type\" content=\"image\/jpeg\" \/>\n<meta name=\"twitter:card\" content=\"summary_large_image\" \/>\n<meta name=\"twitter:label1\" content=\"Tiempo de lectura\" \/>\n\t<meta name=\"twitter:data1\" content=\"1 minuto\" \/>\n<script type=\"application\/ld+json\" class=\"yoast-schema-graph\">{\"@context\":\"https:\/\/schema.org\",\"@graph\":[{\"@type\":\"WebPage\",\"@id\":\"https:\/\/abaa.mx\/tienda\/ma440-multiamperimetro-4-400aca-600vcde-ca-40mohm-40nf-1mhz-1000c\/\",\"url\":\"https:\/\/abaa.mx\/tienda\/ma440-multiamperimetro-4-400aca-600vcde-ca-40mohm-40nf-1mhz-1000c\/\",\"name\":\"Ma440 \u2014 multiamperimetro 4-400aca, 600vcde ca, 40mohm, 40nf, 1mhz, 1000c - Abaa tienda online\",\"isPartOf\":{\"@id\":\"https:\/\/abaa.mx\/tienda\/#website\"},\"primaryImageOfPage\":{\"@id\":\"https:\/\/abaa.mx\/tienda\/ma440-multiamperimetro-4-400aca-600vcde-ca-40mohm-40nf-1mhz-1000c\/#primaryimage\"},\"image\":{\"@id\":\"https:\/\/abaa.mx\/tienda\/ma440-multiamperimetro-4-400aca-600vcde-ca-40mohm-40nf-1mhz-1000c\/#primaryimage\"},\"thumbnailUrl\":\"https:\/\/abaa.mx\/tienda\/wp-content\/uploads\/2024\/01\/EXTECH-MA440.jpg\",\"datePublished\":\"2024-01-08T20:32:48+00:00\",\"dateModified\":\"2024-01-08T20:32:49+00:00\",\"breadcrumb\":{\"@id\":\"https:\/\/abaa.mx\/tienda\/ma440-multiamperimetro-4-400aca-600vcde-ca-40mohm-40nf-1mhz-1000c\/#breadcrumb\"},\"inLanguage\":\"es\",\"potentialAction\":[{\"@type\":\"ReadAction\",\"target\":[\"https:\/\/abaa.mx\/tienda\/ma440-multiamperimetro-4-400aca-600vcde-ca-40mohm-40nf-1mhz-1000c\/\"]}]},{\"@type\":\"ImageObject\",\"inLanguage\":\"es\",\"@id\":\"https:\/\/abaa.mx\/tienda\/ma440-multiamperimetro-4-400aca-600vcde-ca-40mohm-40nf-1mhz-1000c\/#primaryimage\",\"url\":\"https:\/\/abaa.mx\/tienda\/wp-content\/uploads\/2024\/01\/EXTECH-MA440.jpg\",\"contentUrl\":\"https:\/\/abaa.mx\/tienda\/wp-content\/uploads\/2024\/01\/EXTECH-MA440.jpg\",\"width\":343,\"height\":472,\"caption\":\"EXTECH-MA440\"},{\"@type\":\"BreadcrumbList\",\"@id\":\"https:\/\/abaa.mx\/tienda\/ma440-multiamperimetro-4-400aca-600vcde-ca-40mohm-40nf-1mhz-1000c\/#breadcrumb\",\"itemListElement\":[{\"@type\":\"ListItem\",\"position\":1,\"name\":\"Inicio\",\"item\":\"https:\/\/abaa.mx\/tienda\/\"},{\"@type\":\"ListItem\",\"position\":2,\"name\":\"Tienda\",\"item\":\"https:\/\/abaa.mx\/tienda\/\"},{\"@type\":\"ListItem\",\"position\":3,\"name\":\"Ma440 \u2014 multiamperimetro 4-400aca, 600vcde ca, 40mohm, 40nf, 1mhz, 1000c\"}]},{\"@type\":\"WebSite\",\"@id\":\"https:\/\/abaa.mx\/tienda\/#website\",\"url\":\"https:\/\/abaa.mx\/tienda\/\",\"name\":\"Abaa tienda online\",\"description\":\"Instrumentos de medici\u00f3n\",\"publisher\":{\"@id\":\"https:\/\/abaa.mx\/tienda\/#organization\"},\"potentialAction\":[{\"@type\":\"SearchAction\",\"target\":{\"@type\":\"EntryPoint\",\"urlTemplate\":\"https:\/\/abaa.mx\/tienda\/?s={search_term_string}\"},\"query-input\":{\"@type\":\"PropertyValueSpecification\",\"valueRequired\":true,\"valueName\":\"search_term_string\"}}],\"inLanguage\":\"es\"},{\"@type\":\"Organization\",\"@id\":\"https:\/\/abaa.mx\/tienda\/#organization\",\"name\":\"Abaa tienda online\",\"url\":\"https:\/\/abaa.mx\/tienda\/\",\"logo\":{\"@type\":\"ImageObject\",\"inLanguage\":\"es\",\"@id\":\"https:\/\/abaa.mx\/tienda\/#\/schema\/logo\/image\/\",\"url\":\"https:\/\/abaa.mx\/tienda\/wp-content\/uploads\/2024\/01\/abaa-metrologia-tienda.png\",\"contentUrl\":\"https:\/\/abaa.mx\/tienda\/wp-content\/uploads\/2024\/01\/abaa-metrologia-tienda.png\",\"width\":300,\"height\":141,\"caption\":\"Abaa tienda online\"},\"image\":{\"@id\":\"https:\/\/abaa.mx\/tienda\/#\/schema\/logo\/image\/\"}}]}<\/script>\n<!-- \/ Yoast SEO plugin. -->","yoast_head_json":{"title":"Ma440 \u2014 multiamperimetro 4-400aca, 600vcde ca, 40mohm, 40nf, 1mhz, 1000c - Abaa tienda online","robots":{"index":"index","follow":"follow","max-snippet":"max-snippet:-1","max-image-preview":"max-image-preview:large","max-video-preview":"max-video-preview:-1"},"canonical":"https:\/\/abaa.mx\/tienda\/ma440-multiamperimetro-4-400aca-600vcde-ca-40mohm-40nf-1mhz-1000c\/","og_locale":"es_MX","og_type":"article","og_title":"Ma440 \u2014 multiamperimetro 4-400aca, 600vcde ca, 40mohm, 40nf, 1mhz, 1000c - Abaa tienda online","og_description":"Caracter\u00edsticas:   El tama\u00f1o de mordaza de 1,2\" (30 mm) se adapta a conductores de hasta 500 MCM.  Detector de voltaje sin contacto (NCV) incorporado.  Amplia pantalla LCD retroiluminada.  Las siguientes son algunas de las funciones: Voltaje sin contacto, voltaje de CA\/CC, corriente CA, resistencia, capacitancia, frecuencia, prueba de diodo, continuidad.  Modo relativo para capacitancia, retenci\u00f3n de datos, apagado autom\u00e1tico e indicador de bater\u00eda baja.  Completo con cables de prueba, tres pilas AAA y bolsa.","og_url":"https:\/\/abaa.mx\/tienda\/ma440-multiamperimetro-4-400aca-600vcde-ca-40mohm-40nf-1mhz-1000c\/","og_site_name":"Abaa tienda online","article_modified_time":"2024-01-08T20:32:49+00:00","og_image":[{"width":343,"height":472,"url":"https:\/\/abaa.mx\/tienda\/wp-content\/uploads\/2024\/01\/EXTECH-MA440.jpg","type":"image\/jpeg"}],"twitter_card":"summary_large_image","twitter_misc":{"Tiempo de lectura":"1 minuto"},"schema":{"@context":"https:\/\/schema.org","@graph":[{"@type":"WebPage","@id":"https:\/\/abaa.mx\/tienda\/ma440-multiamperimetro-4-400aca-600vcde-ca-40mohm-40nf-1mhz-1000c\/","url":"https:\/\/abaa.mx\/tienda\/ma440-multiamperimetro-4-400aca-600vcde-ca-40mohm-40nf-1mhz-1000c\/","name":"Ma440 \u2014 multiamperimetro 4-400aca, 600vcde ca, 40mohm, 40nf, 1mhz, 1000c - Abaa tienda online","isPartOf":{"@id":"https:\/\/abaa.mx\/tienda\/#website"},"primaryImageOfPage":{"@id":"https:\/\/abaa.mx\/tienda\/ma440-multiamperimetro-4-400aca-600vcde-ca-40mohm-40nf-1mhz-1000c\/#primaryimage"},"image":{"@id":"https:\/\/abaa.mx\/tienda\/ma440-multiamperimetro-4-400aca-600vcde-ca-40mohm-40nf-1mhz-1000c\/#primaryimage"},"thumbnailUrl":"https:\/\/abaa.mx\/tienda\/wp-content\/uploads\/2024\/01\/EXTECH-MA440.jpg","datePublished":"2024-01-08T20:32:48+00:00","dateModified":"2024-01-08T20:32:49+00:00","breadcrumb":{"@id":"https:\/\/abaa.mx\/tienda\/ma440-multiamperimetro-4-400aca-600vcde-ca-40mohm-40nf-1mhz-1000c\/#breadcrumb"},"inLanguage":"es","potentialAction":[{"@type":"ReadAction","target":["https:\/\/abaa.mx\/tienda\/ma440-multiamperimetro-4-400aca-600vcde-ca-40mohm-40nf-1mhz-1000c\/"]}]},{"@type":"ImageObject","inLanguage":"es","@id":"https:\/\/abaa.mx\/tienda\/ma440-multiamperimetro-4-400aca-600vcde-ca-40mohm-40nf-1mhz-1000c\/#primaryimage","url":"https:\/\/abaa.mx\/tienda\/wp-content\/uploads\/2024\/01\/EXTECH-MA440.jpg","contentUrl":"https:\/\/abaa.mx\/tienda\/wp-content\/uploads\/2024\/01\/EXTECH-MA440.jpg","width":343,"height":472,"caption":"EXTECH-MA440"},{"@type":"BreadcrumbList","@id":"https:\/\/abaa.mx\/tienda\/ma440-multiamperimetro-4-400aca-600vcde-ca-40mohm-40nf-1mhz-1000c\/#breadcrumb","itemListElement":[{"@type":"ListItem","position":1,"name":"Inicio","item":"https:\/\/abaa.mx\/tienda\/"},{"@type":"ListItem","position":2,"name":"Tienda","item":"https:\/\/abaa.mx\/tienda\/"},{"@type":"ListItem","position":3,"name":"Ma440 \u2014 multiamperimetro 4-400aca, 600vcde ca, 40mohm, 40nf, 1mhz, 1000c"}]},{"@type":"WebSite","@id":"https:\/\/abaa.mx\/tienda\/#website","url":"https:\/\/abaa.mx\/tienda\/","name":"Abaa tienda online","description":"Instrumentos de medici\u00f3n","publisher":{"@id":"https:\/\/abaa.mx\/tienda\/#organization"},"potentialAction":[{"@type":"SearchAction","target":{"@type":"EntryPoint","urlTemplate":"https:\/\/abaa.mx\/tienda\/?s={search_term_string}"},"query-input":{"@type":"PropertyValueSpecification","valueRequired":true,"valueName":"search_term_string"}}],"inLanguage":"es"},{"@type":"Organization","@id":"https:\/\/abaa.mx\/tienda\/#organization","name":"Abaa tienda online","url":"https:\/\/abaa.mx\/tienda\/","logo":{"@type":"ImageObject","inLanguage":"es","@id":"https:\/\/abaa.mx\/tienda\/#\/schema\/logo\/image\/","url":"https:\/\/abaa.mx\/tienda\/wp-content\/uploads\/2024\/01\/abaa-metrologia-tienda.png","contentUrl":"https:\/\/abaa.mx\/tienda\/wp-content\/uploads\/2024\/01\/abaa-metrologia-tienda.png","width":300,"height":141,"caption":"Abaa tienda online"},"image":{"@id":"https:\/\/abaa.mx\/tienda\/#\/schema\/logo\/image\/"}}]}},"_links":{"self":[{"href":"https:\/\/abaa.mx\/tienda\/wp-json\/wp\/v2\/product\/10129","targetHints":{"allow":["GET"]}}],"collection":[{"href":"https:\/\/abaa.mx\/tienda\/wp-json\/wp\/v2\/product"}],"about":[{"href":"https:\/\/abaa.mx\/tienda\/wp-json\/wp\/v2\/types\/product"}],"replies":[{"embeddable":true,"href":"https:\/\/abaa.mx\/tienda\/wp-json\/wp\/v2\/comments?post=10129"}],"wp:featuredmedia":[{"embeddable":true,"href":"https:\/\/abaa.mx\/tienda\/wp-json\/wp\/v2\/media\/10131"}],"wp:attachment":[{"href":"https:\/\/abaa.mx\/tienda\/wp-json\/wp\/v2\/media?parent=10129"}],"wp:term":[{"taxonomy":"product_brand","embeddable":true,"href":"https:\/\/abaa.mx\/tienda\/wp-json\/wp\/v2\/product_brand?post=10129"},{"taxonomy":"product_cat","embeddable":true,"href":"https:\/\/abaa.mx\/tienda\/wp-json\/wp\/v2\/product_cat?post=10129"},{"taxonomy":"product_tag","embeddable":true,"href":"https:\/\/abaa.mx\/tienda\/wp-json\/wp\/v2\/product_tag?post=10129"}],"curies":[{"name":"wp","href":"https:\/\/api.w.org\/{rel}","templated":true}]}}