{"id":10097,"date":"2024-01-08T17:32:21","date_gmt":"2024-01-08T17:32:21","guid":{"rendered":"https:\/\/abaa.mx\/tienda\/?post_type=product&#038;p=10097"},"modified":"2024-01-08T17:32:22","modified_gmt":"2024-01-08T17:32:22","slug":"cm44-multiamperimetro-de-gancho","status":"publish","type":"product","link":"https:\/\/abaa.mx\/tienda\/cm44-multiamperimetro-de-gancho\/","title":{"rendered":"Cm44 &#8211; multiamperimetro de gancho"},"content":{"rendered":"<p>Cm44 &#8211; multiamperimetro de gancho.<\/p>\n","protected":false},"excerpt":{"rendered":"<ul>\n<li><strong>Apertura de la tenaza:<\/strong><\/li>\n<\/ul>\n<p>30 mm m\u00e1x.<\/p>\n<h3><strong>MEDICI\u00d3N Y AN\u00c1LISIS.<\/strong><\/h3>\n<ul>\n<li><strong>Capacitancia:<\/strong><\/li>\n<\/ul>\n<p>2500 \u00b5F (Precisi\u00f3n b\u00e1sica \u00b12,0 %).<\/p>\n<ul>\n<li><strong>Categor\u00eda:<\/strong><\/li>\n<\/ul>\n<p>CAT IV 300 V \/ CAT III 600 V.<\/p>\n<ul>\n<li><strong>Continuidad:<\/strong><\/li>\n<\/ul>\n<p>10 \u03a9 &lt; y &lt;250 \u03a9.<\/p>\n<ul>\n<li><strong>Corriente CA con tenaza y Accu-Tip:<\/strong><\/li>\n<\/ul>\n<p>60 V (Precisi\u00f3n b\u00e1sica \u00b11,5 %).<\/p>\n<ul>\n<li><strong>Corriente CC con tenaza y Accu-Tip:<\/strong><\/li>\n<\/ul>\n<p>&#8211; (Precisi\u00f3n b\u00e1sica \u00b12,0 %).<\/p>\n<ul>\n<li><strong>Corriente de CA con tenaza (100-400 Hz):<\/strong><\/li>\n<\/ul>\n<p>400 A (Precisi\u00f3n b\u00e1sica \u00b12,0 %).<\/p>\n<ul>\n<li><strong>Corriente de CA con tenaza (50-100 Hz):<\/strong><\/li>\n<\/ul>\n<p>400 A (Precisi\u00f3n b\u00e1sica \u00b11,8 %).<\/p>\n<ul>\n<li><strong>Corriente de CC con tenaza:<\/strong><\/li>\n<\/ul>\n<p>&#8211; (Precisi\u00f3n b\u00e1sica \u00b12,0 %).<\/p>\n<ul>\n<li><strong>Diodo:<\/strong><\/li>\n<\/ul>\n<p>2,0 V (Precisi\u00f3n b\u00e1sica \u00b11,5 %).<\/p>\n<ul>\n<li><strong>Frecuencia:<\/strong><\/li>\n<\/ul>\n<p>50 &#8211; 400 Hz (Precisi\u00f3n b\u00e1sica \u00b11,0 %).<\/p>\n<ul>\n<li><strong>Grabaci\u00f3n:<\/strong><\/li>\n<\/ul>\n<p>M\u00edn.\/m\u00e1x.\/media.<\/p>\n<ul>\n<li><strong>MicroA CC:<\/strong><\/li>\n<\/ul>\n<p>2000 \u00b5A (Precisi\u00f3n b\u00e1sica \u00b11,0 %).<\/p>\n<ul>\n<li><strong>NCV:<\/strong><\/li>\n<\/ul>\n<p>S\u00ed.<\/p>\n<ul>\n<li><strong>Resistencia:<\/strong><\/li>\n<\/ul>\n<p>60 k\u03a9 (Precisi\u00f3n b\u00e1sica \u00b11,0 %).<\/p>\n<ul>\n<li><strong>Temperatura:<\/strong><\/li>\n<\/ul>\n<p>De -40 a 400 \u00b0C (de -40 a 752 \u00b0F) (Precisi\u00f3n b\u00e1sica \u00b11,0 %).<\/p>\n<ul>\n<li><strong>Voltaje CA (filtro digital de paso bajo-VFD):<\/strong><\/li>\n<\/ul>\n<p>600 V (Basic Accuracy \u00b11.0%).<\/p>\n<ul>\n<li><strong>Voltaje CA\/CC (filtro digital de paso bajo &#8211; VFD):<\/strong><\/li>\n<\/ul>\n<p>\u2014 (Basic Accuracy \u00b11.2%).<\/p>\n<ul>\n<li><strong>Voltaje CC:<\/strong><\/li>\n<\/ul>\n<p>600 V (Precisi\u00f3n b\u00e1sica \u00b11,0 %).<\/p>\n<p><strong>Especificaciones:<\/strong><\/p>\n<p><span class=\"bg-white\">La familia de medidores de tenaza FLIR CM4X incluye tres medidores profesionales y asequibles con RMS real dise\u00f1ados para electricistas comerciales y dom\u00e9sticos. El CM42 y el CM44 incluyen medici\u00f3n de CA con tenaza y el CM46 ofrece medici\u00f3n de CA y CC, para satisfacer las necesidades \u00fanicas que pueda tener. Cada medidor est\u00e1 equipado con una brillante pantalla retroiluminada para facilitar el uso dentro de los paneles el\u00e9ctricos.<\/span><br \/>\n<span class=\"bg-white\">La tecnolog\u00eda Accu-Tip\u2122 proporciona mediciones de intensidad m\u00e1s precisas en cables de menor calibre: hasta d\u00e9cimas. Todos los modelos ofrecen grabaci\u00f3n de M\u00c1X.\/M\u00cdN.\/PROMEDIO, medici\u00f3n de frecuencia y detecci\u00f3n de campos magn\u00e9ticos para que pueda determinar mejor la presencia de voltaje y la fuerza relativa del campo. La familia de medidores de tenaza CM4X, elaborada con un dise\u00f1o de doble molde f\u00e1cil de sujetar, es lo suficientemente duradera para soportar una ca\u00edda de 2 metros y su formato delgado lo hace c\u00f3modo de transportar en la bolsa de herramientas all\u00e1 donde vaya.<\/span><\/p>\n<p>&nbsp;<\/p>\n","protected":false},"featured_media":10105,"comment_status":"open","ping_status":"closed","template":"","meta":{"_joinchat":[]},"product_brand":[],"product_cat":[15],"product_tag":[],"class_list":{"0":"post-10097","1":"product","2":"type-product","3":"status-publish","4":"has-post-thumbnail","6":"product_cat-sin-categorizar","8":"first","9":"instock","10":"shipping-taxable","11":"product-type-simple"},"yoast_head":"<!-- This site is optimized with the Yoast SEO plugin v26.4 - https:\/\/yoast.com\/wordpress\/plugins\/seo\/ -->\n<title>Cm44 - multiamperimetro de gancho - Abaa tienda online<\/title>\n<meta name=\"robots\" content=\"index, follow, max-snippet:-1, max-image-preview:large, max-video-preview:-1\" \/>\n<link rel=\"canonical\" href=\"https:\/\/abaa.mx\/tienda\/cm44-multiamperimetro-de-gancho\/\" \/>\n<meta property=\"og:locale\" content=\"es_MX\" \/>\n<meta property=\"og:type\" content=\"article\" \/>\n<meta property=\"og:title\" content=\"Cm44 - multiamperimetro de gancho - Abaa tienda online\" \/>\n<meta property=\"og:description\" content=\"Apertura de la tenaza:  30 mm m\u00e1x. MEDICI\u00d3N Y AN\u00c1LISIS.   Capacitancia:  2500 \u00b5F (Precisi\u00f3n b\u00e1sica \u00b12,0 %).   Categor\u00eda:  CAT IV 300 V \/ CAT III 600 V.   Continuidad:  10 \u03a9 &lt; y &lt;250 \u03a9.   Corriente CA con tenaza y Accu-Tip:  60 V (Precisi\u00f3n b\u00e1sica \u00b11,5 %).   Corriente CC con tenaza y Accu-Tip:  - (Precisi\u00f3n b\u00e1sica \u00b12,0 %).   Corriente de CA con tenaza (100-400 Hz):  400 A (Precisi\u00f3n b\u00e1sica \u00b12,0 %).   Corriente de CA con tenaza (50-100 Hz):  400 A (Precisi\u00f3n b\u00e1sica \u00b11,8 %).   Corriente de CC con tenaza:  - (Precisi\u00f3n b\u00e1sica \u00b12,0 %).   Diodo:  2,0 V (Precisi\u00f3n b\u00e1sica \u00b11,5 %).   Frecuencia:  50 - 400 Hz (Precisi\u00f3n b\u00e1sica \u00b11,0 %).   Grabaci\u00f3n:  M\u00edn.\/m\u00e1x.\/media.   MicroA CC:  2000 \u00b5A (Precisi\u00f3n b\u00e1sica \u00b11,0 %).   NCV:  S\u00ed.   Resistencia:  60 k\u03a9 (Precisi\u00f3n b\u00e1sica \u00b11,0 %).   Temperatura:  De -40 a 400 \u00b0C (de -40 a 752 \u00b0F) (Precisi\u00f3n b\u00e1sica \u00b11,0 %).   Voltaje CA (filtro digital de paso bajo-VFD):  600 V (Basic Accuracy \u00b11.0%).   Voltaje CA\/CC (filtro digital de paso bajo - VFD):  \u2014 (Basic Accuracy \u00b11.2%).   Voltaje CC:  600 V (Precisi\u00f3n b\u00e1sica \u00b11,0 %).  Especificaciones:  La familia de medidores de tenaza FLIR CM4X incluye tres medidores profesionales y asequibles con RMS real dise\u00f1ados para electricistas comerciales y dom\u00e9sticos. El CM42 y el CM44 incluyen medici\u00f3n de CA con tenaza y el CM46 ofrece medici\u00f3n de CA y CC, para satisfacer las necesidades \u00fanicas que pueda tener. Cada medidor est\u00e1 equipado con una brillante pantalla retroiluminada para facilitar el uso dentro de los paneles el\u00e9ctricos. La tecnolog\u00eda Accu-Tip\u2122 proporciona mediciones de intensidad m\u00e1s precisas en cables de menor calibre: hasta d\u00e9cimas. Todos los modelos ofrecen grabaci\u00f3n de M\u00c1X.\/M\u00cdN.\/PROMEDIO, medici\u00f3n de frecuencia y detecci\u00f3n de campos magn\u00e9ticos para que pueda determinar mejor la presencia de voltaje y la fuerza relativa del campo. La familia de medidores de tenaza CM4X, elaborada con un dise\u00f1o de doble molde f\u00e1cil de sujetar, es lo suficientemente duradera para soportar una ca\u00edda de 2 metros y su formato delgado lo hace c\u00f3modo de transportar en la bolsa de herramientas all\u00e1 donde vaya.  &nbsp;\" \/>\n<meta property=\"og:url\" content=\"https:\/\/abaa.mx\/tienda\/cm44-multiamperimetro-de-gancho\/\" \/>\n<meta property=\"og:site_name\" content=\"Abaa tienda online\" \/>\n<meta property=\"article:modified_time\" content=\"2024-01-08T17:32:22+00:00\" \/>\n<meta property=\"og:image\" content=\"https:\/\/abaa.mx\/tienda\/wp-content\/uploads\/2024\/01\/FLIR-CM44.jpg\" \/>\n\t<meta property=\"og:image:width\" content=\"302\" \/>\n\t<meta property=\"og:image:height\" content=\"484\" \/>\n\t<meta property=\"og:image:type\" content=\"image\/jpeg\" \/>\n<meta name=\"twitter:card\" content=\"summary_large_image\" \/>\n<meta name=\"twitter:label1\" content=\"Tiempo de lectura\" \/>\n\t<meta name=\"twitter:data1\" content=\"1 minuto\" \/>\n<script type=\"application\/ld+json\" class=\"yoast-schema-graph\">{\"@context\":\"https:\/\/schema.org\",\"@graph\":[{\"@type\":\"WebPage\",\"@id\":\"https:\/\/abaa.mx\/tienda\/cm44-multiamperimetro-de-gancho\/\",\"url\":\"https:\/\/abaa.mx\/tienda\/cm44-multiamperimetro-de-gancho\/\",\"name\":\"Cm44 - multiamperimetro de gancho - Abaa tienda online\",\"isPartOf\":{\"@id\":\"https:\/\/abaa.mx\/tienda\/#website\"},\"primaryImageOfPage\":{\"@id\":\"https:\/\/abaa.mx\/tienda\/cm44-multiamperimetro-de-gancho\/#primaryimage\"},\"image\":{\"@id\":\"https:\/\/abaa.mx\/tienda\/cm44-multiamperimetro-de-gancho\/#primaryimage\"},\"thumbnailUrl\":\"https:\/\/abaa.mx\/tienda\/wp-content\/uploads\/2024\/01\/FLIR-CM44.jpg\",\"datePublished\":\"2024-01-08T17:32:21+00:00\",\"dateModified\":\"2024-01-08T17:32:22+00:00\",\"breadcrumb\":{\"@id\":\"https:\/\/abaa.mx\/tienda\/cm44-multiamperimetro-de-gancho\/#breadcrumb\"},\"inLanguage\":\"es\",\"potentialAction\":[{\"@type\":\"ReadAction\",\"target\":[\"https:\/\/abaa.mx\/tienda\/cm44-multiamperimetro-de-gancho\/\"]}]},{\"@type\":\"ImageObject\",\"inLanguage\":\"es\",\"@id\":\"https:\/\/abaa.mx\/tienda\/cm44-multiamperimetro-de-gancho\/#primaryimage\",\"url\":\"https:\/\/abaa.mx\/tienda\/wp-content\/uploads\/2024\/01\/FLIR-CM44.jpg\",\"contentUrl\":\"https:\/\/abaa.mx\/tienda\/wp-content\/uploads\/2024\/01\/FLIR-CM44.jpg\",\"width\":302,\"height\":484,\"caption\":\"FLIR-CM44\"},{\"@type\":\"BreadcrumbList\",\"@id\":\"https:\/\/abaa.mx\/tienda\/cm44-multiamperimetro-de-gancho\/#breadcrumb\",\"itemListElement\":[{\"@type\":\"ListItem\",\"position\":1,\"name\":\"Inicio\",\"item\":\"https:\/\/abaa.mx\/tienda\/\"},{\"@type\":\"ListItem\",\"position\":2,\"name\":\"Tienda\",\"item\":\"https:\/\/abaa.mx\/tienda\/\"},{\"@type\":\"ListItem\",\"position\":3,\"name\":\"Cm44 &#8211; multiamperimetro de gancho\"}]},{\"@type\":\"WebSite\",\"@id\":\"https:\/\/abaa.mx\/tienda\/#website\",\"url\":\"https:\/\/abaa.mx\/tienda\/\",\"name\":\"Abaa tienda online\",\"description\":\"Instrumentos de medici\u00f3n\",\"publisher\":{\"@id\":\"https:\/\/abaa.mx\/tienda\/#organization\"},\"potentialAction\":[{\"@type\":\"SearchAction\",\"target\":{\"@type\":\"EntryPoint\",\"urlTemplate\":\"https:\/\/abaa.mx\/tienda\/?s={search_term_string}\"},\"query-input\":{\"@type\":\"PropertyValueSpecification\",\"valueRequired\":true,\"valueName\":\"search_term_string\"}}],\"inLanguage\":\"es\"},{\"@type\":\"Organization\",\"@id\":\"https:\/\/abaa.mx\/tienda\/#organization\",\"name\":\"Abaa tienda online\",\"url\":\"https:\/\/abaa.mx\/tienda\/\",\"logo\":{\"@type\":\"ImageObject\",\"inLanguage\":\"es\",\"@id\":\"https:\/\/abaa.mx\/tienda\/#\/schema\/logo\/image\/\",\"url\":\"https:\/\/abaa.mx\/tienda\/wp-content\/uploads\/2024\/01\/abaa-metrologia-tienda.png\",\"contentUrl\":\"https:\/\/abaa.mx\/tienda\/wp-content\/uploads\/2024\/01\/abaa-metrologia-tienda.png\",\"width\":300,\"height\":141,\"caption\":\"Abaa tienda online\"},\"image\":{\"@id\":\"https:\/\/abaa.mx\/tienda\/#\/schema\/logo\/image\/\"}}]}<\/script>\n<!-- \/ Yoast SEO plugin. -->","yoast_head_json":{"title":"Cm44 - multiamperimetro de gancho - Abaa tienda online","robots":{"index":"index","follow":"follow","max-snippet":"max-snippet:-1","max-image-preview":"max-image-preview:large","max-video-preview":"max-video-preview:-1"},"canonical":"https:\/\/abaa.mx\/tienda\/cm44-multiamperimetro-de-gancho\/","og_locale":"es_MX","og_type":"article","og_title":"Cm44 - multiamperimetro de gancho - Abaa tienda online","og_description":"Apertura de la tenaza:  30 mm m\u00e1x. MEDICI\u00d3N Y AN\u00c1LISIS.   Capacitancia:  2500 \u00b5F (Precisi\u00f3n b\u00e1sica \u00b12,0 %).   Categor\u00eda:  CAT IV 300 V \/ CAT III 600 V.   Continuidad:  10 \u03a9 &lt; y &lt;250 \u03a9.   Corriente CA con tenaza y Accu-Tip:  60 V (Precisi\u00f3n b\u00e1sica \u00b11,5 %).   Corriente CC con tenaza y Accu-Tip:  - (Precisi\u00f3n b\u00e1sica \u00b12,0 %).   Corriente de CA con tenaza (100-400 Hz):  400 A (Precisi\u00f3n b\u00e1sica \u00b12,0 %).   Corriente de CA con tenaza (50-100 Hz):  400 A (Precisi\u00f3n b\u00e1sica \u00b11,8 %).   Corriente de CC con tenaza:  - (Precisi\u00f3n b\u00e1sica \u00b12,0 %).   Diodo:  2,0 V (Precisi\u00f3n b\u00e1sica \u00b11,5 %).   Frecuencia:  50 - 400 Hz (Precisi\u00f3n b\u00e1sica \u00b11,0 %).   Grabaci\u00f3n:  M\u00edn.\/m\u00e1x.\/media.   MicroA CC:  2000 \u00b5A (Precisi\u00f3n b\u00e1sica \u00b11,0 %).   NCV:  S\u00ed.   Resistencia:  60 k\u03a9 (Precisi\u00f3n b\u00e1sica \u00b11,0 %).   Temperatura:  De -40 a 400 \u00b0C (de -40 a 752 \u00b0F) (Precisi\u00f3n b\u00e1sica \u00b11,0 %).   Voltaje CA (filtro digital de paso bajo-VFD):  600 V (Basic Accuracy \u00b11.0%).   Voltaje CA\/CC (filtro digital de paso bajo - VFD):  \u2014 (Basic Accuracy \u00b11.2%).   Voltaje CC:  600 V (Precisi\u00f3n b\u00e1sica \u00b11,0 %).  Especificaciones:  La familia de medidores de tenaza FLIR CM4X incluye tres medidores profesionales y asequibles con RMS real dise\u00f1ados para electricistas comerciales y dom\u00e9sticos. El CM42 y el CM44 incluyen medici\u00f3n de CA con tenaza y el CM46 ofrece medici\u00f3n de CA y CC, para satisfacer las necesidades \u00fanicas que pueda tener. Cada medidor est\u00e1 equipado con una brillante pantalla retroiluminada para facilitar el uso dentro de los paneles el\u00e9ctricos. La tecnolog\u00eda Accu-Tip\u2122 proporciona mediciones de intensidad m\u00e1s precisas en cables de menor calibre: hasta d\u00e9cimas. Todos los modelos ofrecen grabaci\u00f3n de M\u00c1X.\/M\u00cdN.\/PROMEDIO, medici\u00f3n de frecuencia y detecci\u00f3n de campos magn\u00e9ticos para que pueda determinar mejor la presencia de voltaje y la fuerza relativa del campo. La familia de medidores de tenaza CM4X, elaborada con un dise\u00f1o de doble molde f\u00e1cil de sujetar, es lo suficientemente duradera para soportar una ca\u00edda de 2 metros y su formato delgado lo hace c\u00f3modo de transportar en la bolsa de herramientas all\u00e1 donde vaya.  &nbsp;","og_url":"https:\/\/abaa.mx\/tienda\/cm44-multiamperimetro-de-gancho\/","og_site_name":"Abaa tienda online","article_modified_time":"2024-01-08T17:32:22+00:00","og_image":[{"width":302,"height":484,"url":"https:\/\/abaa.mx\/tienda\/wp-content\/uploads\/2024\/01\/FLIR-CM44.jpg","type":"image\/jpeg"}],"twitter_card":"summary_large_image","twitter_misc":{"Tiempo de lectura":"1 minuto"},"schema":{"@context":"https:\/\/schema.org","@graph":[{"@type":"WebPage","@id":"https:\/\/abaa.mx\/tienda\/cm44-multiamperimetro-de-gancho\/","url":"https:\/\/abaa.mx\/tienda\/cm44-multiamperimetro-de-gancho\/","name":"Cm44 - multiamperimetro de gancho - Abaa tienda online","isPartOf":{"@id":"https:\/\/abaa.mx\/tienda\/#website"},"primaryImageOfPage":{"@id":"https:\/\/abaa.mx\/tienda\/cm44-multiamperimetro-de-gancho\/#primaryimage"},"image":{"@id":"https:\/\/abaa.mx\/tienda\/cm44-multiamperimetro-de-gancho\/#primaryimage"},"thumbnailUrl":"https:\/\/abaa.mx\/tienda\/wp-content\/uploads\/2024\/01\/FLIR-CM44.jpg","datePublished":"2024-01-08T17:32:21+00:00","dateModified":"2024-01-08T17:32:22+00:00","breadcrumb":{"@id":"https:\/\/abaa.mx\/tienda\/cm44-multiamperimetro-de-gancho\/#breadcrumb"},"inLanguage":"es","potentialAction":[{"@type":"ReadAction","target":["https:\/\/abaa.mx\/tienda\/cm44-multiamperimetro-de-gancho\/"]}]},{"@type":"ImageObject","inLanguage":"es","@id":"https:\/\/abaa.mx\/tienda\/cm44-multiamperimetro-de-gancho\/#primaryimage","url":"https:\/\/abaa.mx\/tienda\/wp-content\/uploads\/2024\/01\/FLIR-CM44.jpg","contentUrl":"https:\/\/abaa.mx\/tienda\/wp-content\/uploads\/2024\/01\/FLIR-CM44.jpg","width":302,"height":484,"caption":"FLIR-CM44"},{"@type":"BreadcrumbList","@id":"https:\/\/abaa.mx\/tienda\/cm44-multiamperimetro-de-gancho\/#breadcrumb","itemListElement":[{"@type":"ListItem","position":1,"name":"Inicio","item":"https:\/\/abaa.mx\/tienda\/"},{"@type":"ListItem","position":2,"name":"Tienda","item":"https:\/\/abaa.mx\/tienda\/"},{"@type":"ListItem","position":3,"name":"Cm44 &#8211; multiamperimetro de gancho"}]},{"@type":"WebSite","@id":"https:\/\/abaa.mx\/tienda\/#website","url":"https:\/\/abaa.mx\/tienda\/","name":"Abaa tienda online","description":"Instrumentos de medici\u00f3n","publisher":{"@id":"https:\/\/abaa.mx\/tienda\/#organization"},"potentialAction":[{"@type":"SearchAction","target":{"@type":"EntryPoint","urlTemplate":"https:\/\/abaa.mx\/tienda\/?s={search_term_string}"},"query-input":{"@type":"PropertyValueSpecification","valueRequired":true,"valueName":"search_term_string"}}],"inLanguage":"es"},{"@type":"Organization","@id":"https:\/\/abaa.mx\/tienda\/#organization","name":"Abaa tienda online","url":"https:\/\/abaa.mx\/tienda\/","logo":{"@type":"ImageObject","inLanguage":"es","@id":"https:\/\/abaa.mx\/tienda\/#\/schema\/logo\/image\/","url":"https:\/\/abaa.mx\/tienda\/wp-content\/uploads\/2024\/01\/abaa-metrologia-tienda.png","contentUrl":"https:\/\/abaa.mx\/tienda\/wp-content\/uploads\/2024\/01\/abaa-metrologia-tienda.png","width":300,"height":141,"caption":"Abaa tienda online"},"image":{"@id":"https:\/\/abaa.mx\/tienda\/#\/schema\/logo\/image\/"}}]}},"_links":{"self":[{"href":"https:\/\/abaa.mx\/tienda\/wp-json\/wp\/v2\/product\/10097","targetHints":{"allow":["GET"]}}],"collection":[{"href":"https:\/\/abaa.mx\/tienda\/wp-json\/wp\/v2\/product"}],"about":[{"href":"https:\/\/abaa.mx\/tienda\/wp-json\/wp\/v2\/types\/product"}],"replies":[{"embeddable":true,"href":"https:\/\/abaa.mx\/tienda\/wp-json\/wp\/v2\/comments?post=10097"}],"wp:featuredmedia":[{"embeddable":true,"href":"https:\/\/abaa.mx\/tienda\/wp-json\/wp\/v2\/media\/10105"}],"wp:attachment":[{"href":"https:\/\/abaa.mx\/tienda\/wp-json\/wp\/v2\/media?parent=10097"}],"wp:term":[{"taxonomy":"product_brand","embeddable":true,"href":"https:\/\/abaa.mx\/tienda\/wp-json\/wp\/v2\/product_brand?post=10097"},{"taxonomy":"product_cat","embeddable":true,"href":"https:\/\/abaa.mx\/tienda\/wp-json\/wp\/v2\/product_cat?post=10097"},{"taxonomy":"product_tag","embeddable":true,"href":"https:\/\/abaa.mx\/tienda\/wp-json\/wp\/v2\/product_tag?post=10097"}],"curies":[{"name":"wp","href":"https:\/\/api.w.org\/{rel}","templated":true}]}}