{"id":10096,"date":"2024-01-08T17:05:31","date_gmt":"2024-01-08T17:05:31","guid":{"rendered":"https:\/\/abaa.mx\/tienda\/?post_type=product&#038;p=10096"},"modified":"2024-01-08T17:05:31","modified_gmt":"2024-01-08T17:05:31","slug":"ex820-multiamperimetro-de-gancho-1000a-con-termometro-ir","status":"publish","type":"product","link":"https:\/\/abaa.mx\/tienda\/ex820-multiamperimetro-de-gancho-1000a-con-termometro-ir\/","title":{"rendered":"Ex820 \u2014 multiamperimetro de gancho 1000a con termometro ir"},"content":{"rendered":"<p>Ex820 \u2014 multiamperimetro de gancho 1000a con termometro ir.<\/p>\n","protected":false},"excerpt":{"rendered":"<p><strong>Caracter\u00edsticas:<\/strong><\/p>\n<ul>\n<li><span>Mediciones de temperatura de infrarrojos sin contacto con puntero l\u00e1ser.<\/span><\/li>\n<li><span>Mediciones de corriente y voltaje de RMS (media cuadr\u00e1tica) verdadera.<\/span><\/li>\n<li><span>La retenci\u00f3n de picos captura las corrientes y los transitorios de entrada.<\/span><\/li>\n<li><span>Las funciones del mult\u00edmetro incluyen: voltaje de CA\/CC, corriente de CA, resistencia, capacitancia, frecuencia, diodo, continuidad y term\u00f3metro tipo K.<\/span><\/li>\n<li><span>Abertura de la mordaza de 1,7 in (43 mm) para conductores de hasta 750 MCM o dos de 500 MCM.<\/span><\/li>\n<li><span>Pantalla retroiluminada de 4000 conteos.<\/span><\/li>\n<li><span>Determinaci\u00f3n autom\u00e1tica del intervalo con bot\u00f3n de escala manual.<\/span><\/li>\n<li><span>Las caracter\u00edsticas incluyen: retenci\u00f3n de datos y m\u00edn.\/m\u00e1x., apagado autom\u00e1tico.<\/span><\/li>\n<li><span>Completo con cables de prueba, bater\u00eda de 9V, sonda tipo K multiprop\u00f3sito y funda.<\/span><\/li>\n<\/ul>\n","protected":false},"featured_media":10100,"comment_status":"open","ping_status":"closed","template":"","meta":{"_joinchat":[]},"product_brand":[],"product_cat":[15],"product_tag":[],"class_list":{"0":"post-10096","1":"product","2":"type-product","3":"status-publish","4":"has-post-thumbnail","6":"product_cat-sin-categorizar","8":"first","9":"instock","10":"shipping-taxable","11":"product-type-simple"},"yoast_head":"<!-- This site is optimized with the Yoast SEO plugin v26.4 - https:\/\/yoast.com\/wordpress\/plugins\/seo\/ -->\n<title>Ex820 \u2014 multiamperimetro de gancho 1000a con termometro ir - Abaa tienda online<\/title>\n<meta name=\"robots\" content=\"index, follow, max-snippet:-1, max-image-preview:large, max-video-preview:-1\" \/>\n<link rel=\"canonical\" href=\"https:\/\/abaa.mx\/tienda\/ex820-multiamperimetro-de-gancho-1000a-con-termometro-ir\/\" \/>\n<meta property=\"og:locale\" content=\"es_MX\" \/>\n<meta property=\"og:type\" content=\"article\" \/>\n<meta property=\"og:title\" content=\"Ex820 \u2014 multiamperimetro de gancho 1000a con termometro ir - Abaa tienda online\" \/>\n<meta property=\"og:description\" content=\"Caracter\u00edsticas:   Mediciones de temperatura de infrarrojos sin contacto con puntero l\u00e1ser.  Mediciones de corriente y voltaje de RMS (media cuadr\u00e1tica) verdadera.  La retenci\u00f3n de picos captura las corrientes y los transitorios de entrada.  Las funciones del mult\u00edmetro incluyen: voltaje de CA\/CC, corriente de CA, resistencia, capacitancia, frecuencia, diodo, continuidad y term\u00f3metro tipo K.  Abertura de la mordaza de 1,7 in (43 mm) para conductores de hasta 750 MCM o dos de 500 MCM.  Pantalla retroiluminada de 4000 conteos.  Determinaci\u00f3n autom\u00e1tica del intervalo con bot\u00f3n de escala manual.  Las caracter\u00edsticas incluyen: retenci\u00f3n de datos y m\u00edn.\/m\u00e1x., apagado autom\u00e1tico.  Completo con cables de prueba, bater\u00eda de 9V, sonda tipo K multiprop\u00f3sito y funda.\" \/>\n<meta property=\"og:url\" content=\"https:\/\/abaa.mx\/tienda\/ex820-multiamperimetro-de-gancho-1000a-con-termometro-ir\/\" \/>\n<meta property=\"og:site_name\" content=\"Abaa tienda online\" \/>\n<meta property=\"og:image\" content=\"https:\/\/abaa.mx\/tienda\/wp-content\/uploads\/2024\/01\/EXTECH-EX820.jpg\" \/>\n\t<meta property=\"og:image:width\" content=\"351\" \/>\n\t<meta property=\"og:image:height\" content=\"508\" \/>\n\t<meta property=\"og:image:type\" content=\"image\/jpeg\" \/>\n<meta name=\"twitter:card\" content=\"summary_large_image\" \/>\n<meta name=\"twitter:label1\" content=\"Tiempo de lectura\" \/>\n\t<meta name=\"twitter:data1\" content=\"1 minuto\" \/>\n<script type=\"application\/ld+json\" class=\"yoast-schema-graph\">{\"@context\":\"https:\/\/schema.org\",\"@graph\":[{\"@type\":\"WebPage\",\"@id\":\"https:\/\/abaa.mx\/tienda\/ex820-multiamperimetro-de-gancho-1000a-con-termometro-ir\/\",\"url\":\"https:\/\/abaa.mx\/tienda\/ex820-multiamperimetro-de-gancho-1000a-con-termometro-ir\/\",\"name\":\"Ex820 \u2014 multiamperimetro de gancho 1000a con termometro ir - Abaa tienda online\",\"isPartOf\":{\"@id\":\"https:\/\/abaa.mx\/tienda\/#website\"},\"primaryImageOfPage\":{\"@id\":\"https:\/\/abaa.mx\/tienda\/ex820-multiamperimetro-de-gancho-1000a-con-termometro-ir\/#primaryimage\"},\"image\":{\"@id\":\"https:\/\/abaa.mx\/tienda\/ex820-multiamperimetro-de-gancho-1000a-con-termometro-ir\/#primaryimage\"},\"thumbnailUrl\":\"https:\/\/abaa.mx\/tienda\/wp-content\/uploads\/2024\/01\/EXTECH-EX820.jpg\",\"datePublished\":\"2024-01-08T17:05:31+00:00\",\"breadcrumb\":{\"@id\":\"https:\/\/abaa.mx\/tienda\/ex820-multiamperimetro-de-gancho-1000a-con-termometro-ir\/#breadcrumb\"},\"inLanguage\":\"es\",\"potentialAction\":[{\"@type\":\"ReadAction\",\"target\":[\"https:\/\/abaa.mx\/tienda\/ex820-multiamperimetro-de-gancho-1000a-con-termometro-ir\/\"]}]},{\"@type\":\"ImageObject\",\"inLanguage\":\"es\",\"@id\":\"https:\/\/abaa.mx\/tienda\/ex820-multiamperimetro-de-gancho-1000a-con-termometro-ir\/#primaryimage\",\"url\":\"https:\/\/abaa.mx\/tienda\/wp-content\/uploads\/2024\/01\/EXTECH-EX820.jpg\",\"contentUrl\":\"https:\/\/abaa.mx\/tienda\/wp-content\/uploads\/2024\/01\/EXTECH-EX820.jpg\",\"width\":351,\"height\":508,\"caption\":\"EXTECH-EX820\"},{\"@type\":\"BreadcrumbList\",\"@id\":\"https:\/\/abaa.mx\/tienda\/ex820-multiamperimetro-de-gancho-1000a-con-termometro-ir\/#breadcrumb\",\"itemListElement\":[{\"@type\":\"ListItem\",\"position\":1,\"name\":\"Inicio\",\"item\":\"https:\/\/abaa.mx\/tienda\/\"},{\"@type\":\"ListItem\",\"position\":2,\"name\":\"Tienda\",\"item\":\"https:\/\/abaa.mx\/tienda\/\"},{\"@type\":\"ListItem\",\"position\":3,\"name\":\"Ex820 \u2014 multiamperimetro de gancho 1000a con termometro ir\"}]},{\"@type\":\"WebSite\",\"@id\":\"https:\/\/abaa.mx\/tienda\/#website\",\"url\":\"https:\/\/abaa.mx\/tienda\/\",\"name\":\"Abaa tienda online\",\"description\":\"Instrumentos de medici\u00f3n\",\"publisher\":{\"@id\":\"https:\/\/abaa.mx\/tienda\/#organization\"},\"potentialAction\":[{\"@type\":\"SearchAction\",\"target\":{\"@type\":\"EntryPoint\",\"urlTemplate\":\"https:\/\/abaa.mx\/tienda\/?s={search_term_string}\"},\"query-input\":{\"@type\":\"PropertyValueSpecification\",\"valueRequired\":true,\"valueName\":\"search_term_string\"}}],\"inLanguage\":\"es\"},{\"@type\":\"Organization\",\"@id\":\"https:\/\/abaa.mx\/tienda\/#organization\",\"name\":\"Abaa tienda online\",\"url\":\"https:\/\/abaa.mx\/tienda\/\",\"logo\":{\"@type\":\"ImageObject\",\"inLanguage\":\"es\",\"@id\":\"https:\/\/abaa.mx\/tienda\/#\/schema\/logo\/image\/\",\"url\":\"https:\/\/abaa.mx\/tienda\/wp-content\/uploads\/2024\/01\/abaa-metrologia-tienda.png\",\"contentUrl\":\"https:\/\/abaa.mx\/tienda\/wp-content\/uploads\/2024\/01\/abaa-metrologia-tienda.png\",\"width\":300,\"height\":141,\"caption\":\"Abaa tienda online\"},\"image\":{\"@id\":\"https:\/\/abaa.mx\/tienda\/#\/schema\/logo\/image\/\"}}]}<\/script>\n<!-- \/ Yoast SEO plugin. -->","yoast_head_json":{"title":"Ex820 \u2014 multiamperimetro de gancho 1000a con termometro ir - Abaa tienda online","robots":{"index":"index","follow":"follow","max-snippet":"max-snippet:-1","max-image-preview":"max-image-preview:large","max-video-preview":"max-video-preview:-1"},"canonical":"https:\/\/abaa.mx\/tienda\/ex820-multiamperimetro-de-gancho-1000a-con-termometro-ir\/","og_locale":"es_MX","og_type":"article","og_title":"Ex820 \u2014 multiamperimetro de gancho 1000a con termometro ir - Abaa tienda online","og_description":"Caracter\u00edsticas:   Mediciones de temperatura de infrarrojos sin contacto con puntero l\u00e1ser.  Mediciones de corriente y voltaje de RMS (media cuadr\u00e1tica) verdadera.  La retenci\u00f3n de picos captura las corrientes y los transitorios de entrada.  Las funciones del mult\u00edmetro incluyen: voltaje de CA\/CC, corriente de CA, resistencia, capacitancia, frecuencia, diodo, continuidad y term\u00f3metro tipo K.  Abertura de la mordaza de 1,7 in (43 mm) para conductores de hasta 750 MCM o dos de 500 MCM.  Pantalla retroiluminada de 4000 conteos.  Determinaci\u00f3n autom\u00e1tica del intervalo con bot\u00f3n de escala manual.  Las caracter\u00edsticas incluyen: retenci\u00f3n de datos y m\u00edn.\/m\u00e1x., apagado autom\u00e1tico.  Completo con cables de prueba, bater\u00eda de 9V, sonda tipo K multiprop\u00f3sito y funda.","og_url":"https:\/\/abaa.mx\/tienda\/ex820-multiamperimetro-de-gancho-1000a-con-termometro-ir\/","og_site_name":"Abaa tienda online","og_image":[{"width":351,"height":508,"url":"https:\/\/abaa.mx\/tienda\/wp-content\/uploads\/2024\/01\/EXTECH-EX820.jpg","type":"image\/jpeg"}],"twitter_card":"summary_large_image","twitter_misc":{"Tiempo de lectura":"1 minuto"},"schema":{"@context":"https:\/\/schema.org","@graph":[{"@type":"WebPage","@id":"https:\/\/abaa.mx\/tienda\/ex820-multiamperimetro-de-gancho-1000a-con-termometro-ir\/","url":"https:\/\/abaa.mx\/tienda\/ex820-multiamperimetro-de-gancho-1000a-con-termometro-ir\/","name":"Ex820 \u2014 multiamperimetro de gancho 1000a con termometro ir - Abaa tienda online","isPartOf":{"@id":"https:\/\/abaa.mx\/tienda\/#website"},"primaryImageOfPage":{"@id":"https:\/\/abaa.mx\/tienda\/ex820-multiamperimetro-de-gancho-1000a-con-termometro-ir\/#primaryimage"},"image":{"@id":"https:\/\/abaa.mx\/tienda\/ex820-multiamperimetro-de-gancho-1000a-con-termometro-ir\/#primaryimage"},"thumbnailUrl":"https:\/\/abaa.mx\/tienda\/wp-content\/uploads\/2024\/01\/EXTECH-EX820.jpg","datePublished":"2024-01-08T17:05:31+00:00","breadcrumb":{"@id":"https:\/\/abaa.mx\/tienda\/ex820-multiamperimetro-de-gancho-1000a-con-termometro-ir\/#breadcrumb"},"inLanguage":"es","potentialAction":[{"@type":"ReadAction","target":["https:\/\/abaa.mx\/tienda\/ex820-multiamperimetro-de-gancho-1000a-con-termometro-ir\/"]}]},{"@type":"ImageObject","inLanguage":"es","@id":"https:\/\/abaa.mx\/tienda\/ex820-multiamperimetro-de-gancho-1000a-con-termometro-ir\/#primaryimage","url":"https:\/\/abaa.mx\/tienda\/wp-content\/uploads\/2024\/01\/EXTECH-EX820.jpg","contentUrl":"https:\/\/abaa.mx\/tienda\/wp-content\/uploads\/2024\/01\/EXTECH-EX820.jpg","width":351,"height":508,"caption":"EXTECH-EX820"},{"@type":"BreadcrumbList","@id":"https:\/\/abaa.mx\/tienda\/ex820-multiamperimetro-de-gancho-1000a-con-termometro-ir\/#breadcrumb","itemListElement":[{"@type":"ListItem","position":1,"name":"Inicio","item":"https:\/\/abaa.mx\/tienda\/"},{"@type":"ListItem","position":2,"name":"Tienda","item":"https:\/\/abaa.mx\/tienda\/"},{"@type":"ListItem","position":3,"name":"Ex820 \u2014 multiamperimetro de gancho 1000a con termometro ir"}]},{"@type":"WebSite","@id":"https:\/\/abaa.mx\/tienda\/#website","url":"https:\/\/abaa.mx\/tienda\/","name":"Abaa tienda online","description":"Instrumentos de medici\u00f3n","publisher":{"@id":"https:\/\/abaa.mx\/tienda\/#organization"},"potentialAction":[{"@type":"SearchAction","target":{"@type":"EntryPoint","urlTemplate":"https:\/\/abaa.mx\/tienda\/?s={search_term_string}"},"query-input":{"@type":"PropertyValueSpecification","valueRequired":true,"valueName":"search_term_string"}}],"inLanguage":"es"},{"@type":"Organization","@id":"https:\/\/abaa.mx\/tienda\/#organization","name":"Abaa tienda online","url":"https:\/\/abaa.mx\/tienda\/","logo":{"@type":"ImageObject","inLanguage":"es","@id":"https:\/\/abaa.mx\/tienda\/#\/schema\/logo\/image\/","url":"https:\/\/abaa.mx\/tienda\/wp-content\/uploads\/2024\/01\/abaa-metrologia-tienda.png","contentUrl":"https:\/\/abaa.mx\/tienda\/wp-content\/uploads\/2024\/01\/abaa-metrologia-tienda.png","width":300,"height":141,"caption":"Abaa tienda online"},"image":{"@id":"https:\/\/abaa.mx\/tienda\/#\/schema\/logo\/image\/"}}]}},"_links":{"self":[{"href":"https:\/\/abaa.mx\/tienda\/wp-json\/wp\/v2\/product\/10096","targetHints":{"allow":["GET"]}}],"collection":[{"href":"https:\/\/abaa.mx\/tienda\/wp-json\/wp\/v2\/product"}],"about":[{"href":"https:\/\/abaa.mx\/tienda\/wp-json\/wp\/v2\/types\/product"}],"replies":[{"embeddable":true,"href":"https:\/\/abaa.mx\/tienda\/wp-json\/wp\/v2\/comments?post=10096"}],"wp:featuredmedia":[{"embeddable":true,"href":"https:\/\/abaa.mx\/tienda\/wp-json\/wp\/v2\/media\/10100"}],"wp:attachment":[{"href":"https:\/\/abaa.mx\/tienda\/wp-json\/wp\/v2\/media?parent=10096"}],"wp:term":[{"taxonomy":"product_brand","embeddable":true,"href":"https:\/\/abaa.mx\/tienda\/wp-json\/wp\/v2\/product_brand?post=10096"},{"taxonomy":"product_cat","embeddable":true,"href":"https:\/\/abaa.mx\/tienda\/wp-json\/wp\/v2\/product_cat?post=10096"},{"taxonomy":"product_tag","embeddable":true,"href":"https:\/\/abaa.mx\/tienda\/wp-json\/wp\/v2\/product_tag?post=10096"}],"curies":[{"name":"wp","href":"https:\/\/api.w.org\/{rel}","templated":true}]}}